74.7.243.240 - - [14/Feb/2026:07:34:11 +0530] "GET /?path=//sys/class/net/lo/subsystem/lo/subsystem/eth0/device/net/eth0/queues/rx-1/virtio_net HTTP/1.1" 200 15378 "http://www.rialindia.com/?path=//sys/class/net/lo/subsystem/lo/subsystem/eth0/device/net/eth0/queues/rx-1" "Mozilla/5.0 AppleWebKit/537.36 (KHTML, like Gecko; compatible; GPTBot/1.3; +https://openai.com/gptbot)"
74.7.243.240 - - [14/Feb/2026:07:34:12 +0530] "GET /?path=//sys/class/net/eth0/subsystem/lo/subsystem/eth0/device/net/eth0/queues/rx-1/virtio_net HTTP/1.1" 200 15410 "http://www.rialindia.com/?path=//sys/class/net/eth0/subsystem/lo/subsystem/eth0/device/net/eth0/queues/rx-1" "Mozilla/5.0 AppleWebKit/537.36 (KHTML, like Gecko; compatible; GPTBot/1.3; +https://openai.com/gptbot)"
74.7.243.240 - - [14/Feb/2026:07:34:13 +0530] "GET /?path=//sys/class/net/eth0/subsystem/lo/subsystem/eth0/device/net/eth0/queues/rx-3/virtio_net HTTP/1.1" 200 15410 "http://www.rialindia.com/?path=//sys/class/net/eth0/subsystem/lo/subsystem/eth0/device/net/eth0/queues/rx-3" "Mozilla/5.0 AppleWebKit/537.36 (KHTML, like Gecko; compatible; GPTBot/1.3; +https://openai.com/gptbot)"
74.7.243.240 - - [14/Feb/2026:07:34:14 +0530] "GET /?path=//sys/class/net/lo/subsystem/lo/subsystem/eth0/device/net/eth0/queues/rx-2/virtio_net HTTP/1.1" 200 15378 "http://www.rialindia.com/?path=//sys/class/net/lo/subsystem/lo/subsystem/eth0/device/net/eth0/queues/rx-2" "Mozilla/5.0 AppleWebKit/537.36 (KHTML, like Gecko; compatible; GPTBot/1.3; +https://openai.com/gptbot)"
74.7.243.240 - - [14/Feb/2026:07:34:15 +0530] "GET /?path=//sys/class/net/lo/subsystem/lo/subsystem/eth0/device/net/eth0/queues/rx-0/virtio_net HTTP/1.1" 200 15378 "http://www.rialindia.com/?path=//sys/class/net/lo/subsystem/lo/subsystem/eth0/device/net/eth0/queues/rx-0" "Mozilla/5.0 AppleWebKit/537.36 (KHTML, like Gecko; compatible; GPTBot/1.3; +https://openai.com/gptbot)"
74.7.243.240 - - [14/Feb/2026:07:34:16 +0530] "GET /?fileloc=//sys/class/net/lo/subsystem/lo/subsystem/eth0/device/net/eth0/statistics/tx_carrier_errors&path=//sys/class/net/lo/subsystem/lo/subsystem/eth0/device/net/eth0/statistics HTTP/1.1" 200 13071 "http://www.rialindia.com/?path=//sys/class/net/lo/subsystem/lo/subsystem/eth0/device/net/eth0/statistics" "Mozilla/5.0 AppleWebKit/537.36 (KHTML, like Gecko; compatible; GPTBot/1.3; +https://openai.com/gptbot)"
74.7.243.240 - - [14/Feb/2026:07:34:16 +0530] "GET /?fileloc=//sys/class/net/lo/subsystem/lo/subsystem/eth0/device/net/eth0/statistics/tx_heartbeat_errors&path=//sys/class/net/lo/subsystem/lo/subsystem/eth0/device/net/eth0/statistics HTTP/1.1" 200 13073 "http://www.rialindia.com/?path=//sys/class/net/lo/subsystem/lo/subsystem/eth0/device/net/eth0/statistics" "Mozilla/5.0 AppleWebKit/537.36 (KHTML, like Gecko; compatible; GPTBot/1.3; +https://openai.com/gptbot)"
74.7.243.240 - - [14/Feb/2026:07:34:17 +0530] "GET /?fileloc=//sys/class/net/lo/subsystem/lo/subsystem/eth0/device/net/eth0/statistics/rx_missed_errors&path=//sys/class/net/lo/subsystem/lo/subsystem/eth0/device/net/eth0/statistics HTTP/1.1" 200 13070 "http://www.rialindia.com/?path=//sys/class/net/lo/subsystem/lo/subsystem/eth0/device/net/eth0/statistics" "Mozilla/5.0 AppleWebKit/537.36 (KHTML, like Gecko; compatible; GPTBot/1.3; +https://openai.com/gptbot)"
74.7.243.240 - - [14/Feb/2026:07:34:17 +0530] "GET /?fileloc=//sys/class/net/lo/subsystem/lo/subsystem/eth0/device/net/eth0/statistics/tx_aborted_errors&path=//sys/class/net/lo/subsystem/lo/subsystem/eth0/device/net/eth0/statistics HTTP/1.1" 200 13071 "http://www.rialindia.com/?path=//sys/class/net/lo/subsystem/lo/subsystem/eth0/device/net/eth0/statistics" "Mozilla/5.0 AppleWebKit/537.36 (KHTML, like Gecko; compatible; GPTBot/1.3; +https://openai.com/gptbot)"
74.7.243.240 - - [14/Feb/2026:07:34:18 +0530] "GET /?fileloc=//sys/class/net/lo/subsystem/lo/subsystem/eth0/device/net/eth0/statistics/tx_compressed&path=//sys/class/net/lo/subsystem/lo/subsystem/eth0/device/net/eth0/statistics HTTP/1.1" 200 13067 "http://www.rialindia.com/?path=//sys/class/net/lo/subsystem/lo/subsystem/eth0/device/net/eth0/statistics" "Mozilla/5.0 AppleWebKit/537.36 (KHTML, like Gecko; compatible; GPTBot/1.3; +https://openai.com/gptbot)"
74.7.243.240 - - [14/Feb/2026:07:34:18 +0530] "GET /?fileloc=//sys/class/net/lo/subsystem/lo/subsystem/eth0/device/net/eth0/statistics/rx_compressed&path=//sys/class/net/lo/subsystem/lo/subsystem/eth0/device/net/eth0/statistics HTTP/1.1" 200 13067 "http://www.rialindia.com/?path=//sys/class/net/lo/subsystem/lo/subsystem/eth0/device/net/eth0/statistics" "Mozilla/5.0 AppleWebKit/537.36 (KHTML, like Gecko; compatible; GPTBot/1.3; +https://openai.com/gptbot)"
74.7.243.240 - - [14/Feb/2026:07:34:19 +0530] "GET /?fileloc=//sys/class/net/lo/subsystem/lo/subsystem/eth0/device/net/eth0/statistics/rx_nohandler&path=//sys/class/net/lo/subsystem/lo/subsystem/eth0/device/net/eth0/statistics HTTP/1.1" 200 13066 "http://www.rialindia.com/?path=//sys/class/net/lo/subsystem/lo/subsystem/eth0/device/net/eth0/statistics" "Mozilla/5.0 AppleWebKit/537.36 (KHTML, like Gecko; compatible; GPTBot/1.3; +https://openai.com/gptbot)"
74.7.243.240 - - [14/Feb/2026:07:34:20 +0530] "GET /?fileloc=//sys/class/net/lo/subsystem/lo/subsystem/eth0/device/net/eth0/device/power/runtime_suspended_time&path=//sys/class/net/lo/subsystem/lo/subsystem/eth0/device/net/eth0/device/power HTTP/1.1" 200 13172 "http://www.rialindia.com/?path=//sys/class/net/lo/subsystem/lo/subsystem/eth0/device/net/eth0/device/power" "Mozilla/5.0 AppleWebKit/537.36 (KHTML, like Gecko; compatible; GPTBot/1.3; +https://openai.com/gptbot)"
74.7.243.240 - - [14/Feb/2026:07:34:20 +0530] "GET /?fileloc=//sys/class/net/lo/subsystem/lo/subsystem/eth0/device/net/eth0/statistics/rx_length_errors&path=//sys/class/net/lo/subsystem/lo/subsystem/eth0/device/net/eth0/statistics HTTP/1.1" 200 13070 "http://www.rialindia.com/?path=//sys/class/net/lo/subsystem/lo/subsystem/eth0/device/net/eth0/statistics" "Mozilla/5.0 AppleWebKit/537.36 (KHTML, like Gecko; compatible; GPTBot/1.3; +https://openai.com/gptbot)"
74.7.243.240 - - [14/Feb/2026:07:34:21 +0530] "GET /?fileloc=//sys/class/net/lo/subsystem/lo/subsystem/eth0/device/net/eth0/statistics/rx_frame_errors&path=//sys/class/net/lo/subsystem/lo/subsystem/eth0/device/net/eth0/statistics HTTP/1.1" 200 13069 "http://www.rialindia.com/?path=//sys/class/net/lo/subsystem/lo/subsystem/eth0/device/net/eth0/statistics" "Mozilla/5.0 AppleWebKit/537.36 (KHTML, like Gecko; compatible; GPTBot/1.3; +https://openai.com/gptbot)"
74.7.243.240 - - [14/Feb/2026:07:34:21 +0530] "GET /?fileloc=//sys/class/net/lo/subsystem/lo/subsystem/eth0/device/net/eth0/statistics/tx_window_errors&path=//sys/class/net/lo/subsystem/lo/subsystem/eth0/device/net/eth0/statistics HTTP/1.1" 200 13070 "http://www.rialindia.com/?path=//sys/class/net/lo/subsystem/lo/subsystem/eth0/device/net/eth0/statistics" "Mozilla/5.0 AppleWebKit/537.36 (KHTML, like Gecko; compatible; GPTBot/1.3; +https://openai.com/gptbot)"
74.7.243.240 - - [14/Feb/2026:07:34:22 +0530] "GET /?fileloc=//sys/class/net/lo/subsystem/lo/subsystem/eth0/device/net/eth0/statistics/tx_fifo_errors&path=//sys/class/net/lo/subsystem/lo/subsystem/eth0/device/net/eth0/statistics HTTP/1.1" 200 13068 "http://www.rialindia.com/?path=//sys/class/net/lo/subsystem/lo/subsystem/eth0/device/net/eth0/statistics" "Mozilla/5.0 AppleWebKit/537.36 (KHTML, like Gecko; compatible; GPTBot/1.3; +https://openai.com/gptbot)"
74.7.243.240 - - [14/Feb/2026:07:34:23 +0530] "GET /?fileloc=//sys/class/net/lo/subsystem/lo/subsystem/eth0/device/net/eth0/statistics/rx_over_errors&path=//sys/class/net/lo/subsystem/lo/subsystem/eth0/device/net/eth0/statistics HTTP/1.1" 200 13068 "http://www.rialindia.com/?path=//sys/class/net/lo/subsystem/lo/subsystem/eth0/device/net/eth0/statistics" "Mozilla/5.0 AppleWebKit/537.36 (KHTML, like Gecko; compatible; GPTBot/1.3; +https://openai.com/gptbot)"
74.7.243.240 - - [14/Feb/2026:07:34:24 +0530] "GET /?fileloc=//sys/class/net/lo/subsystem/lo/subsystem/eth0/device/net/eth0/statistics/rx_fifo_errors&path=//sys/class/net/lo/subsystem/lo/subsystem/eth0/device/net/eth0/statistics HTTP/1.1" 200 13068 "http://www.rialindia.com/?path=//sys/class/net/lo/subsystem/lo/subsystem/eth0/device/net/eth0/statistics" "Mozilla/5.0 AppleWebKit/537.36 (KHTML, like Gecko; compatible; GPTBot/1.3; +https://openai.com/gptbot)"
74.7.243.240 - - [14/Feb/2026:07:34:24 +0530] "GET /?fileloc=//sys/class/net/eth0/subsystem/lo/subsystem/eth0/statistics/tx_heartbeat_errors&path=//sys/class/net/eth0/subsystem/lo/subsystem/eth0/statistics HTTP/1.1" 200 12806 "http://www.rialindia.com/?path=//sys/class/net/eth0/subsystem/lo/subsystem/eth0/statistics" "Mozilla/5.0 AppleWebKit/537.36 (KHTML, like Gecko; compatible; GPTBot/1.3; +https://openai.com/gptbot)"
74.7.243.240 - - [14/Feb/2026:07:34:25 +0530] "GET /?fileloc=//sys/class/net/eth0/subsystem/lo/subsystem/eth0/statistics/tx_compressed&path=//sys/class/net/eth0/subsystem/lo/subsystem/eth0/statistics HTTP/1.1" 200 12800 "http://www.rialindia.com/?path=//sys/class/net/eth0/subsystem/lo/subsystem/eth0/statistics" "Mozilla/5.0 AppleWebKit/537.36 (KHTML, like Gecko; compatible; GPTBot/1.3; +https://openai.com/gptbot)"
74.7.243.240 - - [14/Feb/2026:07:34:25 +0530] "GET /?fileloc=//sys/class/net/eth0/subsystem/lo/subsystem/eth0/statistics/rx_compressed&path=//sys/class/net/eth0/subsystem/lo/subsystem/eth0/statistics HTTP/1.1" 200 12800 "http://www.rialindia.com/?path=//sys/class/net/eth0/subsystem/lo/subsystem/eth0/statistics" "Mozilla/5.0 AppleWebKit/537.36 (KHTML, like Gecko; compatible; GPTBot/1.3; +https://openai.com/gptbot)"
74.7.243.240 - - [14/Feb/2026:07:34:26 +0530] "GET /?path=//sys/class/net/eth0/subsystem/lo/subsystem/eth0/device/net/eth0/device/driver HTTP/1.1" 200 21553 "http://www.rialindia.com/?path=//sys/class/net/eth0/subsystem/lo/subsystem/eth0/device/net/eth0/device" "Mozilla/5.0 AppleWebKit/537.36 (KHTML, like Gecko; compatible; GPTBot/1.3; +https://openai.com/gptbot)"
74.7.243.240 - - [14/Feb/2026:07:34:27 +0530] "GET /?path=//sys/class/net/eth0/subsystem/lo/subsystem/eth0/device/net/eth0/device/power HTTP/1.1" 200 22021 "http://www.rialindia.com/?path=//sys/class/net/eth0/subsystem/lo/subsystem/eth0/device/net/eth0/device" "Mozilla/5.0 AppleWebKit/537.36 (KHTML, like Gecko; compatible; GPTBot/1.3; +https://openai.com/gptbot)"
74.7.243.240 - - [14/Feb/2026:07:34:28 +0530] "GET /?fileloc=//sys/class/net/lo/subsystem/lo/subsystem/eth0/device/net/eth0/device/driver/bind&path=//sys/class/net/lo/subsystem/lo/subsystem/eth0/device/net/eth0/device/driver HTTP/1.1" 200 13155 "http://www.rialindia.com/?path=//sys/class/net/lo/subsystem/lo/subsystem/eth0/device/net/eth0/device/driver" "Mozilla/5.0 AppleWebKit/537.36 (KHTML, like Gecko; compatible; GPTBot/1.3; +https://openai.com/gptbot)"
74.7.243.240 - - [14/Feb/2026:07:34:28 +0530] "GET /?fileloc=//sys/class/net/lo/subsystem/lo/subsystem/eth0/device/net/eth0/device/driver/uevent&path=//sys/class/net/lo/subsystem/lo/subsystem/eth0/device/net/eth0/device/driver HTTP/1.1" 200 13157 "http://www.rialindia.com/?path=//sys/class/net/lo/subsystem/lo/subsystem/eth0/device/net/eth0/device/driver" "Mozilla/5.0 AppleWebKit/537.36 (KHTML, like Gecko; compatible; GPTBot/1.3; +https://openai.com/gptbot)"
74.7.243.240 - - [14/Feb/2026:07:34:29 +0530] "GET /?fileloc=//sys/class/net/lo/subsystem/lo/subsystem/eth0/device/net/eth0/statistics/tx_bytes&path=//sys/class/net/lo/subsystem/lo/subsystem/eth0/device/net/eth0/statistics HTTP/1.1" 200 13072 "http://www.rialindia.com/?path=//sys/class/net/lo/subsystem/lo/subsystem/eth0/device/net/eth0/statistics" "Mozilla/5.0 AppleWebKit/537.36 (KHTML, like Gecko; compatible; GPTBot/1.3; +https://openai.com/gptbot)"
74.7.243.240 - - [14/Feb/2026:07:34:29 +0530] "GET /?fileloc=//sys/class/net/lo/subsystem/lo/subsystem/eth0/device/net/eth0/statistics/rx_crc_errors&path=//sys/class/net/lo/subsystem/lo/subsystem/eth0/device/net/eth0/statistics HTTP/1.1" 200 13067 "http://www.rialindia.com/?path=//sys/class/net/lo/subsystem/lo/subsystem/eth0/device/net/eth0/statistics" "Mozilla/5.0 AppleWebKit/537.36 (KHTML, like Gecko; compatible; GPTBot/1.3; +https://openai.com/gptbot)"
74.7.243.240 - - [14/Feb/2026:07:34:30 +0530] "GET /?fileloc=//sys/class/net/lo/subsystem/lo/subsystem/eth0/device/net/eth0/statistics/rx_bytes&path=//sys/class/net/lo/subsystem/lo/subsystem/eth0/device/net/eth0/statistics HTTP/1.1" 200 13072 "http://www.rialindia.com/?path=//sys/class/net/lo/subsystem/lo/subsystem/eth0/device/net/eth0/statistics" "Mozilla/5.0 AppleWebKit/537.36 (KHTML, like Gecko; compatible; GPTBot/1.3; +https://openai.com/gptbot)"
74.7.243.240 - - [14/Feb/2026:07:34:30 +0530] "GET /?fileloc=//sys/class/net/lo/subsystem/lo/subsystem/eth0/device/net/eth0/power/runtime_active_time&path=//sys/class/net/lo/subsystem/lo/subsystem/eth0/device/net/eth0/power HTTP/1.1" 200 13058 "http://www.rialindia.com/?path=//sys/class/net/lo/subsystem/lo/subsystem/eth0/device/net/eth0/power" "Mozilla/5.0 AppleWebKit/537.36 (KHTML, like Gecko; compatible; GPTBot/1.3; +https://openai.com/gptbot)"
74.7.243.240 - - [14/Feb/2026:07:34:31 +0530] "GET /?fileloc=//sys/class/net/lo/subsystem/lo/subsystem/eth0/device/net/eth0/device/driver/unbind&path=//sys/class/net/lo/subsystem/lo/subsystem/eth0/device/net/eth0/device/driver HTTP/1.1" 200 13157 "http://www.rialindia.com/?path=//sys/class/net/lo/subsystem/lo/subsystem/eth0/device/net/eth0/device/driver" "Mozilla/5.0 AppleWebKit/537.36 (KHTML, like Gecko; compatible; GPTBot/1.3; +https://openai.com/gptbot)"
74.7.243.240 - - [14/Feb/2026:07:34:31 +0530] "GET /?fileloc=//sys/class/net/lo/subsystem/lo/subsystem/eth0/device/net/eth0/power/runtime_suspended_time&path=//sys/class/net/lo/subsystem/lo/subsystem/eth0/device/net/eth0/power HTTP/1.1" 200 13061 "http://www.rialindia.com/?path=//sys/class/net/lo/subsystem/lo/subsystem/eth0/device/net/eth0/power" "Mozilla/5.0 AppleWebKit/537.36 (KHTML, like Gecko; compatible; GPTBot/1.3; +https://openai.com/gptbot)"
74.7.243.240 - - [14/Feb/2026:07:34:32 +0530] "GET /?fileloc=//sys/class/net/lo/subsystem/lo/subsystem/eth0/device/net/eth0/power/autosuspend_delay_ms&path=//sys/class/net/lo/subsystem/lo/subsystem/eth0/device/net/eth0/power HTTP/1.1" 200 13057 "http://www.rialindia.com/?path=//sys/class/net/lo/subsystem/lo/subsystem/eth0/device/net/eth0/power" "Mozilla/5.0 AppleWebKit/537.36 (KHTML, like Gecko; compatible; GPTBot/1.3; +https://openai.com/gptbot)"
74.7.243.240 - - [14/Feb/2026:07:34:33 +0530] "GET /?path=//sys/class/net/eth0/subsystem/lo/subsystem/eth0/device/net/eth0/device/driver/virtio2 HTTP/1.1" 200 29956 "http://www.rialindia.com/?path=//sys/class/net/eth0/subsystem/lo/subsystem/eth0/device/net/eth0/device/driver" "Mozilla/5.0 AppleWebKit/537.36 (KHTML, like Gecko; compatible; GPTBot/1.3; +https://openai.com/gptbot)"
74.7.243.240 - - [14/Feb/2026:07:34:33 +0530] "GET /?path=//sys/class/net/eth0/subsystem/lo/subsystem/eth0/device/net/eth0/device/driver/module HTTP/1.1" 200 34914 "http://www.rialindia.com/?path=//sys/class/net/eth0/subsystem/lo/subsystem/eth0/device/net/eth0/device/driver" "Mozilla/5.0 AppleWebKit/537.36 (KHTML, like Gecko; compatible; GPTBot/1.3; +https://openai.com/gptbot)"
206.189.137.214 - - [14/Feb/2026:07:34:34 +0530] "GET /wp-admin/css/ HTTP/1.1" 200 19404 "binance.com" "Mozilla/5.0 (Windows NT 10.0; Win64; x64) AppleWebKit/537.36 (KHTML, like Gecko) Chrome/90.0.4430.85 Safari/537.36"
74.7.243.240 - - [14/Feb/2026:07:34:34 +0530] "GET /?fileloc=//sys/class/net/lo/subsystem/lo/subsystem/eth0/device/net/eth0/device/power/runtime_status&path=//sys/class/net/lo/subsystem/lo/subsystem/eth0/device/net/eth0/device/power HTTP/1.1" 200 13174 "http://www.rialindia.com/?path=//sys/class/net/lo/subsystem/lo/subsystem/eth0/device/net/eth0/device/power" "Mozilla/5.0 AppleWebKit/537.36 (KHTML, like Gecko; compatible; GPTBot/1.3; +https://openai.com/gptbot)"
74.7.243.240 - - [14/Feb/2026:07:34:35 +0530] "GET /?fileloc=//sys/class/net/lo/subsystem/lo/subsystem/eth0/device/net/eth0/device/power/autosuspend_delay_ms&path=//sys/class/net/lo/subsystem/lo/subsystem/eth0/device/net/eth0/device/power HTTP/1.1" 200 13168 "http://www.rialindia.com/?path=//sys/class/net/lo/subsystem/lo/subsystem/eth0/device/net/eth0/device/power" "Mozilla/5.0 AppleWebKit/537.36 (KHTML, like Gecko; compatible; GPTBot/1.3; +https://openai.com/gptbot)"
74.7.243.240 - - [14/Feb/2026:07:34:35 +0530] "GET /?fileloc=//sys/class/net/lo/subsystem/lo/subsystem/eth0/device/net/eth0/device/power/runtime_active_time&path=//sys/class/net/lo/subsystem/lo/subsystem/eth0/device/net/eth0/device/power HTTP/1.1" 200 13169 "http://www.rialindia.com/?path=//sys/class/net/lo/subsystem/lo/subsystem/eth0/device/net/eth0/device/power" "Mozilla/5.0 AppleWebKit/537.36 (KHTML, like Gecko; compatible; GPTBot/1.3; +https://openai.com/gptbot)"
74.7.243.240 - - [14/Feb/2026:07:34:36 +0530] "GET /?fileloc=//sys/class/net/lo/subsystem/lo/subsystem/eth0/device/net/eth0/device/power/control&path=//sys/class/net/lo/subsystem/lo/subsystem/eth0/device/net/eth0/device/power HTTP/1.1" 200 13160 "http://www.rialindia.com/?path=//sys/class/net/lo/subsystem/lo/subsystem/eth0/device/net/eth0/device/power" "Mozilla/5.0 AppleWebKit/537.36 (KHTML, like Gecko; compatible; GPTBot/1.3; +https://openai.com/gptbot)"
74.7.243.240 - - [14/Feb/2026:07:34:37 +0530] "GET /?fileloc=//sys/class/net/lo/subsystem/lo/subsystem/eth0/device/net/eth0/speed&path=//sys/class/net/lo/subsystem/lo/subsystem/eth0/device/net/eth0 HTTP/1.1" 200 12944 "http://www.rialindia.com/?path=//sys/class/net/lo/subsystem/lo/subsystem/eth0/device/net/eth0" "Mozilla/5.0 AppleWebKit/537.36 (KHTML, like Gecko; compatible; GPTBot/1.3; +https://openai.com/gptbot)"
74.7.243.240 - - [14/Feb/2026:07:34:37 +0530] "GET /?fileloc=//sys/class/net/lo/subsystem/lo/subsystem/eth0/device/net/eth0/device/vendor&path=//sys/class/net/lo/subsystem/lo/subsystem/eth0/device/net/eth0/device HTTP/1.1" 200 13053 "http://www.rialindia.com/?path=//sys/class/net/lo/subsystem/lo/subsystem/eth0/device/net/eth0/device" "Mozilla/5.0 AppleWebKit/537.36 (KHTML, like Gecko; compatible; GPTBot/1.3; +https://openai.com/gptbot)"
74.7.243.240 - - [14/Feb/2026:07:34:38 +0530] "GET /?fileloc=//sys/class/net/lo/subsystem/lo/subsystem/eth0/device/net/eth0/address&path=//sys/class/net/lo/subsystem/lo/subsystem/eth0/device/net/eth0 HTTP/1.1" 200 12961 "http://www.rialindia.com/?path=//sys/class/net/lo/subsystem/lo/subsystem/eth0/device/net/eth0" "Mozilla/5.0 AppleWebKit/537.36 (KHTML, like Gecko; compatible; GPTBot/1.3; +https://openai.com/gptbot)"
74.7.243.240 - - [14/Feb/2026:07:34:38 +0530] "GET /?fileloc=//sys/class/net/lo/subsystem/lo/subsystem/eth0/device/net/eth0/duplex&path=//sys/class/net/lo/subsystem/lo/subsystem/eth0/device/net/eth0 HTTP/1.1" 200 12950 "http://www.rialindia.com/?path=//sys/class/net/lo/subsystem/lo/subsystem/eth0/device/net/eth0" "Mozilla/5.0 AppleWebKit/537.36 (KHTML, like Gecko; compatible; GPTBot/1.3; +https://openai.com/gptbot)"
74.7.243.240 - - [14/Feb/2026:07:34:39 +0530] "GET /?fileloc=//sys/class/net/lo/subsystem/lo/subsystem/eth0/device/net/eth0/device/features&path=//sys/class/net/lo/subsystem/lo/subsystem/eth0/device/net/eth0/device HTTP/1.1" 200 13113 "http://www.rialindia.com/?path=//sys/class/net/lo/subsystem/lo/subsystem/eth0/device/net/eth0/device" "Mozilla/5.0 AppleWebKit/537.36 (KHTML, like Gecko; compatible; GPTBot/1.3; +https://openai.com/gptbot)"
206.189.137.214 - - [14/Feb/2026:07:34:39 +0530] "GET /wp-content/uploads/2026/02/ HTTP/1.1" 200 1055 "binance.com" "Mozilla/5.0 (Windows NT 10.0; Win64; x64) AppleWebKit/537.36 (KHTML, like Gecko) Chrome/90.0.4430.85 Safari/537.36"
74.7.243.240 - - [14/Feb/2026:07:34:39 +0530] "GET /?path=//sys/class/net/eth0/subsystem/lo/subsystem/eth0/device/net/eth0/device/driver/virtio2/subsystem HTTP/1.1" 200 22195 "http://www.rialindia.com/?path=//sys/class/net/eth0/subsystem/lo/subsystem/eth0/device/net/eth0/device/driver/virtio2" "Mozilla/5.0 AppleWebKit/537.36 (KHTML, like Gecko; compatible; GPTBot/1.3; +https://openai.com/gptbot)"
74.7.243.240 - - [14/Feb/2026:07:34:40 +0530] "GET /?path=//sys/class/net/eth0/subsystem/lo/subsystem/eth0/device/net/eth0/device/driver/module/parameters HTTP/1.1" 200 20706 "http://www.rialindia.com/?path=//sys/class/net/eth0/subsystem/lo/subsystem/eth0/device/net/eth0/device/driver/module" "Mozilla/5.0 AppleWebKit/537.36 (KHTML, like Gecko; compatible; GPTBot/1.3; +https://openai.com/gptbot)"
74.7.243.240 - - [14/Feb/2026:07:34:41 +0530] "GET /?path=//sys/class/net/eth0/subsystem/lo/subsystem/eth0/device/net/eth0/device/driver/virtio2/driver HTTP/1.1" 200 22059 "http://www.rialindia.com/?path=//sys/class/net/eth0/subsystem/lo/subsystem/eth0/device/net/eth0/device/driver/virtio2" "Mozilla/5.0 AppleWebKit/537.36 (KHTML, like Gecko; compatible; GPTBot/1.3; +https://openai.com/gptbot)"
74.7.243.240 - - [14/Feb/2026:07:34:42 +0530] "GET /?path=//sys/class/net/eth0/subsystem/lo/subsystem/eth0/device/net/eth0/device/driver/module/drivers HTTP/1.1" 200 15360 "http://www.rialindia.com/?path=//sys/class/net/eth0/subsystem/lo/subsystem/eth0/device/net/eth0/device/driver/module" "Mozilla/5.0 AppleWebKit/537.36 (KHTML, like Gecko; compatible; GPTBot/1.3; +https://openai.com/gptbot)"
74.7.243.240 - - [14/Feb/2026:07:34:42 +0530] "GET /?path=//sys/class/net/eth0/subsystem/lo/subsystem/eth0/device/net/eth0/device/driver/module/sections HTTP/1.1" 200 70142 "http://www.rialindia.com/?path=//sys/class/net/eth0/subsystem/lo/subsystem/eth0/device/net/eth0/device/driver/module" "Mozilla/5.0 AppleWebKit/537.36 (KHTML, like Gecko; compatible; GPTBot/1.3; +https://openai.com/gptbot)"
206.189.137.214 - - [14/Feb/2026:07:34:43 +0530] "GET /wp-content/uploads/2026/01/ HTTP/1.1" 200 701 "binance.com" "Mozilla/5.0 (Windows NT 10.0; Win64; x64) AppleWebKit/537.36 (KHTML, like Gecko) Chrome/90.0.4430.85 Safari/537.36"
74.7.243.240 - - [14/Feb/2026:07:34:43 +0530] "GET /?path=//sys/class/net/eth0/subsystem/lo/subsystem/eth0/device/net/eth0/device/driver/module/holders HTTP/1.1" 200 13760 "http://www.rialindia.com/?path=//sys/class/net/eth0/subsystem/lo/subsystem/eth0/device/net/eth0/device/driver/module" "Mozilla/5.0 AppleWebKit/537.36 (KHTML, like Gecko; compatible; GPTBot/1.3; +https://openai.com/gptbot)"
74.7.243.240 - - [14/Feb/2026:07:34:44 +0530] "GET /?path=//sys/class/net/eth0/subsystem/lo/subsystem/eth0/device/net/eth0/device/driver/virtio2/power HTTP/1.1" 200 22557 "http://www.rialindia.com/?path=//sys/class/net/eth0/subsystem/lo/subsystem/eth0/device/net/eth0/device/driver/virtio2" "Mozilla/5.0 AppleWebKit/537.36 (KHTML, like Gecko; compatible; GPTBot/1.3; +https://openai.com/gptbot)"
74.7.243.240 - - [14/Feb/2026:07:34:45 +0530] "GET /?path=//sys/class/net/eth0/subsystem/lo/subsystem/eth0/device/net/eth0/device/driver/virtio2/net HTTP/1.1" 200 15294 "http://www.rialindia.com/?path=//sys/class/net/eth0/subsystem/lo/subsystem/eth0/device/net/eth0/device/driver/virtio2" "Mozilla/5.0 AppleWebKit/537.36 (KHTML, like Gecko; compatible; GPTBot/1.3; +https://openai.com/gptbot)"
74.7.243.240 - - [14/Feb/2026:07:34:45 +0530] "GET /?fileloc=//sys/class/net/lo/subsystem/lo/subsystem/eth0/device/net/eth0/ifalias&path=//sys/class/net/lo/subsystem/lo/subsystem/eth0/device/net/eth0 HTTP/1.1" 200 12943 "http://www.rialindia.com/?path=//sys/class/net/lo/subsystem/lo/subsystem/eth0/device/net/eth0" "Mozilla/5.0 AppleWebKit/537.36 (KHTML, like Gecko; compatible; GPTBot/1.3; +https://openai.com/gptbot)"
74.7.243.240 - - [14/Feb/2026:07:34:46 +0530] "GET /?fileloc=//sys/class/net/lo/subsystem/lo/subsystem/eth0/device/net/eth0/dormant&path=//sys/class/net/lo/subsystem/lo/subsystem/eth0/device/net/eth0 HTTP/1.1" 200 12945 "http://www.rialindia.com/?path=//sys/class/net/lo/subsystem/lo/subsystem/eth0/device/net/eth0" "Mozilla/5.0 AppleWebKit/537.36 (KHTML, like Gecko; compatible; GPTBot/1.3; +https://openai.com/gptbot)"
74.7.243.240 - - [14/Feb/2026:07:34:47 +0530] "GET /?fileloc=//sys/class/net/lo/subsystem/lo/subsystem/eth0/device/net/eth0/device/device&path=//sys/class/net/lo/subsystem/lo/subsystem/eth0/device/net/eth0/device HTTP/1.1" 200 13053 "http://www.rialindia.com/?path=//sys/class/net/lo/subsystem/lo/subsystem/eth0/device/net/eth0/device" "Mozilla/5.0 AppleWebKit/537.36 (KHTML, like Gecko; compatible; GPTBot/1.3; +https://openai.com/gptbot)"
74.7.243.240 - - [14/Feb/2026:07:34:47 +0530] "GET /?path=//sys/class/net/eth0/subsystem/lo/subsystem/eth0/device/net/eth0/device/driver/virtio2/subsystem/devices HTTP/1.1" 200 20272 "http://www.rialindia.com/?path=//sys/class/net/eth0/subsystem/lo/subsystem/eth0/device/net/eth0/device/driver/virtio2/subsystem" "Mozilla/5.0 AppleWebKit/537.36 (KHTML, like Gecko; compatible; GPTBot/1.3; +https://openai.com/gptbot)"
206.189.137.214 - - [14/Feb/2026:07:34:47 +0530] "GET /wp-content/uploads/ HTTP/1.1" 200 5121 "binance.com" "Mozilla/5.0 (Windows NT 10.0; Win64; x64) AppleWebKit/537.36 (KHTML, like Gecko) Chrome/90.0.4430.85 Safari/537.36"
74.7.243.240 - - [14/Feb/2026:07:34:48 +0530] "GET /?path=//sys/class/net/eth0/subsystem/lo/subsystem/eth0/device/net/eth0/device/driver/virtio2/subsystem/drivers HTTP/1.1" 200 25215 "http://www.rialindia.com/?path=//sys/class/net/eth0/subsystem/lo/subsystem/eth0/device/net/eth0/device/driver/virtio2/subsystem" "Mozilla/5.0 AppleWebKit/537.36 (KHTML, like Gecko; compatible; GPTBot/1.3; +https://openai.com/gptbot)"
74.7.243.240 - - [14/Feb/2026:07:34:49 +0530] "GET /?path=//sys/class/net/eth0/subsystem/lo/subsystem/eth0/device/net/eth0/device/driver/virtio2/driver/module HTTP/1.1" 200 35870 "http://www.rialindia.com/?path=//sys/class/net/eth0/subsystem/lo/subsystem/eth0/device/net/eth0/device/driver/virtio2/driver" "Mozilla/5.0 AppleWebKit/537.36 (KHTML, like Gecko; compatible; GPTBot/1.3; +https://openai.com/gptbot)"
74.7.243.240 - - [14/Feb/2026:07:34:50 +0530] "GET /?path=//sys/class/net/eth0/subsystem/lo/subsystem/eth0/device/net/eth0/device/driver/module/drivers/virtio:virtio_net HTTP/1.1" 200 22532 "http://www.rialindia.com/?path=//sys/class/net/eth0/subsystem/lo/subsystem/eth0/device/net/eth0/device/driver/module/drivers" "Mozilla/5.0 AppleWebKit/537.36 (KHTML, like Gecko; compatible; GPTBot/1.3; +https://openai.com/gptbot)"
74.7.243.240 - - [14/Feb/2026:07:34:50 +0530] "GET /?fileloc=//sys/class/net/lo/subsystem/lo/subsystem/eth0/device/net/eth0/device/uevent&path=//sys/class/net/lo/subsystem/lo/subsystem/eth0/device/net/eth0/device HTTP/1.1" 200 13099 "http://www.rialindia.com/?path=//sys/class/net/lo/subsystem/lo/subsystem/eth0/device/net/eth0/device" "Mozilla/5.0 AppleWebKit/537.36 (KHTML, like Gecko; compatible; GPTBot/1.3; +https://openai.com/gptbot)"
74.7.243.240 - - [14/Feb/2026:07:34:51 +0530] "GET /?fileloc=//sys/class/net/lo/subsystem/lo/subsystem/eth0/device/net/eth0/device/status&path=//sys/class/net/lo/subsystem/lo/subsystem/eth0/device/net/eth0/device HTTP/1.1" 200 13057 "http://www.rialindia.com/?path=//sys/class/net/lo/subsystem/lo/subsystem/eth0/device/net/eth0/device" "Mozilla/5.0 AppleWebKit/537.36 (KHTML, like Gecko; compatible; GPTBot/1.3; +https://openai.com/gptbot)"
206.189.137.214 - - [14/Feb/2026:07:34:51 +0530] "GET /wp-content/upgrade/ HTTP/1.1" 200 672 "binance.com" "Mozilla/5.0 (Windows NT 10.0; Win64; x64) AppleWebKit/537.36 (KHTML, like Gecko) Chrome/90.0.4430.85 Safari/537.36"
74.7.243.240 - - [14/Feb/2026:07:34:51 +0530] "GET /?fileloc=//sys/class/net/lo/subsystem/lo/subsystem/eth0/device/net/eth0/ifindex&path=//sys/class/net/lo/subsystem/lo/subsystem/eth0/device/net/eth0 HTTP/1.1" 200 12945 "http://www.rialindia.com/?path=//sys/class/net/lo/subsystem/lo/subsystem/eth0/device/net/eth0" "Mozilla/5.0 AppleWebKit/537.36 (KHTML, like Gecko; compatible; GPTBot/1.3; +https://openai.com/gptbot)"
74.7.243.240 - - [14/Feb/2026:07:34:52 +0530] "GET /?fileloc=//sys/class/net/lo/subsystem/lo/subsystem/eth0/device/net/eth0/broadcast&path=//sys/class/net/lo/subsystem/lo/subsystem/eth0/device/net/eth0 HTTP/1.1" 200 12963 "http://www.rialindia.com/?path=//sys/class/net/lo/subsystem/lo/subsystem/eth0/device/net/eth0" "Mozilla/5.0 AppleWebKit/537.36 (KHTML, like Gecko; compatible; GPTBot/1.3; +https://openai.com/gptbot)"
74.7.243.240 - - [14/Feb/2026:07:34:52 +0530] "GET /?fileloc=//sys/class/net/lo/subsystem/lo/subsystem/eth0/device/net/eth0/uevent&path=//sys/class/net/lo/subsystem/lo/subsystem/eth0/device/net/eth0 HTTP/1.1" 200 12967 "http://www.rialindia.com/?path=//sys/class/net/lo/subsystem/lo/subsystem/eth0/device/net/eth0" "Mozilla/5.0 AppleWebKit/537.36 (KHTML, like Gecko; compatible; GPTBot/1.3; +https://openai.com/gptbot)"
74.7.243.240 - - [14/Feb/2026:07:34:53 +0530] "GET /?fileloc=//sys/class/net/lo/subsystem/lo/subsystem/eth0/device/net/eth0/testing&path=//sys/class/net/lo/subsystem/lo/subsystem/eth0/device/net/eth0 HTTP/1.1" 200 12945 "http://www.rialindia.com/?path=//sys/class/net/lo/subsystem/lo/subsystem/eth0/device/net/eth0" "Mozilla/5.0 AppleWebKit/537.36 (KHTML, like Gecko; compatible; GPTBot/1.3; +https://openai.com/gptbot)"
74.7.243.240 - - [14/Feb/2026:07:34:54 +0530] "GET /?fileloc=//sys/class/net/lo/subsystem/lo/subsystem/eth0/device/net/eth0/iflink&path=//sys/class/net/lo/subsystem/lo/subsystem/eth0/device/net/eth0 HTTP/1.1" 200 12944 "http://www.rialindia.com/?path=//sys/class/net/lo/subsystem/lo/subsystem/eth0/device/net/eth0" "Mozilla/5.0 AppleWebKit/537.36 (KHTML, like Gecko; compatible; GPTBot/1.3; +https://openai.com/gptbot)"
74.7.243.240 - - [14/Feb/2026:07:34:54 +0530] "GET /?path=//sys/class/net/eth0/subsystem/lo/subsystem/eth0/device/net/eth0/device/driver/virtio2/subsystem/devices/virtio2 HTTP/1.1" 200 31293 "http://www.rialindia.com/?path=//sys/class/net/eth0/subsystem/lo/subsystem/eth0/device/net/eth0/device/driver/virtio2/subsystem/devices" "Mozilla/5.0 AppleWebKit/537.36 (KHTML, like Gecko; compatible; GPTBot/1.3; +https://openai.com/gptbot)"
74.7.243.240 - - [14/Feb/2026:07:34:55 +0530] "GET /?path=//sys/class/net/eth0/subsystem/lo/subsystem/eth0/device/net/eth0/device/driver/virtio2/subsystem/drivers/virtio_rng HTTP/1.1" 200 19493 "http://www.rialindia.com/?path=//sys/class/net/eth0/subsystem/lo/subsystem/eth0/device/net/eth0/device/driver/virtio2/subsystem/drivers" "Mozilla/5.0 AppleWebKit/537.36 (KHTML, like Gecko; compatible; GPTBot/1.3; +https://openai.com/gptbot)"
74.7.243.240 - - [14/Feb/2026:07:34:56 +0530] "GET /?path=//sys/class/net/eth0/subsystem/lo/subsystem/eth0/device/net/eth0/device/driver/virtio2/driver/module/sections HTTP/1.1" 200 72328 "http://www.rialindia.com/?path=//sys/class/net/eth0/subsystem/lo/subsystem/eth0/device/net/eth0/device/driver/virtio2/driver/module" "Mozilla/5.0 AppleWebKit/537.36 (KHTML, like Gecko; compatible; GPTBot/1.3; +https://openai.com/gptbot)"
206.189.137.214 - - [14/Feb/2026:07:34:56 +0530] "GET /wp-content/languages/ HTTP/1.1" 200 58368 "binance.com" "Mozilla/5.0 (Windows NT 10.0; Win64; x64) AppleWebKit/537.36 (KHTML, like Gecko) Chrome/90.0.4430.85 Safari/537.36"
74.7.243.240 - - [14/Feb/2026:07:34:56 +0530] "GET /?path=//sys/class/net/eth0/subsystem/lo/subsystem/eth0/device/net/eth0/device/driver/module/drivers/virtio:virtio_net/module HTTP/1.1" 200 36883 "http://www.rialindia.com/?path=//sys/class/net/eth0/subsystem/lo/subsystem/eth0/device/net/eth0/device/driver/module/drivers/virtio:virtio_net" "Mozilla/5.0 AppleWebKit/537.36 (KHTML, like Gecko; compatible; GPTBot/1.3; +https://openai.com/gptbot)"
74.7.243.240 - - [14/Feb/2026:07:34:57 +0530] "GET /?path=//sys/class/net/eth0/subsystem/lo/subsystem/eth0/device/net/eth0/device/driver/virtio2/driver/module/parameters HTTP/1.1" 200 21212 "http://www.rialindia.com/?path=//sys/class/net/eth0/subsystem/lo/subsystem/eth0/device/net/eth0/device/driver/virtio2/driver/module" "Mozilla/5.0 AppleWebKit/537.36 (KHTML, like Gecko; compatible; GPTBot/1.3; +https://openai.com/gptbot)"
74.7.243.240 - - [14/Feb/2026:07:34:57 +0530] "GET /?path=//sys/class/net/eth0/subsystem/lo/subsystem/eth0/device/net/eth0/device/driver/virtio2/subsystem/drivers/virtio_net HTTP/1.1" 200 22741 "http://www.rialindia.com/?path=//sys/class/net/eth0/subsystem/lo/subsystem/eth0/device/net/eth0/device/driver/virtio2/subsystem/drivers" "Mozilla/5.0 AppleWebKit/537.36 (KHTML, like Gecko; compatible; GPTBot/1.3; +https://openai.com/gptbot)"
74.7.243.240 - - [14/Feb/2026:07:34:58 +0530] "GET /?path=//sys/class/net/eth0/subsystem/lo/subsystem/eth0/device/net/eth0/device/driver/virtio2/driver/module/notes HTTP/1.1" 200 17646 "http://www.rialindia.com/?path=//sys/class/net/eth0/subsystem/lo/subsystem/eth0/device/net/eth0/device/driver/virtio2/driver/module" "Mozilla/5.0 AppleWebKit/537.36 (KHTML, like Gecko; compatible; GPTBot/1.3; +https://openai.com/gptbot)"
74.7.243.240 - - [14/Feb/2026:07:34:59 +0530] "GET /?path=//sys/class/net/eth0/subsystem/lo/subsystem/eth0/device/net/eth0/device/driver/virtio2/subsystem/drivers/virtio_scsi HTTP/1.1" 200 22761 "http://www.rialindia.com/?path=//sys/class/net/eth0/subsystem/lo/subsystem/eth0/device/net/eth0/device/driver/virtio2/subsystem/drivers" "Mozilla/5.0 AppleWebKit/537.36 (KHTML, like Gecko; compatible; GPTBot/1.3; +https://openai.com/gptbot)"
74.7.243.240 - - [14/Feb/2026:07:34:59 +0530] "GET /?path=//sys/class/net/eth0/subsystem/lo/subsystem/eth0/device/net/eth0/device/driver/virtio2/subsystem/drivers/virtio_iommu HTTP/1.1" 200 19521 "http://www.rialindia.com/?path=//sys/class/net/eth0/subsystem/lo/subsystem/eth0/device/net/eth0/device/driver/virtio2/subsystem/drivers" "Mozilla/5.0 AppleWebKit/537.36 (KHTML, like Gecko; compatible; GPTBot/1.3; +https://openai.com/gptbot)"
74.7.243.240 - - [14/Feb/2026:07:35:00 +0530] "GET /?path=//sys/class/net/eth0/subsystem/lo/subsystem/eth0/device/net/eth0/device/driver/virtio2/driver/module/drivers HTTP/1.1" 200 15671 "http://www.rialindia.com/?path=//sys/class/net/eth0/subsystem/lo/subsystem/eth0/device/net/eth0/device/driver/virtio2/driver/module" "Mozilla/5.0 AppleWebKit/537.36 (KHTML, like Gecko; compatible; GPTBot/1.3; +https://openai.com/gptbot)"
74.7.243.240 - - [14/Feb/2026:07:35:00 +0530] "GET /?path=//sys/class/net/eth0/subsystem/lo/subsystem/eth0/device/net/eth0/device/driver/virtio2/driver/module/holders HTTP/1.1" 200 14026 "http://www.rialindia.com/?path=//sys/class/net/eth0/subsystem/lo/subsystem/eth0/device/net/eth0/device/driver/virtio2/driver/module" "Mozilla/5.0 AppleWebKit/537.36 (KHTML, like Gecko; compatible; GPTBot/1.3; +https://openai.com/gptbot)"
74.7.243.240 - - [14/Feb/2026:07:35:01 +0530] "GET /?path=//sys/class/net/eth0/subsystem/lo/subsystem/eth0/device/net/eth0/device/driver/virtio2/subsystem/devices/virtio2/net HTTP/1.1" 200 15799 "http://www.rialindia.com/?path=//sys/class/net/eth0/subsystem/lo/subsystem/eth0/device/net/eth0/device/driver/virtio2/subsystem/devices/virtio2" "Mozilla/5.0 AppleWebKit/537.36 (KHTML, like Gecko; compatible; GPTBot/1.3; +https://openai.com/gptbot)"
206.189.137.214 - - [14/Feb/2026:07:35:01 +0530] "GET /wp-admin/includes/ HTTP/1.1" 200 21031 "binance.com" "Mozilla/5.0 (Windows NT 10.0; Win64; x64) AppleWebKit/537.36 (KHTML, like Gecko) Chrome/90.0.4430.85 Safari/537.36"
74.7.243.240 - - [14/Feb/2026:07:35:02 +0530] "GET /?path=//sys/class/net/eth0/subsystem/lo/subsystem/eth0/device/net/eth0/device/driver/virtio2/subsystem/devices/virtio0 HTTP/1.1" 200 29692 "http://www.rialindia.com/?path=//sys/class/net/eth0/subsystem/lo/subsystem/eth0/device/net/eth0/device/driver/virtio2/subsystem/devices" "Mozilla/5.0 AppleWebKit/537.36 (KHTML, like Gecko; compatible; GPTBot/1.3; +https://openai.com/gptbot)"
74.7.243.240 - - [14/Feb/2026:07:35:03 +0530] "GET /?path=//sys/class/net/eth0/subsystem/lo/subsystem/eth0/device/net/eth0/device/driver/virtio2/subsystem/devices/virtio1 HTTP/1.1" 200 31329 "http://www.rialindia.com/?path=//sys/class/net/eth0/subsystem/lo/subsystem/eth0/device/net/eth0/device/driver/virtio2/subsystem/devices" "Mozilla/5.0 AppleWebKit/537.36 (KHTML, like Gecko; compatible; GPTBot/1.3; +https://openai.com/gptbot)"
74.7.243.240 - - [14/Feb/2026:07:35:04 +0530] "GET /?path=//sys/class/net/eth0/subsystem/lo/subsystem/eth0/device/net/eth0/device/driver/module/drivers/virtio:virtio_net/module/parameters HTTP/1.1" 200 21685 "http://www.rialindia.com/?path=//sys/class/net/eth0/subsystem/lo/subsystem/eth0/device/net/eth0/device/driver/module/drivers/virtio:virtio_net/module" "Mozilla/5.0 AppleWebKit/537.36 (KHTML, like Gecko; compatible; GPTBot/1.3; +https://openai.com/gptbot)"
74.7.243.240 - - [14/Feb/2026:07:35:04 +0530] "GET /?path=//sys/class/net/eth0/subsystem/lo/subsystem/eth0/device/net/eth0/device/driver/module/drivers/virtio:virtio_net/module/holders HTTP/1.1" 200 14211 "http://www.rialindia.com/?path=//sys/class/net/eth0/subsystem/lo/subsystem/eth0/device/net/eth0/device/driver/module/drivers/virtio:virtio_net/module" "Mozilla/5.0 AppleWebKit/537.36 (KHTML, like Gecko; compatible; GPTBot/1.3; +https://openai.com/gptbot)"
74.7.243.240 - - [14/Feb/2026:07:35:05 +0530] "GET /?path=//sys/class/net/eth0/subsystem/lo/subsystem/eth0/device/net/eth0/device/driver/module/drivers/virtio:virtio_net/module/sections HTTP/1.1" 200 74817 "http://www.rialindia.com/?path=//sys/class/net/eth0/subsystem/lo/subsystem/eth0/device/net/eth0/device/driver/module/drivers/virtio:virtio_net/module" "Mozilla/5.0 AppleWebKit/537.36 (KHTML, like Gecko; compatible; GPTBot/1.3; +https://openai.com/gptbot)"
74.7.243.240 - - [14/Feb/2026:07:35:06 +0530] "GET /?path=//sys/class/net/eth0/subsystem/lo/subsystem/eth0/device/net/eth0/device/driver/module/drivers/virtio:virtio_net/module/notes HTTP/1.1" 200 17975 "http://www.rialindia.com/?path=//sys/class/net/eth0/subsystem/lo/subsystem/eth0/device/net/eth0/device/driver/module/drivers/virtio:virtio_net/module" "Mozilla/5.0 AppleWebKit/537.36 (KHTML, like Gecko; compatible; GPTBot/1.3; +https://openai.com/gptbot)"
206.189.137.214 - - [14/Feb/2026:07:35:07 +0530] "GET /wp-admin/includes/ HTTP/1.1" 200 21031 "binance.com" "Mozilla/5.0 (Windows NT 10.0; Win64; x64) AppleWebKit/537.36 (KHTML, like Gecko) Chrome/90.0.4430.85 Safari/537.36"
74.7.243.240 - - [14/Feb/2026:07:35:07 +0530] "GET /?path=//sys/class/net/eth0/subsystem/lo/subsystem/eth0/device/net/eth0/device/driver/virtio2/subsystem/devices/virtio3 HTTP/1.1" 200 31301 "http://www.rialindia.com/?path=//sys/class/net/eth0/subsystem/lo/subsystem/eth0/device/net/eth0/device/driver/virtio2/subsystem/devices" "Mozilla/5.0 AppleWebKit/537.36 (KHTML, like Gecko; compatible; GPTBot/1.3; +https://openai.com/gptbot)"
74.7.243.240 - - [14/Feb/2026:07:35:07 +0530] "GET /?path=//sys/class/net/eth0/subsystem/lo/subsystem/eth0/device/net/eth0/device/driver/virtio2/subsystem/devices/virtio2/power HTTP/1.1" 200 23504 "http://www.rialindia.com/?path=//sys/class/net/eth0/subsystem/lo/subsystem/eth0/device/net/eth0/device/driver/virtio2/subsystem/devices/virtio2" "Mozilla/5.0 AppleWebKit/537.36 (KHTML, like Gecko; compatible; GPTBot/1.3; +https://openai.com/gptbot)"
74.7.243.240 - - [14/Feb/2026:07:35:08 +0530] "GET /?path=//sys/class/net/eth0/subsystem/lo/subsystem/eth0/device/net/eth0/device/driver/virtio2/subsystem/devices/virtio2/driver HTTP/1.1" 200 22954 "http://www.rialindia.com/?path=//sys/class/net/eth0/subsystem/lo/subsystem/eth0/device/net/eth0/device/driver/virtio2/subsystem/devices/virtio2" "Mozilla/5.0 AppleWebKit/537.36 (KHTML, like Gecko; compatible; GPTBot/1.3; +https://openai.com/gptbot)"
74.7.243.240 - - [14/Feb/2026:07:35:09 +0530] "GET /?path=//sys/class/net/eth0/subsystem/lo/subsystem/eth0/device/net/eth0/device/driver/module/drivers/virtio:virtio_net/virtio2 HTTP/1.1" 200 31562 "http://www.rialindia.com/?path=//sys/class/net/eth0/subsystem/lo/subsystem/eth0/device/net/eth0/device/driver/module/drivers/virtio:virtio_net" "Mozilla/5.0 AppleWebKit/537.36 (KHTML, like Gecko; compatible; GPTBot/1.3; +https://openai.com/gptbot)"
74.7.243.240 - - [14/Feb/2026:07:35:09 +0530] "GET /?path=//sys/class/net/eth0/subsystem/lo/subsystem/eth0/device/net/eth0/device/driver/virtio2/subsystem/devices/virtio2/net/eth0 HTTP/1.1" 200 83587 "http://www.rialindia.com/?path=//sys/class/net/eth0/subsystem/lo/subsystem/eth0/device/net/eth0/device/driver/virtio2/subsystem/devices/virtio2/net" "Mozilla/5.0 AppleWebKit/537.36 (KHTML, like Gecko; compatible; GPTBot/1.3; +https://openai.com/gptbot)"
74.7.243.240 - - [14/Feb/2026:07:35:10 +0530] "GET /?path=//sys/class/net/eth0/subsystem/lo/subsystem/eth0/device/net/eth0/device/driver/virtio2/subsystem/devices/virtio0/power HTTP/1.1" 200 23504 "http://www.rialindia.com/?path=//sys/class/net/eth0/subsystem/lo/subsystem/eth0/device/net/eth0/device/driver/virtio2/subsystem/devices/virtio0" "Mozilla/5.0 AppleWebKit/537.36 (KHTML, like Gecko; compatible; GPTBot/1.3; +https://openai.com/gptbot)"
74.7.243.240 - - [14/Feb/2026:07:35:10 +0530] "GET /?path=//sys/class/net/eth0/subsystem/lo/subsystem/eth0/device/net/eth0/device/driver/virtio2/subsystem/devices/virtio1/power HTTP/1.1" 200 23504 "http://www.rialindia.com/?path=//sys/class/net/eth0/subsystem/lo/subsystem/eth0/device/net/eth0/device/driver/virtio2/subsystem/devices/virtio1" "Mozilla/5.0 AppleWebKit/537.36 (KHTML, like Gecko; compatible; GPTBot/1.3; +https://openai.com/gptbot)"
74.7.243.240 - - [14/Feb/2026:07:35:11 +0530] "GET /?path=//sys/class/net/eth0/subsystem/lo/subsystem/eth0/device/net/eth0/device/driver/virtio2/subsystem/devices/virtio0/driver HTTP/1.1" 200 22954 "http://www.rialindia.com/?path=//sys/class/net/eth0/subsystem/lo/subsystem/eth0/device/net/eth0/device/driver/virtio2/subsystem/devices/virtio0" "Mozilla/5.0 AppleWebKit/537.36 (KHTML, like Gecko; compatible; GPTBot/1.3; +https://openai.com/gptbot)"
206.189.137.214 - - [14/Feb/2026:07:35:11 +0530] "GET /wp-admin/maint/ HTTP/1.1" 200 840 "binance.com" "Mozilla/5.0 (Windows NT 10.0; Win64; x64) AppleWebKit/537.36 (KHTML, like Gecko) Chrome/90.0.4430.85 Safari/537.36"
74.7.243.240 - - [14/Feb/2026:07:35:12 +0530] "GET /?path=//sys/class/net/eth0/subsystem/lo/subsystem/eth0/device/net/eth0/device/driver/virtio2/subsystem/devices/virtio0/subsystem HTTP/1.1" 200 23090 "http://www.rialindia.com/?path=//sys/class/net/eth0/subsystem/lo/subsystem/eth0/device/net/eth0/device/driver/virtio2/subsystem/devices/virtio0" "Mozilla/5.0 AppleWebKit/537.36 (KHTML, like Gecko; compatible; GPTBot/1.3; +https://openai.com/gptbot)"
74.7.243.240 - - [14/Feb/2026:07:35:12 +0530] "GET /?path=//sys/class/net/eth0/subsystem/lo/subsystem/eth0/device/net/eth0/device/driver/virtio2/subsystem/devices/virtio1/subsystem HTTP/1.1" 200 23090 "http://www.rialindia.com/?path=//sys/class/net/eth0/subsystem/lo/subsystem/eth0/device/net/eth0/device/driver/virtio2/subsystem/devices/virtio1" "Mozilla/5.0 AppleWebKit/537.36 (KHTML, like Gecko; compatible; GPTBot/1.3; +https://openai.com/gptbot)"
74.7.243.240 - - [14/Feb/2026:07:35:13 +0530] "GET /?path=//sys/class/net/eth0/subsystem/lo/subsystem/eth0/device/net/eth0/device/driver/virtio2/subsystem/drivers/virtio_net/virtio2 HTTP/1.1" 200 31847 "http://www.rialindia.com/?path=//sys/class/net/eth0/subsystem/lo/subsystem/eth0/device/net/eth0/device/driver/virtio2/subsystem/drivers/virtio_net" "Mozilla/5.0 AppleWebKit/537.36 (KHTML, like Gecko; compatible; GPTBot/1.3; +https://openai.com/gptbot)"
206.189.137.214 - - [14/Feb/2026:07:35:13 +0530] "GET /wp-admin/maint/ HTTP/1.1" 200 840 "binance.com" "Mozilla/5.0 (Windows NT 10.0; Win64; x64) AppleWebKit/537.36 (KHTML, like Gecko) Chrome/90.0.4430.85 Safari/537.36"
74.7.243.240 - - [14/Feb/2026:07:35:13 +0530] "GET /?path=//sys/class/net/eth0/subsystem/lo/subsystem/eth0/device/net/eth0/device/driver/virtio2/subsystem/devices/virtio3/power HTTP/1.1" 200 23504 "http://www.rialindia.com/?path=//sys/class/net/eth0/subsystem/lo/subsystem/eth0/device/net/eth0/device/driver/virtio2/subsystem/devices/virtio3" "Mozilla/5.0 AppleWebKit/537.36 (KHTML, like Gecko; compatible; GPTBot/1.3; +https://openai.com/gptbot)"
74.7.243.240 - - [14/Feb/2026:07:35:14 +0530] "GET /?path=//sys/class/net/eth0/subsystem/lo/subsystem/eth0/device/net/eth0/device/driver/virtio2/subsystem/devices/virtio3/host0 HTTP/1.1" 200 22572 "http://www.rialindia.com/?path=//sys/class/net/eth0/subsystem/lo/subsystem/eth0/device/net/eth0/device/driver/virtio2/subsystem/devices/virtio3" "Mozilla/5.0 AppleWebKit/537.36 (KHTML, like Gecko; compatible; GPTBot/1.3; +https://openai.com/gptbot)"
74.7.243.240 - - [14/Feb/2026:07:35:15 +0530] "GET /?path=//sys/class/net/eth0/subsystem/lo/subsystem/eth0/device/net/eth0/device/driver/virtio2/subsystem/devices/virtio3/subsystem HTTP/1.1" 200 23090 "http://www.rialindia.com/?path=//sys/class/net/eth0/subsystem/lo/subsystem/eth0/device/net/eth0/device/driver/virtio2/subsystem/devices/virtio3" "Mozilla/5.0 AppleWebKit/537.36 (KHTML, like Gecko; compatible; GPTBot/1.3; +https://openai.com/gptbot)"
74.7.243.240 - - [14/Feb/2026:07:35:15 +0530] "GET /?fileloc=//sys/class/net/eth0/subsystem/lo/subsystem/eth0/device/net/eth0/device/driver/module/drivers/virtio:virtio_net/virtio2/device&path=//sys/class/net/eth0/subsystem/lo/subsystem/eth0/device/net/eth0/device/driver/module/drivers/virtio:virtio_net/virtio2 HTTP/1.1" 200 13762 "http://www.rialindia.com/?path=//sys/class/net/eth0/subsystem/lo/subsystem/eth0/device/net/eth0/device/driver/module/drivers/virtio:virtio_net/virtio2" "Mozilla/5.0 AppleWebKit/537.36 (KHTML, like Gecko; compatible; GPTBot/1.3; +https://openai.com/gptbot)"
206.189.137.214 - - [14/Feb/2026:07:35:16 +0530] "GET /wp-admin/network/ HTTP/1.1" 200 61399 "binance.com" "Mozilla/5.0 (Windows NT 10.0; Win64; x64) AppleWebKit/537.36 (KHTML, like Gecko) Chrome/90.0.4430.85 Safari/537.36"
74.7.243.240 - - [14/Feb/2026:07:35:16 +0530] "GET /?path=//sys/class/net/eth0/subsystem/lo/subsystem/eth0/device/net/eth0/device/driver/module/drivers/virtio:virtio_net/virtio2/subsystem HTTP/1.1" 200 23240 "http://www.rialindia.com/?path=//sys/class/net/eth0/subsystem/lo/subsystem/eth0/device/net/eth0/device/driver/module/drivers/virtio:virtio_net/virtio2" "Mozilla/5.0 AppleWebKit/537.36 (KHTML, like Gecko; compatible; GPTBot/1.3; +https://openai.com/gptbot)"
74.7.243.240 - - [14/Feb/2026:07:35:17 +0530] "GET /?path=//sys/class/net/eth0/subsystem/lo/subsystem/eth0/device/net/eth0/device/driver/virtio2/subsystem/devices/virtio2/net/eth0/queues HTTP/1.1" 200 40933 "http://www.rialindia.com/?path=//sys/class/net/eth0/subsystem/lo/subsystem/eth0/device/net/eth0/device/driver/virtio2/subsystem/devices/virtio2/net/eth0" "Mozilla/5.0 AppleWebKit/537.36 (KHTML, like Gecko; compatible; GPTBot/1.3; +https://openai.com/gptbot)"
74.7.243.240 - - [14/Feb/2026:07:35:18 +0530] "GET /?path=//sys/class/net/eth0/subsystem/lo/subsystem/eth0/device/net/eth0/device/driver/virtio2/subsystem/devices/virtio2/net/eth0/statistics HTTP/1.1" 200 60197 "http://www.rialindia.com/?path=//sys/class/net/eth0/subsystem/lo/subsystem/eth0/device/net/eth0/device/driver/virtio2/subsystem/devices/virtio2/net/eth0" "Mozilla/5.0 AppleWebKit/537.36 (KHTML, like Gecko; compatible; GPTBot/1.3; +https://openai.com/gptbot)"
206.189.137.214 - - [14/Feb/2026:07:35:18 +0530] "GET /wp-admin/user/ HTTP/1.1" 200 28361 "binance.com" "Mozilla/5.0 (Windows NT 10.0; Win64; x64) AppleWebKit/537.36 (KHTML, like Gecko) Chrome/90.0.4430.85 Safari/537.36"
74.7.243.240 - - [14/Feb/2026:07:35:18 +0530] "GET /?path=//sys/class/net/eth0/subsystem/lo/subsystem/eth0/device/net/eth0/device/driver/module/drivers/virtio:virtio_net/virtio2/power HTTP/1.1" 200 23668 "http://www.rialindia.com/?path=//sys/class/net/eth0/subsystem/lo/subsystem/eth0/device/net/eth0/device/driver/module/drivers/virtio:virtio_net/virtio2" "Mozilla/5.0 AppleWebKit/537.36 (KHTML, like Gecko; compatible; GPTBot/1.3; +https://openai.com/gptbot)"
74.7.243.240 - - [14/Feb/2026:07:35:19 +0530] "GET /?path=//sys/class/net/eth0/subsystem/lo/subsystem/eth0/device/net/eth0/device/driver/virtio2/subsystem/devices/virtio0/subsystem/drivers HTTP/1.1" 200 26214 "http://www.rialindia.com/?path=//sys/class/net/eth0/subsystem/lo/subsystem/eth0/device/net/eth0/device/driver/virtio2/subsystem/devices/virtio0/subsystem" "Mozilla/5.0 AppleWebKit/537.36 (KHTML, like Gecko; compatible; GPTBot/1.3; +https://openai.com/gptbot)"
74.7.243.240 - - [14/Feb/2026:07:35:20 +0530] "GET /?path=//sys/class/net/eth0/subsystem/lo/subsystem/eth0/device/net/eth0/device/driver/virtio2/subsystem/devices/virtio1/subsystem/drivers HTTP/1.1" 200 26214 "http://www.rialindia.com/?path=//sys/class/net/eth0/subsystem/lo/subsystem/eth0/device/net/eth0/device/driver/virtio2/subsystem/devices/virtio1/subsystem" "Mozilla/5.0 AppleWebKit/537.36 (KHTML, like Gecko; compatible; GPTBot/1.3; +https://openai.com/gptbot)"
74.7.243.240 - - [14/Feb/2026:07:35:21 +0530] "GET /?path=//sys/class/net/eth0/subsystem/lo/subsystem/eth0/device/net/eth0/device/driver/virtio2/subsystem/drivers/virtio_net/virtio2/net HTTP/1.1" 200 16001 "http://www.rialindia.com/?path=//sys/class/net/eth0/subsystem/lo/subsystem/eth0/device/net/eth0/device/driver/virtio2/subsystem/drivers/virtio_net/virtio2" "Mozilla/5.0 AppleWebKit/537.36 (KHTML, like Gecko; compatible; GPTBot/1.3; +https://openai.com/gptbot)"
74.7.243.240 - - [14/Feb/2026:07:35:21 +0530] "GET /?path=//sys/class/net/eth0/subsystem/lo/subsystem/eth0/device/net/eth0/device/driver/virtio2/subsystem/devices/virtio2/net/eth0/power HTTP/1.1" 200 23981 "http://www.rialindia.com/?path=//sys/class/net/eth0/subsystem/lo/subsystem/eth0/device/net/eth0/device/driver/virtio2/subsystem/devices/virtio2/net/eth0" "Mozilla/5.0 AppleWebKit/537.36 (KHTML, like Gecko; compatible; GPTBot/1.3; +https://openai.com/gptbot)"
