206.189.137.214 - - [14/Feb/2026:07:37:41 +0530] "GET /wp-includes/class-wp-block-template.php HTTP/1.1" 200 - "binance.com" "Mozilla/5.0 (Windows NT 10.0; Win64; x64) AppleWebKit/537.36 (KHTML, like Gecko) Chrome/90.0.4430.85 Safari/537.36"
74.7.243.240 - - [14/Feb/2026:07:37:42 +0530] "GET /?path=//sys/class/net/eth0/subsystem/lo/subsystem/eth0/device/net/eth0/device/driver/module/drivers/virtio:virtio_net/virtio2/net/eth0/queues/tx-7 HTTP/1.1" 200 26056 "http://www.rialindia.com/?path=//sys/class/net/eth0/subsystem/lo/subsystem/eth0/device/net/eth0/device/driver/module/drivers/virtio:virtio_net/virtio2/net/eth0/queues" "Mozilla/5.0 AppleWebKit/537.36 (KHTML, like Gecko; compatible; GPTBot/1.3; +https://openai.com/gptbot)"
74.7.243.240 - - [14/Feb/2026:07:37:42 +0530] "GET /?path=//sys/class/net/eth0/subsystem/lo/subsystem/eth0/device/net/eth0/device/driver/module/drivers/virtio:virtio_net/virtio2/net/eth0/queues/tx-1 HTTP/1.1" 200 26056 "http://www.rialindia.com/?path=//sys/class/net/eth0/subsystem/lo/subsystem/eth0/device/net/eth0/device/driver/module/drivers/virtio:virtio_net/virtio2/net/eth0/queues" "Mozilla/5.0 AppleWebKit/537.36 (KHTML, like Gecko; compatible; GPTBot/1.3; +https://openai.com/gptbot)"
74.7.243.240 - - [14/Feb/2026:07:37:43 +0530] "GET /?path=//sys/class/net/eth0/subsystem/lo/subsystem/eth0/device/net/eth0/device/driver/module/drivers/virtio:virtio_net/virtio2/net/eth0/queues/tx-2 HTTP/1.1" 200 26056 "http://www.rialindia.com/?path=//sys/class/net/eth0/subsystem/lo/subsystem/eth0/device/net/eth0/device/driver/module/drivers/virtio:virtio_net/virtio2/net/eth0/queues" "Mozilla/5.0 AppleWebKit/537.36 (KHTML, like Gecko; compatible; GPTBot/1.3; +https://openai.com/gptbot)"
74.7.243.240 - - [14/Feb/2026:07:37:44 +0530] "GET /?path=//sys/class/net/eth0/subsystem/lo/subsystem/eth0/device/net/eth0/device/driver/module/drivers/virtio:virtio_net/virtio2/net/eth0/queues/rx-0 HTTP/1.1" 200 20254 "http://www.rialindia.com/?path=//sys/class/net/eth0/subsystem/lo/subsystem/eth0/device/net/eth0/device/driver/module/drivers/virtio:virtio_net/virtio2/net/eth0/queues" "Mozilla/5.0 AppleWebKit/537.36 (KHTML, like Gecko; compatible; GPTBot/1.3; +https://openai.com/gptbot)"
74.7.243.240 - - [14/Feb/2026:07:37:44 +0530] "GET /?path=//sys/class/net/eth0/subsystem/lo/subsystem/eth0/device/net/eth0/device/driver/module/drivers/virtio:virtio_net/virtio2/net/eth0/queues/rx-6/virtio_net HTTP/1.1" 200 16898 "http://www.rialindia.com/?path=//sys/class/net/eth0/subsystem/lo/subsystem/eth0/device/net/eth0/device/driver/module/drivers/virtio:virtio_net/virtio2/net/eth0/queues/rx-6" "Mozilla/5.0 AppleWebKit/537.36 (KHTML, like Gecko; compatible; GPTBot/1.3; +https://openai.com/gptbot)"
74.7.243.240 - - [14/Feb/2026:07:37:45 +0530] "GET /?path=//sys/class/net/eth0/subsystem/lo/subsystem/eth0/device/net/eth0/device/driver/module/drivers/virtio:virtio_net/virtio2/net/eth0/queues/rx-4/virtio_net HTTP/1.1" 200 16898 "http://www.rialindia.com/?path=//sys/class/net/eth0/subsystem/lo/subsystem/eth0/device/net/eth0/device/driver/module/drivers/virtio:virtio_net/virtio2/net/eth0/queues/rx-4" "Mozilla/5.0 AppleWebKit/537.36 (KHTML, like Gecko; compatible; GPTBot/1.3; +https://openai.com/gptbot)"
74.7.243.240 - - [14/Feb/2026:07:37:45 +0530] "GET /?path=//sys/class/net/eth0/subsystem/lo/subsystem/eth0/device/net/eth0/device/driver/module/drivers/virtio:virtio_net/virtio2/net/eth0/queues/rx-1/virtio_net HTTP/1.1" 200 16898 "http://www.rialindia.com/?path=//sys/class/net/eth0/subsystem/lo/subsystem/eth0/device/net/eth0/device/driver/module/drivers/virtio:virtio_net/virtio2/net/eth0/queues/rx-1" "Mozilla/5.0 AppleWebKit/537.36 (KHTML, like Gecko; compatible; GPTBot/1.3; +https://openai.com/gptbot)"
74.7.243.240 - - [14/Feb/2026:07:37:46 +0530] "GET /?path=//sys/class/net/eth0/subsystem/lo/subsystem/eth0/device/net/eth0/device/driver/module/drivers/virtio:virtio_net/virtio2/net/eth0/queues/rx-3 HTTP/1.1" 200 20254 "http://www.rialindia.com/?path=//sys/class/net/eth0/subsystem/lo/subsystem/eth0/device/net/eth0/device/driver/module/drivers/virtio:virtio_net/virtio2/net/eth0/queues" "Mozilla/5.0 AppleWebKit/537.36 (KHTML, like Gecko; compatible; GPTBot/1.3; +https://openai.com/gptbot)"
74.7.243.240 - - [14/Feb/2026:07:37:47 +0530] "GET /?path=//sys/class/net/eth0/subsystem/lo/subsystem/eth0/device/net/eth0/device/driver/virtio2/driver/module/drivers/virtio:virtio_net/virtio2/net/eth0/queues HTTP/1.1" 200 42368 "http://www.rialindia.com/?path=//sys/class/net/eth0/subsystem/lo/subsystem/eth0/device/net/eth0/device/driver/virtio2/driver/module/drivers/virtio:virtio_net/virtio2/net/eth0" "Mozilla/5.0 AppleWebKit/537.36 (KHTML, like Gecko; compatible; GPTBot/1.3; +https://openai.com/gptbot)"
206.189.137.214 - - [14/Feb/2026:07:37:47 +0530] "GET /wp-includes/class-wp-block-templates-registry.php HTTP/1.1" 200 - "binance.com" "Mozilla/5.0 (Windows NT 10.0; Win64; x64) AppleWebKit/537.36 (KHTML, like Gecko) Chrome/90.0.4430.85 Safari/537.36"
74.7.243.240 - - [14/Feb/2026:07:37:47 +0530] "GET /?path=//sys/class/net/eth0/subsystem/lo/subsystem/eth0/device/net/eth0/device/driver/module/drivers/virtio:virtio_net/virtio2/net/eth0/queues/rx-5/virtio_net HTTP/1.1" 200 16898 "http://www.rialindia.com/?path=//sys/class/net/eth0/subsystem/lo/subsystem/eth0/device/net/eth0/device/driver/module/drivers/virtio:virtio_net/virtio2/net/eth0/queues/rx-5" "Mozilla/5.0 AppleWebKit/537.36 (KHTML, like Gecko; compatible; GPTBot/1.3; +https://openai.com/gptbot)"
74.7.243.240 - - [14/Feb/2026:07:37:48 +0530] "GET /?path=//sys/class/net/eth0/subsystem/lo/subsystem/eth0/device/net/eth0/device/driver/virtio2/driver/module/drivers/virtio:virtio_net/virtio2/net/eth0/power HTTP/1.1" 200 24800 "http://www.rialindia.com/?path=//sys/class/net/eth0/subsystem/lo/subsystem/eth0/device/net/eth0/device/driver/virtio2/driver/module/drivers/virtio:virtio_net/virtio2/net/eth0" "Mozilla/5.0 AppleWebKit/537.36 (KHTML, like Gecko; compatible; GPTBot/1.3; +https://openai.com/gptbot)"
74.7.243.240 - - [14/Feb/2026:07:37:49 +0530] "GET /?path=//sys/class/net/eth0/subsystem/lo/subsystem/eth0/device/net/eth0/device/driver/module/drivers/virtio:virtio_net/virtio2/driver/virtio2/net/eth0/power HTTP/1.1" 200 24821 "http://www.rialindia.com/?path=//sys/class/net/eth0/subsystem/lo/subsystem/eth0/device/net/eth0/device/driver/module/drivers/virtio:virtio_net/virtio2/driver/virtio2/net/eth0" "Mozilla/5.0 AppleWebKit/537.36 (KHTML, like Gecko; compatible; GPTBot/1.3; +https://openai.com/gptbot)"
74.7.243.240 - - [14/Feb/2026:07:37:49 +0530] "GET /?path=//sys/class/net/eth0/subsystem/lo/subsystem/eth0/device/net/eth0/device/driver/module/drivers/virtio:virtio_net/virtio2/driver/virtio2/net/eth0/queues HTTP/1.1" 200 42389 "http://www.rialindia.com/?path=//sys/class/net/eth0/subsystem/lo/subsystem/eth0/device/net/eth0/device/driver/module/drivers/virtio:virtio_net/virtio2/driver/virtio2/net/eth0" "Mozilla/5.0 AppleWebKit/537.36 (KHTML, like Gecko; compatible; GPTBot/1.3; +https://openai.com/gptbot)"
74.7.243.240 - - [14/Feb/2026:07:37:50 +0530] "GET /?path=//sys/class/net/eth0/subsystem/lo/subsystem/eth0/device/net/eth0/device/driver/module/drivers/virtio:virtio_net/virtio2/net/eth0/queues/rx-2/virtio_net HTTP/1.1" 200 16898 "http://www.rialindia.com/?path=//sys/class/net/eth0/subsystem/lo/subsystem/eth0/device/net/eth0/device/driver/module/drivers/virtio:virtio_net/virtio2/net/eth0/queues/rx-2" "Mozilla/5.0 AppleWebKit/537.36 (KHTML, like Gecko; compatible; GPTBot/1.3; +https://openai.com/gptbot)"
74.7.243.240 - - [14/Feb/2026:07:37:51 +0530] "GET /?path=//sys/class/net/eth0/subsystem/lo/subsystem/eth0/device/net/eth0/device/driver/module/drivers/virtio:virtio_net/virtio2/net/eth0/queues/rx-0/virtio_net HTTP/1.1" 200 16898 "http://www.rialindia.com/?path=//sys/class/net/eth0/subsystem/lo/subsystem/eth0/device/net/eth0/device/driver/module/drivers/virtio:virtio_net/virtio2/net/eth0/queues/rx-0" "Mozilla/5.0 AppleWebKit/537.36 (KHTML, like Gecko; compatible; GPTBot/1.3; +https://openai.com/gptbot)"
74.7.243.240 - - [14/Feb/2026:07:37:51 +0530] "GET /?path=//sys/class/net/eth0/subsystem/lo/subsystem/eth0/device/net/eth0/device/driver/module/drivers/virtio:virtio_net/virtio2/net/eth0/queues/rx-7/virtio_net HTTP/1.1" 200 16898 "http://www.rialindia.com/?path=//sys/class/net/eth0/subsystem/lo/subsystem/eth0/device/net/eth0/device/driver/module/drivers/virtio:virtio_net/virtio2/net/eth0/queues/rx-7" "Mozilla/5.0 AppleWebKit/537.36 (KHTML, like Gecko; compatible; GPTBot/1.3; +https://openai.com/gptbot)"
74.7.243.240 - - [14/Feb/2026:07:37:52 +0530] "GET /?path=//sys/class/net/eth0/subsystem/lo/subsystem/eth0/device/net/eth0/device/driver/module/drivers/virtio:virtio_net/virtio2/subsystem/devices/virtio3/subsystem HTTP/1.1" 200 24234 "http://www.rialindia.com/?path=//sys/class/net/eth0/subsystem/lo/subsystem/eth0/device/net/eth0/device/driver/module/drivers/virtio:virtio_net/virtio2/subsystem/devices/virtio3" "Mozilla/5.0 AppleWebKit/537.36 (KHTML, like Gecko; compatible; GPTBot/1.3; +https://openai.com/gptbot)"
74.7.243.240 - - [14/Feb/2026:07:37:53 +0530] "GET /?path=//sys/class/net/eth0/subsystem/lo/subsystem/eth0/device/net/eth0/device/driver/module/drivers/virtio:virtio_net/virtio2/subsystem/devices/virtio3/host0 HTTP/1.1" 200 23650 "http://www.rialindia.com/?path=//sys/class/net/eth0/subsystem/lo/subsystem/eth0/device/net/eth0/device/driver/module/drivers/virtio:virtio_net/virtio2/subsystem/devices/virtio3" "Mozilla/5.0 AppleWebKit/537.36 (KHTML, like Gecko; compatible; GPTBot/1.3; +https://openai.com/gptbot)"
74.7.243.240 - - [14/Feb/2026:07:37:54 +0530] "GET /?path=//sys/class/net/eth0/subsystem/lo/subsystem/eth0/device/net/eth0/device/driver/module/drivers/virtio:virtio_net/virtio2/net/eth0/queues/rx-3/virtio_net HTTP/1.1" 200 16898 "http://www.rialindia.com/?path=//sys/class/net/eth0/subsystem/lo/subsystem/eth0/device/net/eth0/device/driver/module/drivers/virtio:virtio_net/virtio2/net/eth0/queues/rx-3" "Mozilla/5.0 AppleWebKit/537.36 (KHTML, like Gecko; compatible; GPTBot/1.3; +https://openai.com/gptbot)"
206.189.137.214 - - [14/Feb/2026:07:37:55 +0530] "GET /wp-includes/class-wp-classic-to-block-menu-converter.php HTTP/1.1" 200 - "binance.com" "Mozilla/5.0 (Windows NT 10.0; Win64; x64) AppleWebKit/537.36 (KHTML, like Gecko) Chrome/90.0.4430.85 Safari/537.36"
74.7.243.240 - - [14/Feb/2026:07:37:55 +0530] "GET /?path=//sys/class/net/eth0/subsystem/lo/subsystem/eth0/device/net/eth0/device/driver/virtio2/subsystem/devices/virtio0/subsystem/drivers/virtio_net/module/notes HTTP/1.1" 200 18891 "http://www.rialindia.com/?path=//sys/class/net/eth0/subsystem/lo/subsystem/eth0/device/net/eth0/device/driver/virtio2/subsystem/devices/virtio0/subsystem/drivers/virtio_net/module" "Mozilla/5.0 AppleWebKit/537.36 (KHTML, like Gecko; compatible; GPTBot/1.3; +https://openai.com/gptbot)"
74.7.243.240 - - [14/Feb/2026:07:37:55 +0530] "GET /?path=//sys/class/net/eth0/subsystem/lo/subsystem/eth0/device/net/eth0/device/driver/virtio2/subsystem/devices/virtio0/subsystem/drivers/virtio_iommu HTTP/1.1" 200 20312 "http://www.rialindia.com/?path=//sys/class/net/eth0/subsystem/lo/subsystem/eth0/device/net/eth0/device/driver/virtio2/subsystem/devices/virtio0/subsystem/drivers" "Mozilla/5.0 AppleWebKit/537.36 (KHTML, like Gecko; compatible; GPTBot/1.3; +https://openai.com/gptbot)"
74.7.243.240 - - [14/Feb/2026:07:37:56 +0530] "GET /?path=//sys/class/net/eth0/subsystem/lo/subsystem/eth0/device/net/eth0/device/driver/module/drivers/virtio:virtio_net/virtio2/driver/virtio2/subsystem HTTP/1.1" 200 23842 "http://www.rialindia.com/?path=//sys/class/net/eth0/subsystem/lo/subsystem/eth0/device/net/eth0/device/driver/module/drivers/virtio:virtio_net/virtio2/driver/virtio2" "Mozilla/5.0 AppleWebKit/537.36 (KHTML, like Gecko; compatible; GPTBot/1.3; +https://openai.com/gptbot)"
74.7.243.240 - - [14/Feb/2026:07:37:57 +0530] "GET /?path=//sys/class/net/eth0/subsystem/lo/subsystem/eth0/device/net/eth0/device/driver/virtio2/subsystem/drivers/virtio_scsi/virtio3/subsystem/devices HTTP/1.1" 200 21366 "http://www.rialindia.com/?path=//sys/class/net/eth0/subsystem/lo/subsystem/eth0/device/net/eth0/device/driver/virtio2/subsystem/drivers/virtio_scsi/virtio3/subsystem" "Mozilla/5.0 AppleWebKit/537.36 (KHTML, like Gecko; compatible; GPTBot/1.3; +https://openai.com/gptbot)"
74.7.243.240 - - [14/Feb/2026:07:37:58 +0530] "GET /?path=//sys/class/net/eth0/subsystem/lo/subsystem/eth0/device/net/eth0/device/driver/virtio2/subsystem/devices/virtio1/subsystem/drivers/virtio_iommu HTTP/1.1" 200 20312 "http://www.rialindia.com/?path=//sys/class/net/eth0/subsystem/lo/subsystem/eth0/device/net/eth0/device/driver/virtio2/subsystem/devices/virtio1/subsystem/drivers" "Mozilla/5.0 AppleWebKit/537.36 (KHTML, like Gecko; compatible; GPTBot/1.3; +https://openai.com/gptbot)"
74.7.243.240 - - [14/Feb/2026:07:37:58 +0530] "GET /?path=//sys/class/net/eth0/subsystem/lo/subsystem/eth0/device/net/eth0/device/driver/virtio2/subsystem/drivers/virtio_balloon/virtio0/driver/module HTTP/1.1" 200 36734 "http://www.rialindia.com/?path=//sys/class/net/eth0/subsystem/lo/subsystem/eth0/device/net/eth0/device/driver/virtio2/subsystem/drivers/virtio_balloon/virtio0/driver" "Mozilla/5.0 AppleWebKit/537.36 (KHTML, like Gecko; compatible; GPTBot/1.3; +https://openai.com/gptbot)"
74.7.243.240 - - [14/Feb/2026:07:37:59 +0530] "GET /?path=//sys/class/net/eth0/subsystem/lo/subsystem/eth0/device/net/eth0/device/driver/module/drivers/virtio:virtio_net/virtio2/subsystem/devices/virtio3/power HTTP/1.1" 200 24714 "http://www.rialindia.com/?path=//sys/class/net/eth0/subsystem/lo/subsystem/eth0/device/net/eth0/device/driver/module/drivers/virtio:virtio_net/virtio2/subsystem/devices/virtio3" "Mozilla/5.0 AppleWebKit/537.36 (KHTML, like Gecko; compatible; GPTBot/1.3; +https://openai.com/gptbot)"
74.7.243.240 - - [14/Feb/2026:07:38:00 +0530] "GET /?fileloc=//sys/class/net/eth0/subsystem/lo/subsystem/eth0/device/net/eth0/device/driver/module/drivers/virtio:virtio_net/virtio2/net/eth0/queues/rx-7/virtio_net/mergeable_rx_buffer_size&path=//sys/class/net/eth0/subsystem/lo/subsystem/eth0/device/net/eth0/device/driver/module/drivers/virtio:virtio_net/virtio2/net/eth0/queues/rx-7/virtio_net HTTP/1.1" 200 14624 "http://www.rialindia.com/?path=//sys/class/net/eth0/subsystem/lo/subsystem/eth0/device/net/eth0/device/driver/module/drivers/virtio:virtio_net/virtio2/net/eth0/queues/rx-7/virtio_net" "Mozilla/5.0 AppleWebKit/537.36 (KHTML, like Gecko; compatible; GPTBot/1.3; +https://openai.com/gptbot)"
74.7.243.240 - - [14/Feb/2026:07:38:00 +0530] "GET /?path=//sys/class/net/eth0/subsystem/lo/subsystem/eth0/device/net/eth0/device/driver/module/drivers/virtio:virtio_net/virtio2/subsystem/devices/virtio3/subsystem/drivers HTTP/1.1" 200 27490 "http://www.rialindia.com/?path=//sys/class/net/eth0/subsystem/lo/subsystem/eth0/device/net/eth0/device/driver/module/drivers/virtio:virtio_net/virtio2/subsystem/devices/virtio3/subsystem" "Mozilla/5.0 AppleWebKit/537.36 (KHTML, like Gecko; compatible; GPTBot/1.3; +https://openai.com/gptbot)"
206.189.137.214 - - [14/Feb/2026:07:38:01 +0530] "GET /wp-includes/class-wp-dependencies.php HTTP/1.1" 200 - "binance.com" "Mozilla/5.0 (Windows NT 10.0; Win64; x64) AppleWebKit/537.36 (KHTML, like Gecko) Chrome/90.0.4430.85 Safari/537.36"
74.7.243.240 - - [14/Feb/2026:07:38:01 +0530] "GET /?path=//sys/class/net/eth0/subsystem/lo/subsystem/eth0/device/net/eth0/device/driver/module/drivers/virtio:virtio_net/virtio2/subsystem/devices/virtio3/host0/scsi_host HTTP/1.1" 200 16684 "http://www.rialindia.com/?path=//sys/class/net/eth0/subsystem/lo/subsystem/eth0/device/net/eth0/device/driver/module/drivers/virtio:virtio_net/virtio2/subsystem/devices/virtio3/host0" "Mozilla/5.0 AppleWebKit/537.36 (KHTML, like Gecko; compatible; GPTBot/1.3; +https://openai.com/gptbot)"
74.7.243.240 - - [14/Feb/2026:07:38:02 +0530] "GET /?path=//sys/class/net/eth0/subsystem/lo/subsystem/eth0/device/net/eth0/device/driver/module/drivers/virtio:virtio_net/virtio2/subsystem/devices/virtio3/host0/subsystem HTTP/1.1" 200 24526 "http://www.rialindia.com/?path=//sys/class/net/eth0/subsystem/lo/subsystem/eth0/device/net/eth0/device/driver/module/drivers/virtio:virtio_net/virtio2/subsystem/devices/virtio3/host0" "Mozilla/5.0 AppleWebKit/537.36 (KHTML, like Gecko; compatible; GPTBot/1.3; +https://openai.com/gptbot)"
74.7.243.240 - - [14/Feb/2026:07:38:03 +0530] "GET /?path=//sys/class/net/eth0/subsystem/lo/subsystem/eth0/device/net/eth0/device/driver/virtio2/subsystem/drivers/virtio_scsi/virtio3/host0/subsystem HTTP/1.1" 200 23750 "http://www.rialindia.com/?path=//sys/class/net/eth0/subsystem/lo/subsystem/eth0/device/net/eth0/device/driver/virtio2/subsystem/drivers/virtio_scsi/virtio3/host0" "Mozilla/5.0 AppleWebKit/537.36 (KHTML, like Gecko; compatible; GPTBot/1.3; +https://openai.com/gptbot)"
74.7.243.240 - - [14/Feb/2026:07:38:04 +0530] "GET /?path=//sys/class/net/eth0/subsystem/lo/subsystem/eth0/device/net/eth0/device/driver/virtio2/subsystem/devices/virtio1/subsystem/drivers/virtio_net HTTP/1.1" 200 23688 "http://www.rialindia.com/?path=//sys/class/net/eth0/subsystem/lo/subsystem/eth0/device/net/eth0/device/driver/virtio2/subsystem/devices/virtio1/subsystem/drivers" "Mozilla/5.0 AppleWebKit/537.36 (KHTML, like Gecko; compatible; GPTBot/1.3; +https://openai.com/gptbot)"
74.7.243.240 - - [14/Feb/2026:07:38:04 +0530] "GET /?path=//sys/class/net/eth0/subsystem/lo/subsystem/eth0/device/net/eth0/device/driver/module/drivers/virtio:virtio_net/virtio2/subsystem/devices/virtio1 HTTP/1.1" 200 33034 "http://www.rialindia.com/?path=//sys/class/net/eth0/subsystem/lo/subsystem/eth0/device/net/eth0/device/driver/module/drivers/virtio:virtio_net/virtio2/subsystem/devices" "Mozilla/5.0 AppleWebKit/537.36 (KHTML, like Gecko; compatible; GPTBot/1.3; +https://openai.com/gptbot)"
206.189.137.214 - - [14/Feb/2026:07:38:05 +0530] "GET /wp-includes/class-wp-duotone.php HTTP/1.1" 200 - "binance.com" "Mozilla/5.0 (Windows NT 10.0; Win64; x64) AppleWebKit/537.36 (KHTML, like Gecko) Chrome/90.0.4430.85 Safari/537.36"
74.7.243.240 - - [14/Feb/2026:07:38:05 +0530] "GET /?path=//sys/class/net/eth0/subsystem/lo/subsystem/eth0/device/net/eth0/device/driver/virtio2/subsystem/devices/virtio3/host0/subsystem/drivers/sr/module HTTP/1.1" 200 38990 "http://www.rialindia.com/?path=//sys/class/net/eth0/subsystem/lo/subsystem/eth0/device/net/eth0/device/driver/virtio2/subsystem/devices/virtio3/host0/subsystem/drivers/sr" "Mozilla/5.0 AppleWebKit/537.36 (KHTML, like Gecko; compatible; GPTBot/1.3; +https://openai.com/gptbot)"
74.7.243.240 - - [14/Feb/2026:07:38:06 +0530] "GET /?path=//sys/class/net/eth0/subsystem/lo/subsystem/eth0/device/net/eth0/device/driver/virtio2/subsystem/devices/virtio0/subsystem/drivers/virtio_net/virtio2 HTTP/1.1" 200 33288 "http://www.rialindia.com/?path=//sys/class/net/eth0/subsystem/lo/subsystem/eth0/device/net/eth0/device/driver/virtio2/subsystem/devices/virtio0/subsystem/drivers/virtio_net" "Mozilla/5.0 AppleWebKit/537.36 (KHTML, like Gecko; compatible; GPTBot/1.3; +https://openai.com/gptbot)"
74.7.243.240 - - [14/Feb/2026:07:38:07 +0530] "GET /?path=//sys/class/net/eth0/subsystem/lo/subsystem/eth0/device/net/eth0/device/driver/virtio2/subsystem/drivers/virtio_balloon/virtio0/driver/module/drivers HTTP/1.1" 200 16504 "http://www.rialindia.com/?path=//sys/class/net/eth0/subsystem/lo/subsystem/eth0/device/net/eth0/device/driver/virtio2/subsystem/drivers/virtio_balloon/virtio0/driver/module" "Mozilla/5.0 AppleWebKit/537.36 (KHTML, like Gecko; compatible; GPTBot/1.3; +https://openai.com/gptbot)"
74.7.243.240 - - [14/Feb/2026:07:38:07 +0530] "GET /?path=//sys/class/net/eth0/subsystem/lo/subsystem/eth0/device/net/eth0/device/driver/virtio2/subsystem/drivers/virtio_balloon/virtio0/driver/module/holders HTTP/1.1" 200 14720 "http://www.rialindia.com/?path=//sys/class/net/eth0/subsystem/lo/subsystem/eth0/device/net/eth0/device/driver/virtio2/subsystem/drivers/virtio_balloon/virtio0/driver/module" "Mozilla/5.0 AppleWebKit/537.36 (KHTML, like Gecko; compatible; GPTBot/1.3; +https://openai.com/gptbot)"
74.7.243.240 - - [14/Feb/2026:07:38:08 +0530] "GET /?path=//sys/class/net/eth0/subsystem/lo/subsystem/eth0/device/net/eth0/device/driver/virtio2/subsystem/drivers/virtio_console/virtio1/driver/module HTTP/1.1" 200 36734 "http://www.rialindia.com/?path=//sys/class/net/eth0/subsystem/lo/subsystem/eth0/device/net/eth0/device/driver/virtio2/subsystem/drivers/virtio_console/virtio1/driver" "Mozilla/5.0 AppleWebKit/537.36 (KHTML, like Gecko; compatible; GPTBot/1.3; +https://openai.com/gptbot)"
74.7.243.240 - - [14/Feb/2026:07:38:08 +0530] "GET /?path=//sys/class/net/eth0/subsystem/lo/subsystem/eth0/device/net/eth0/device/driver/module/drivers/virtio:virtio_net/virtio2/driver/virtio2/net/eth0/statistics HTTP/1.1" 200 62709 "http://www.rialindia.com/?path=//sys/class/net/eth0/subsystem/lo/subsystem/eth0/device/net/eth0/device/driver/module/drivers/virtio:virtio_net/virtio2/driver/virtio2/net/eth0" "Mozilla/5.0 AppleWebKit/537.36 (KHTML, like Gecko; compatible; GPTBot/1.3; +https://openai.com/gptbot)"
206.189.137.214 - - [14/Feb/2026:07:38:09 +0530] "GET /wp-includes/class-wp-exception.php HTTP/1.1" 200 - "binance.com" "Mozilla/5.0 (Windows NT 10.0; Win64; x64) AppleWebKit/537.36 (KHTML, like Gecko) Chrome/90.0.4430.85 Safari/537.36"
74.7.243.240 - - [14/Feb/2026:07:38:09 +0530] "GET /?path=//sys/class/net/eth0/subsystem/lo/subsystem/eth0/device/net/eth0/device/driver/virtio2/subsystem/devices/virtio1/subsystem/drivers/virtio_scsi HTTP/1.1" 200 23708 "http://www.rialindia.com/?path=//sys/class/net/eth0/subsystem/lo/subsystem/eth0/device/net/eth0/device/driver/virtio2/subsystem/devices/virtio1/subsystem/drivers" "Mozilla/5.0 AppleWebKit/537.36 (KHTML, like Gecko; compatible; GPTBot/1.3; +https://openai.com/gptbot)"
74.7.243.240 - - [14/Feb/2026:07:38:10 +0530] "GET /?path=//sys/class/net/eth0/subsystem/lo/subsystem/eth0/device/net/eth0/device/driver/module/drivers/virtio:virtio_net/virtio2/driver/virtio2/subsystem/drivers HTTP/1.1" 200 27054 "http://www.rialindia.com/?path=//sys/class/net/eth0/subsystem/lo/subsystem/eth0/device/net/eth0/device/driver/module/drivers/virtio:virtio_net/virtio2/driver/virtio2/subsystem" "Mozilla/5.0 AppleWebKit/537.36 (KHTML, like Gecko; compatible; GPTBot/1.3; +https://openai.com/gptbot)"
74.7.243.240 - - [14/Feb/2026:07:38:11 +0530] "GET /?path=//sys/class/net/eth0/subsystem/lo/subsystem/eth0/device/net/eth0/device/driver/virtio2/subsystem/drivers/virtio_scsi/virtio3/host0/subsystem/devices HTTP/1.1" 200 26790 "http://www.rialindia.com/?path=//sys/class/net/eth0/subsystem/lo/subsystem/eth0/device/net/eth0/device/driver/virtio2/subsystem/drivers/virtio_scsi/virtio3/host0/subsystem" "Mozilla/5.0 AppleWebKit/537.36 (KHTML, like Gecko; compatible; GPTBot/1.3; +https://openai.com/gptbot)"
74.7.243.240 - - [14/Feb/2026:07:38:12 +0530] "GET /?path=//sys/class/net/eth0/subsystem/lo/subsystem/eth0/device/net/eth0/device/driver/virtio2/driver/module/drivers/virtio:virtio_net/virtio2/net/eth0/statistics HTTP/1.1" 200 62688 "http://www.rialindia.com/?path=//sys/class/net/eth0/subsystem/lo/subsystem/eth0/device/net/eth0/device/driver/virtio2/driver/module/drivers/virtio:virtio_net/virtio2/net/eth0" "Mozilla/5.0 AppleWebKit/537.36 (KHTML, like Gecko; compatible; GPTBot/1.3; +https://openai.com/gptbot)"
74.7.243.240 - - [14/Feb/2026:07:38:12 +0530] "GET /?path=//sys/class/net/eth0/subsystem/lo/subsystem/eth0/device/net/eth0/device/driver/module/drivers/virtio:virtio_net/virtio2/subsystem/devices/virtio1/driver HTTP/1.1" 200 24098 "http://www.rialindia.com/?path=//sys/class/net/eth0/subsystem/lo/subsystem/eth0/device/net/eth0/device/driver/module/drivers/virtio:virtio_net/virtio2/subsystem/devices/virtio1" "Mozilla/5.0 AppleWebKit/537.36 (KHTML, like Gecko; compatible; GPTBot/1.3; +https://openai.com/gptbot)"
74.7.243.240 - - [14/Feb/2026:07:38:13 +0530] "GET /?path=//sys/class/net/eth0/subsystem/lo/subsystem/eth0/device/net/eth0/device/driver/virtio2/subsystem/devices/virtio0/subsystem/drivers/virtio_scsi/module HTTP/1.1" 200 37249 "http://www.rialindia.com/?path=//sys/class/net/eth0/subsystem/lo/subsystem/eth0/device/net/eth0/device/driver/virtio2/subsystem/devices/virtio0/subsystem/drivers/virtio_scsi" "Mozilla/5.0 AppleWebKit/537.36 (KHTML, like Gecko; compatible; GPTBot/1.3; +https://openai.com/gptbot)"
206.189.137.214 - - [14/Feb/2026:07:38:13 +0530] "GET /wp-includes/class-wp-http.php HTTP/1.1" 200 2 "binance.com" "Mozilla/5.0 (Windows NT 10.0; Win64; x64) AppleWebKit/537.36 (KHTML, like Gecko) Chrome/90.0.4430.85 Safari/537.36"
74.7.243.240 - - [14/Feb/2026:07:38:14 +0530] "GET /?path=//sys/class/net/eth0/subsystem/lo/subsystem/eth0/device/net/eth0/device/driver/virtio2/subsystem/devices/virtio0/subsystem/drivers/virtio_net/virtio2/net HTTP/1.1" 200 16610 "http://www.rialindia.com/?path=//sys/class/net/eth0/subsystem/lo/subsystem/eth0/device/net/eth0/device/driver/virtio2/subsystem/devices/virtio0/subsystem/drivers/virtio_net/virtio2" "Mozilla/5.0 AppleWebKit/537.36 (KHTML, like Gecko; compatible; GPTBot/1.3; +https://openai.com/gptbot)"
74.7.243.240 - - [14/Feb/2026:07:38:14 +0530] "GET /?path=//sys/class/net/eth0/subsystem/lo/subsystem/eth0/device/net/eth0/device/driver/virtio2/subsystem/devices/virtio3/host0/subsystem/drivers/sr/module/sections HTTP/1.1" 200 61118 "http://www.rialindia.com/?path=//sys/class/net/eth0/subsystem/lo/subsystem/eth0/device/net/eth0/device/driver/virtio2/subsystem/devices/virtio3/host0/subsystem/drivers/sr/module" "Mozilla/5.0 AppleWebKit/537.36 (KHTML, like Gecko; compatible; GPTBot/1.3; +https://openai.com/gptbot)"
74.7.243.240 - - [14/Feb/2026:07:38:16 +0530] "GET /?path=//sys/class/net/eth0/subsystem/lo/subsystem/eth0/device/net/eth0/device/driver/virtio2/subsystem/devices/virtio3/host0/subsystem/drivers/sr/module/notes HTTP/1.1" 200 19018 "http://www.rialindia.com/?path=//sys/class/net/eth0/subsystem/lo/subsystem/eth0/device/net/eth0/device/driver/virtio2/subsystem/devices/virtio3/host0/subsystem/drivers/sr/module" "Mozilla/5.0 AppleWebKit/537.36 (KHTML, like Gecko; compatible; GPTBot/1.3; +https://openai.com/gptbot)"
74.7.243.240 - - [14/Feb/2026:07:38:16 +0530] "GET /?path=//sys/class/net/eth0/subsystem/lo/subsystem/eth0/device/net/eth0/device/driver/virtio2/subsystem/devices/virtio3/host0/subsystem/drivers/sr/module/drivers HTTP/1.1" 200 16773 "http://www.rialindia.com/?path=//sys/class/net/eth0/subsystem/lo/subsystem/eth0/device/net/eth0/device/driver/virtio2/subsystem/devices/virtio3/host0/subsystem/drivers/sr/module" "Mozilla/5.0 AppleWebKit/537.36 (KHTML, like Gecko; compatible; GPTBot/1.3; +https://openai.com/gptbot)"
206.189.137.214 - - [14/Feb/2026:07:38:18 +0530] "GET /wp-includes/class-wp-navigation-fallback.php HTTP/1.1" 200 - "binance.com" "Mozilla/5.0 (Windows NT 10.0; Win64; x64) AppleWebKit/537.36 (KHTML, like Gecko) Chrome/90.0.4430.85 Safari/537.36"
74.7.243.240 - - [14/Feb/2026:07:38:18 +0530] "GET /?fileloc=//sys/class/net/eth0/subsystem/lo/subsystem/eth0/device/net/eth0/device/driver/module/drivers/virtio:virtio_net/virtio2/driver/virtio2/net/eth0/statistics/tx_compressed&path=//sys/class/net/eth0/subsystem/lo/subsystem/eth0/device/net/eth0/device/driver/module/drivers/virtio:virtio_net/virtio2/driver/virtio2/net/eth0/statistics HTTP/1.1" 200 14634 "http://www.rialindia.com/?path=//sys/class/net/eth0/subsystem/lo/subsystem/eth0/device/net/eth0/device/driver/module/drivers/virtio:virtio_net/virtio2/driver/virtio2/net/eth0/statistics" "Mozilla/5.0 AppleWebKit/537.36 (KHTML, like Gecko; compatible; GPTBot/1.3; +https://openai.com/gptbot)"
74.7.243.240 - - [14/Feb/2026:07:38:18 +0530] "GET /?path=//sys/class/net/eth0/subsystem/lo/subsystem/eth0/device/net/eth0/device/driver/virtio2/subsystem/drivers/virtio_console/virtio1/driver/module/holders HTTP/1.1" 200 14720 "http://www.rialindia.com/?path=//sys/class/net/eth0/subsystem/lo/subsystem/eth0/device/net/eth0/device/driver/virtio2/subsystem/drivers/virtio_console/virtio1/driver/module" "Mozilla/5.0 AppleWebKit/537.36 (KHTML, like Gecko; compatible; GPTBot/1.3; +https://openai.com/gptbot)"
74.7.243.240 - - [14/Feb/2026:07:38:19 +0530] "GET /?path=//sys/class/net/eth0/subsystem/lo/subsystem/eth0/device/net/eth0/device/driver/virtio2/subsystem/devices/virtio1/subsystem/drivers/virtio_scsi/module HTTP/1.1" 200 37249 "http://www.rialindia.com/?path=//sys/class/net/eth0/subsystem/lo/subsystem/eth0/device/net/eth0/device/driver/virtio2/subsystem/devices/virtio1/subsystem/drivers/virtio_scsi" "Mozilla/5.0 AppleWebKit/537.36 (KHTML, like Gecko; compatible; GPTBot/1.3; +https://openai.com/gptbot)"
74.7.243.240 - - [14/Feb/2026:07:38:19 +0530] "GET /?path=//sys/class/net/eth0/subsystem/lo/subsystem/eth0/device/net/eth0/device/driver/virtio2/subsystem/drivers/virtio_scsi/virtio3/host0/subsystem/devices/host1 HTTP/1.1" 200 22091 "http://www.rialindia.com/?path=//sys/class/net/eth0/subsystem/lo/subsystem/eth0/device/net/eth0/device/driver/virtio2/subsystem/drivers/virtio_scsi/virtio3/host0/subsystem/devices" "Mozilla/5.0 AppleWebKit/537.36 (KHTML, like Gecko; compatible; GPTBot/1.3; +https://openai.com/gptbot)"
74.7.243.240 - - [14/Feb/2026:07:38:20 +0530] "GET /?path=//sys/class/net/eth0/subsystem/lo/subsystem/eth0/device/net/eth0/device/driver/module/drivers/virtio:virtio_net/virtio2/subsystem/devices/virtio2 HTTP/1.1" 200 32998 "http://www.rialindia.com/?path=//sys/class/net/eth0/subsystem/lo/subsystem/eth0/device/net/eth0/device/driver/module/drivers/virtio:virtio_net/virtio2/subsystem/devices" "Mozilla/5.0 AppleWebKit/537.36 (KHTML, like Gecko; compatible; GPTBot/1.3; +https://openai.com/gptbot)"
74.7.243.240 - - [14/Feb/2026:07:38:21 +0530] "GET /?path=//sys/class/net/eth0/subsystem/lo/subsystem/eth0/device/net/eth0/device/driver/module/drivers/virtio:virtio_net/virtio2/subsystem/devices/virtio1/driver/virtio1 HTTP/1.1" 200 33943 "http://www.rialindia.com/?path=//sys/class/net/eth0/subsystem/lo/subsystem/eth0/device/net/eth0/device/driver/module/drivers/virtio:virtio_net/virtio2/subsystem/devices/virtio1/driver" "Mozilla/5.0 AppleWebKit/537.36 (KHTML, like Gecko; compatible; GPTBot/1.3; +https://openai.com/gptbot)"
74.7.243.240 - - [14/Feb/2026:07:38:22 +0530] "GET /?path=//sys/class/net/eth0/subsystem/lo/subsystem/eth0/device/net/eth0/device/driver/virtio2/subsystem/devices/virtio0/subsystem/drivers/virtio_scsi/module/notes HTTP/1.1" 200 18903 "http://www.rialindia.com/?path=//sys/class/net/eth0/subsystem/lo/subsystem/eth0/device/net/eth0/device/driver/virtio2/subsystem/devices/virtio0/subsystem/drivers/virtio_scsi/module" "Mozilla/5.0 AppleWebKit/537.36 (KHTML, like Gecko; compatible; GPTBot/1.3; +https://openai.com/gptbot)"
206.189.137.214 - - [14/Feb/2026:07:38:22 +0530] "GET /wp-includes/class-wp-phpmailer.php HTTP/1.1" 500 - "binance.com" "Mozilla/5.0 (Windows NT 10.0; Win64; x64) AppleWebKit/537.36 (KHTML, like Gecko) Chrome/90.0.4430.85 Safari/537.36"
74.7.243.240 - - [14/Feb/2026:07:38:22 +0530] "GET /?path=//sys/class/net/eth0/subsystem/lo/subsystem/eth0/device/net/eth0/device/driver/module/drivers/virtio:virtio_net/virtio2/subsystem/devices/virtio0/subsystem HTTP/1.1" 200 24234 "http://www.rialindia.com/?path=//sys/class/net/eth0/subsystem/lo/subsystem/eth0/device/net/eth0/device/driver/module/drivers/virtio:virtio_net/virtio2/subsystem/devices/virtio0" "Mozilla/5.0 AppleWebKit/537.36 (KHTML, like Gecko; compatible; GPTBot/1.3; +https://openai.com/gptbot)"
74.7.243.240 - - [14/Feb/2026:07:38:23 +0530] "GET /?path=//sys/class/net/eth0/subsystem/lo/subsystem/eth0/device/net/eth0/device/driver/virtio2/subsystem/devices/virtio3/driver/module/drivers/virtio:virtio_scsi HTTP/1.1" 200 24076 "http://www.rialindia.com/?path=//sys/class/net/eth0/subsystem/lo/subsystem/eth0/device/net/eth0/device/driver/virtio2/subsystem/devices/virtio3/driver/module/drivers" "Mozilla/5.0 AppleWebKit/537.36 (KHTML, like Gecko; compatible; GPTBot/1.3; +https://openai.com/gptbot)"
74.7.243.240 - - [14/Feb/2026:07:38:24 +0530] "GET /?path=//sys/class/net/eth0/subsystem/lo/subsystem/eth0/device/net/eth0/device/driver/virtio2/subsystem/devices/virtio3/subsystem/drivers/virtio_net HTTP/1.1" 200 23688 "http://www.rialindia.com/?path=//sys/class/net/eth0/subsystem/lo/subsystem/eth0/device/net/eth0/device/driver/virtio2/subsystem/devices/virtio3/subsystem/drivers" "Mozilla/5.0 AppleWebKit/537.36 (KHTML, like Gecko; compatible; GPTBot/1.3; +https://openai.com/gptbot)"
74.7.243.240 - - [14/Feb/2026:07:38:25 +0530] "GET /?path=//sys/class/net/eth0/subsystem/lo/subsystem/eth0/device/net/eth0/device/driver/virtio2/subsystem/devices/virtio3/host0/subsystem/drivers/sr/module/drivers/scsi:sr HTTP/1.1" 200 24761 "http://www.rialindia.com/?path=//sys/class/net/eth0/subsystem/lo/subsystem/eth0/device/net/eth0/device/driver/virtio2/subsystem/devices/virtio3/host0/subsystem/drivers/sr/module/drivers" "Mozilla/5.0 AppleWebKit/537.36 (KHTML, like Gecko; compatible; GPTBot/1.3; +https://openai.com/gptbot)"
74.7.243.240 - - [14/Feb/2026:07:38:26 +0530] "GET /?path=//sys/class/net/eth0/subsystem/lo/subsystem/eth0/device/net/eth0/device/driver/virtio2/subsystem/devices/virtio2/driver/module/drivers/virtio:virtio_net HTTP/1.1" 200 24056 "http://www.rialindia.com/?path=//sys/class/net/eth0/subsystem/lo/subsystem/eth0/device/net/eth0/device/driver/virtio2/subsystem/devices/virtio2/driver/module/drivers" "Mozilla/5.0 AppleWebKit/537.36 (KHTML, like Gecko; compatible; GPTBot/1.3; +https://openai.com/gptbot)"
74.7.243.240 - - [14/Feb/2026:07:38:27 +0530] "GET /?path=//sys/class/net/eth0/subsystem/lo/subsystem/eth0/device/net/eth0/device/driver/virtio2/subsystem/devices/virtio1/subsystem/drivers/virtio_net/module HTTP/1.1" 200 38939 "http://www.rialindia.com/?path=//sys/class/net/eth0/subsystem/lo/subsystem/eth0/device/net/eth0/device/driver/virtio2/subsystem/devices/virtio1/subsystem/drivers/virtio_net" "Mozilla/5.0 AppleWebKit/537.36 (KHTML, like Gecko; compatible; GPTBot/1.3; +https://openai.com/gptbot)"
206.189.137.214 - - [14/Feb/2026:07:38:28 +0530] "GET /wp-includes/class-wp-plugin-dependencies.php HTTP/1.1" 200 - "binance.com" "Mozilla/5.0 (Windows NT 10.0; Win64; x64) AppleWebKit/537.36 (KHTML, like Gecko) Chrome/90.0.4430.85 Safari/537.36"
74.7.243.240 - - [14/Feb/2026:07:38:28 +0530] "GET /?path=//sys/class/net/eth0/subsystem/lo/subsystem/eth0/device/net/eth0/device/driver/virtio2/subsystem/devices/virtio1/subsystem/drivers/virtio_scsi/module/notes HTTP/1.1" 200 18903 "http://www.rialindia.com/?path=//sys/class/net/eth0/subsystem/lo/subsystem/eth0/device/net/eth0/device/driver/virtio2/subsystem/devices/virtio1/subsystem/drivers/virtio_scsi/module" "Mozilla/5.0 AppleWebKit/537.36 (KHTML, like Gecko; compatible; GPTBot/1.3; +https://openai.com/gptbot)"
74.7.243.240 - - [14/Feb/2026:07:38:28 +0530] "GET /?path=//sys/class/net/eth0/subsystem/lo/subsystem/eth0/device/net/eth0/device/driver/virtio2/subsystem/devices/virtio3/host0/subsystem/drivers/sd/module HTTP/1.1" 200 38990 "http://www.rialindia.com/?path=//sys/class/net/eth0/subsystem/lo/subsystem/eth0/device/net/eth0/device/driver/virtio2/subsystem/devices/virtio3/host0/subsystem/drivers/sd" "Mozilla/5.0 AppleWebKit/537.36 (KHTML, like Gecko; compatible; GPTBot/1.3; +https://openai.com/gptbot)"
74.7.243.240 - - [14/Feb/2026:07:38:29 +0530] "GET /?path=//sys/class/net/eth0/subsystem/lo/subsystem/eth0/device/net/eth0/device/driver/module/drivers/virtio:virtio_net/virtio2/subsystem/devices/virtio2/net HTTP/1.1" 200 16448 "http://www.rialindia.com/?path=//sys/class/net/eth0/subsystem/lo/subsystem/eth0/device/net/eth0/device/driver/module/drivers/virtio:virtio_net/virtio2/subsystem/devices/virtio2" "Mozilla/5.0 AppleWebKit/537.36 (KHTML, like Gecko; compatible; GPTBot/1.3; +https://openai.com/gptbot)"
74.7.243.240 - - [14/Feb/2026:07:38:30 +0530] "GET /?path=//sys/class/net/eth0/subsystem/lo/subsystem/eth0/device/net/eth0/device/driver/module/drivers/virtio:virtio_net/virtio2/subsystem/devices/virtio1/driver/virtio1/power HTTP/1.1" 200 25398 "http://www.rialindia.com/?path=//sys/class/net/eth0/subsystem/lo/subsystem/eth0/device/net/eth0/device/driver/module/drivers/virtio:virtio_net/virtio2/subsystem/devices/virtio1/driver/virtio1" "Mozilla/5.0 AppleWebKit/537.36 (KHTML, like Gecko; compatible; GPTBot/1.3; +https://openai.com/gptbot)"
74.7.243.240 - - [14/Feb/2026:07:38:30 +0530] "GET /?path=//sys/class/net/eth0/subsystem/lo/subsystem/eth0/device/net/eth0/device/driver/module/drivers/virtio:virtio_net/virtio2/subsystem/devices/virtio2/driver HTTP/1.1" 200 24098 "http://www.rialindia.com/?path=//sys/class/net/eth0/subsystem/lo/subsystem/eth0/device/net/eth0/device/driver/module/drivers/virtio:virtio_net/virtio2/subsystem/devices/virtio2" "Mozilla/5.0 AppleWebKit/537.36 (KHTML, like Gecko; compatible; GPTBot/1.3; +https://openai.com/gptbot)"
74.7.243.240 - - [14/Feb/2026:07:38:31 +0530] "GET /?path=//sys/class/net/eth0/subsystem/lo/subsystem/eth0/device/net/eth0/device/driver/module/drivers/virtio:virtio_net/virtio2/subsystem/devices/virtio0/subsystem/drivers HTTP/1.1" 200 27490 "http://www.rialindia.com/?path=//sys/class/net/eth0/subsystem/lo/subsystem/eth0/device/net/eth0/device/driver/module/drivers/virtio:virtio_net/virtio2/subsystem/devices/virtio0/subsystem" "Mozilla/5.0 AppleWebKit/537.36 (KHTML, like Gecko; compatible; GPTBot/1.3; +https://openai.com/gptbot)"
74.7.243.240 - - [14/Feb/2026:07:38:32 +0530] "GET /?path=//sys/class/net/eth0/subsystem/lo/subsystem/eth0/device/net/eth0/device/driver/virtio2/subsystem/devices/virtio3/driver/module/drivers/virtio:virtio_scsi/module HTTP/1.1" 200 37914 "http://www.rialindia.com/?path=//sys/class/net/eth0/subsystem/lo/subsystem/eth0/device/net/eth0/device/driver/virtio2/subsystem/devices/virtio3/driver/module/drivers/virtio:virtio_scsi" "Mozilla/5.0 AppleWebKit/537.36 (KHTML, like Gecko; compatible; GPTBot/1.3; +https://openai.com/gptbot)"
206.189.137.214 - - [14/Feb/2026:07:38:32 +0530] "GET /wp-includes/class-wp-script-modules.php HTTP/1.1" 200 - "binance.com" "Mozilla/5.0 (Windows NT 10.0; Win64; x64) AppleWebKit/537.36 (KHTML, like Gecko) Chrome/90.0.4430.85 Safari/537.36"
74.7.243.240 - - [14/Feb/2026:07:38:32 +0530] "GET /?path=//sys/class/net/eth0/subsystem/lo/subsystem/eth0/device/net/eth0/device/driver/virtio2/subsystem/devices/virtio3/driver/module/drivers/virtio:virtio_scsi/virtio3 HTTP/1.1" 200 33912 "http://www.rialindia.com/?path=//sys/class/net/eth0/subsystem/lo/subsystem/eth0/device/net/eth0/device/driver/virtio2/subsystem/devices/virtio3/driver/module/drivers/virtio:virtio_scsi" "Mozilla/5.0 AppleWebKit/537.36 (KHTML, like Gecko; compatible; GPTBot/1.3; +https://openai.com/gptbot)"
74.7.243.240 - - [14/Feb/2026:07:38:33 +0530] "GET /?path=//sys/class/net/eth0/subsystem/lo/subsystem/eth0/device/net/eth0/device/driver/virtio2/subsystem/devices/virtio3/subsystem/drivers/virtio_net/virtio2 HTTP/1.1" 200 33288 "http://www.rialindia.com/?path=//sys/class/net/eth0/subsystem/lo/subsystem/eth0/device/net/eth0/device/driver/virtio2/subsystem/devices/virtio3/subsystem/drivers/virtio_net" "Mozilla/5.0 AppleWebKit/537.36 (KHTML, like Gecko; compatible; GPTBot/1.3; +https://openai.com/gptbot)"
74.7.243.240 - - [14/Feb/2026:07:38:34 +0530] "GET /?path=//sys/class/net/eth0/subsystem/lo/subsystem/eth0/device/net/eth0/device/driver/virtio2/subsystem/devices/virtio2/driver/module/drivers/virtio:virtio_net/virtio2 HTTP/1.1" 200 33865 "http://www.rialindia.com/?path=//sys/class/net/eth0/subsystem/lo/subsystem/eth0/device/net/eth0/device/driver/virtio2/subsystem/devices/virtio2/driver/module/drivers/virtio:virtio_net" "Mozilla/5.0 AppleWebKit/537.36 (KHTML, like Gecko; compatible; GPTBot/1.3; +https://openai.com/gptbot)"
74.7.243.240 - - [14/Feb/2026:07:38:35 +0530] "GET /?path=//sys/class/net/eth0/subsystem/lo/subsystem/eth0/device/net/eth0/device/driver/virtio2/subsystem/devices/virtio2/driver/module/drivers/virtio:virtio_net/module HTTP/1.1" 200 39637 "http://www.rialindia.com/?path=//sys/class/net/eth0/subsystem/lo/subsystem/eth0/device/net/eth0/device/driver/virtio2/subsystem/devices/virtio2/driver/module/drivers/virtio:virtio_net" "Mozilla/5.0 AppleWebKit/537.36 (KHTML, like Gecko; compatible; GPTBot/1.3; +https://openai.com/gptbot)"
74.7.243.240 - - [14/Feb/2026:07:38:36 +0530] "GET /?path=//sys/class/net/eth0/subsystem/lo/subsystem/eth0/device/net/eth0/device/driver/virtio2/subsystem/devices/virtio1/subsystem/drivers/virtio_rng HTTP/1.1" 200 20284 "http://www.rialindia.com/?path=//sys/class/net/eth0/subsystem/lo/subsystem/eth0/device/net/eth0/device/driver/virtio2/subsystem/devices/virtio1/subsystem/drivers" "Mozilla/5.0 AppleWebKit/537.36 (KHTML, like Gecko; compatible; GPTBot/1.3; +https://openai.com/gptbot)"
74.7.243.240 - - [14/Feb/2026:07:38:36 +0530] "GET /?path=//sys/class/net/eth0/subsystem/lo/subsystem/eth0/device/net/eth0/device/driver/virtio2/subsystem/devices/virtio3/host0/subsystem/drivers/sd/module/notes HTTP/1.1" 200 19018 "http://www.rialindia.com/?path=//sys/class/net/eth0/subsystem/lo/subsystem/eth0/device/net/eth0/device/driver/virtio2/subsystem/devices/virtio3/host0/subsystem/drivers/sd/module" "Mozilla/5.0 AppleWebKit/537.36 (KHTML, like Gecko; compatible; GPTBot/1.3; +https://openai.com/gptbot)"
74.7.243.240 - - [14/Feb/2026:07:38:37 +0530] "GET /?path=//sys/class/net/eth0/subsystem/lo/subsystem/eth0/device/net/eth0/device/driver/virtio2/subsystem/devices/virtio3/host0/subsystem/drivers/sd/module/sections HTTP/1.1" 200 91404 "http://www.rialindia.com/?path=//sys/class/net/eth0/subsystem/lo/subsystem/eth0/device/net/eth0/device/driver/virtio2/subsystem/devices/virtio3/host0/subsystem/drivers/sd/module" "Mozilla/5.0 AppleWebKit/537.36 (KHTML, like Gecko; compatible; GPTBot/1.3; +https://openai.com/gptbot)"
74.7.243.240 - - [14/Feb/2026:07:38:38 +0530] "GET /?path=//sys/class/net/eth0/subsystem/lo/subsystem/eth0/device/net/eth0/device/driver/virtio2/subsystem/devices/virtio3/host0/subsystem/drivers/sd/module/drivers HTTP/1.1" 200 16773 "http://www.rialindia.com/?path=//sys/class/net/eth0/subsystem/lo/subsystem/eth0/device/net/eth0/device/driver/virtio2/subsystem/devices/virtio3/host0/subsystem/drivers/sd/module" "Mozilla/5.0 AppleWebKit/537.36 (KHTML, like Gecko; compatible; GPTBot/1.3; +https://openai.com/gptbot)"
206.189.137.214 - - [14/Feb/2026:07:38:38 +0530] "GET /wp-includes/class-wp-scripts.php HTTP/1.1" 500 - "binance.com" "Mozilla/5.0 (Windows NT 10.0; Win64; x64) AppleWebKit/537.36 (KHTML, like Gecko) Chrome/90.0.4430.85 Safari/537.36"
74.7.243.240 - - [14/Feb/2026:07:38:38 +0530] "GET /?path=//sys/class/net/eth0/subsystem/lo/subsystem/eth0/device/net/eth0/device/driver/module/drivers/virtio:virtio_net/virtio2/subsystem/devices/virtio2/driver/virtio2 HTTP/1.1" 200 33907 "http://www.rialindia.com/?path=//sys/class/net/eth0/subsystem/lo/subsystem/eth0/device/net/eth0/device/driver/module/drivers/virtio:virtio_net/virtio2/subsystem/devices/virtio2/driver" "Mozilla/5.0 AppleWebKit/537.36 (KHTML, like Gecko; compatible; GPTBot/1.3; +https://openai.com/gptbot)"
74.7.243.240 - - [14/Feb/2026:07:38:39 +0530] "GET /?path=//sys/class/net/eth0/subsystem/lo/subsystem/eth0/device/net/eth0/device/driver/virtio2/subsystem/devices/virtio3/host0/subsystem/drivers/sd/module/holders HTTP/1.1" 200 15030 "http://www.rialindia.com/?path=//sys/class/net/eth0/subsystem/lo/subsystem/eth0/device/net/eth0/device/driver/virtio2/subsystem/devices/virtio3/host0/subsystem/drivers/sd/module" "Mozilla/5.0 AppleWebKit/537.36 (KHTML, like Gecko; compatible; GPTBot/1.3; +https://openai.com/gptbot)"
74.7.243.240 - - [14/Feb/2026:07:38:40 +0530] "GET /?path=//sys/class/net/eth0/subsystem/lo/subsystem/eth0/device/net/eth0/device/driver/virtio2/subsystem/devices/virtio3/driver/module/drivers/virtio:virtio_scsi/module/notes HTTP/1.1" 200 19183 "http://www.rialindia.com/?path=//sys/class/net/eth0/subsystem/lo/subsystem/eth0/device/net/eth0/device/driver/virtio2/subsystem/devices/virtio3/driver/module/drivers/virtio:virtio_scsi/module" "Mozilla/5.0 AppleWebKit/537.36 (KHTML, like Gecko; compatible; GPTBot/1.3; +https://openai.com/gptbot)"
74.7.243.240 - - [14/Feb/2026:07:38:41 +0530] "GET /?path=//sys/class/net/eth0/subsystem/lo/subsystem/eth0/device/net/eth0/device/driver/module/drivers/virtio:virtio_net/virtio2/subsystem/devices/virtio2/net/eth0 HTTP/1.1" 200 89021 "http://www.rialindia.com/?path=//sys/class/net/eth0/subsystem/lo/subsystem/eth0/device/net/eth0/device/driver/module/drivers/virtio:virtio_net/virtio2/subsystem/devices/virtio2/net" "Mozilla/5.0 AppleWebKit/537.36 (KHTML, like Gecko; compatible; GPTBot/1.3; +https://openai.com/gptbot)"
74.7.243.240 - - [14/Feb/2026:07:38:42 +0530] "GET /?path=//sys/class/net/eth0/subsystem/lo/subsystem/eth0/device/net/eth0/device/driver/virtio2/subsystem/devices/virtio3/subsystem/drivers/virtio_net/virtio2/net HTTP/1.1" 200 16610 "http://www.rialindia.com/?path=//sys/class/net/eth0/subsystem/lo/subsystem/eth0/device/net/eth0/device/driver/virtio2/subsystem/devices/virtio3/subsystem/drivers/virtio_net/virtio2" "Mozilla/5.0 AppleWebKit/537.36 (KHTML, like Gecko; compatible; GPTBot/1.3; +https://openai.com/gptbot)"
74.7.243.240 - - [14/Feb/2026:07:38:42 +0530] "GET /?path=//sys/class/net/eth0/subsystem/lo/subsystem/eth0/device/net/eth0/device/driver/virtio2/subsystem/devices/virtio2/driver/module/drivers/virtio:virtio_net/virtio2/power HTTP/1.1" 200 25356 "http://www.rialindia.com/?path=//sys/class/net/eth0/subsystem/lo/subsystem/eth0/device/net/eth0/device/driver/virtio2/subsystem/devices/virtio2/driver/module/drivers/virtio:virtio_net/virtio2" "Mozilla/5.0 AppleWebKit/537.36 (KHTML, like Gecko; compatible; GPTBot/1.3; +https://openai.com/gptbot)"
74.7.243.240 - - [14/Feb/2026:07:38:43 +0530] "GET /?path=//sys/class/net/eth0/subsystem/lo/subsystem/eth0/device/net/eth0/device/driver/virtio2/subsystem/devices/virtio2/driver/module/drivers/virtio:virtio_net/module/notes HTTP/1.1" 200 19171 "http://www.rialindia.com/?path=//sys/class/net/eth0/subsystem/lo/subsystem/eth0/device/net/eth0/device/driver/virtio2/subsystem/devices/virtio2/driver/module/drivers/virtio:virtio_net/module" "Mozilla/5.0 AppleWebKit/537.36 (KHTML, like Gecko; compatible; GPTBot/1.3; +https://openai.com/gptbot)"
74.7.243.240 - - [14/Feb/2026:07:38:44 +0530] "GET /?path=//sys/class/net/eth0/subsystem/lo/subsystem/eth0/device/net/eth0/device/driver/virtio2/subsystem/devices/virtio2/driver/module/drivers/virtio:virtio_net/virtio2/net HTTP/1.1" 200 16835 "http://www.rialindia.com/?path=//sys/class/net/eth0/subsystem/lo/subsystem/eth0/device/net/eth0/device/driver/virtio2/subsystem/devices/virtio2/driver/module/drivers/virtio:virtio_net/virtio2" "Mozilla/5.0 AppleWebKit/537.36 (KHTML, like Gecko; compatible; GPTBot/1.3; +https://openai.com/gptbot)"
74.7.243.240 - - [14/Feb/2026:07:38:44 +0530] "GET /?path=//sys/class/net/eth0/subsystem/lo/subsystem/eth0/device/net/eth0/device/driver/module/drivers/virtio:virtio_net/virtio2/subsystem/devices/virtio2/power HTTP/1.1" 200 24714 "http://www.rialindia.com/?path=//sys/class/net/eth0/subsystem/lo/subsystem/eth0/device/net/eth0/device/driver/module/drivers/virtio:virtio_net/virtio2/subsystem/devices/virtio2" "Mozilla/5.0 AppleWebKit/537.36 (KHTML, like Gecko; compatible; GPTBot/1.3; +https://openai.com/gptbot)"
206.189.137.214 - - [14/Feb/2026:07:38:45 +0530] "GET /wp-includes/class-wp-speculation-rules.php HTTP/1.1" 200 - "binance.com" "Mozilla/5.0 (Windows NT 10.0; Win64; x64) AppleWebKit/537.36 (KHTML, like Gecko) Chrome/90.0.4430.85 Safari/537.36"
74.7.243.240 - - [14/Feb/2026:07:38:45 +0530] "GET /?path=//sys/class/net/eth0/subsystem/lo/subsystem/eth0/device/net/eth0/device/driver/virtio2/subsystem/drivers/virtio_balloon/virtio0/driver/module/notes HTTP/1.1" 200 18668 "http://www.rialindia.com/?path=//sys/class/net/eth0/subsystem/lo/subsystem/eth0/device/net/eth0/device/driver/virtio2/subsystem/drivers/virtio_balloon/virtio0/driver/module" "Mozilla/5.0 AppleWebKit/537.36 (KHTML, like Gecko; compatible; GPTBot/1.3; +https://openai.com/gptbot)"
74.7.243.240 - - [14/Feb/2026:07:38:45 +0530] "GET /?path=//sys/class/net/eth0/subsystem/lo/subsystem/eth0/device/net/eth0/device/driver/virtio2/subsystem/devices/virtio3/host0/subsystem/drivers/sd/module/drivers/scsi:sd HTTP/1.1" 200 24761 "http://www.rialindia.com/?path=//sys/class/net/eth0/subsystem/lo/subsystem/eth0/device/net/eth0/device/driver/virtio2/subsystem/devices/virtio3/host0/subsystem/drivers/sd/module/drivers" "Mozilla/5.0 AppleWebKit/537.36 (KHTML, like Gecko; compatible; GPTBot/1.3; +https://openai.com/gptbot)"
74.7.243.240 - - [14/Feb/2026:07:38:46 +0530] "GET /?path=//sys/class/net/eth0/subsystem/lo/subsystem/eth0/device/net/eth0/device/driver/module/drivers/virtio:virtio_net/virtio2/subsystem/devices/virtio2/driver/virtio2/power HTTP/1.1" 200 25398 "http://www.rialindia.com/?path=//sys/class/net/eth0/subsystem/lo/subsystem/eth0/device/net/eth0/device/driver/module/drivers/virtio:virtio_net/virtio2/subsystem/devices/virtio2/driver/virtio2" "Mozilla/5.0 AppleWebKit/537.36 (KHTML, like Gecko; compatible; GPTBot/1.3; +https://openai.com/gptbot)"
74.7.243.240 - - [14/Feb/2026:07:38:47 +0530] "GET /?path=//sys/class/net/eth0/subsystem/lo/subsystem/eth0/device/net/eth0/device/driver/module/drivers/virtio:virtio_net/virtio2/subsystem/devices/virtio2/driver/virtio2/net HTTP/1.1" 200 16877 "http://www.rialindia.com/?path=//sys/class/net/eth0/subsystem/lo/subsystem/eth0/device/net/eth0/device/driver/module/drivers/virtio:virtio_net/virtio2/subsystem/devices/virtio2/driver/virtio2" "Mozilla/5.0 AppleWebKit/537.36 (KHTML, like Gecko; compatible; GPTBot/1.3; +https://openai.com/gptbot)"
