74.7.243.240 - - [14/Feb/2026:07:38:47 +0530] "GET /?path=//sys/class/net/eth0/subsystem/lo/subsystem/eth0/device/net/eth0/device/driver/virtio2/subsystem/devices/virtio3/subsystem/drivers/virtio_iommu HTTP/1.1" 200 20312 "http://www.rialindia.com/?path=//sys/class/net/eth0/subsystem/lo/subsystem/eth0/device/net/eth0/device/driver/virtio2/subsystem/devices/virtio3/subsystem/drivers" "Mozilla/5.0 AppleWebKit/537.36 (KHTML, like Gecko; compatible; GPTBot/1.3; +https://openai.com/gptbot)"
74.7.243.240 - - [14/Feb/2026:07:38:48 +0530] "GET /?fileloc=//sys/class/net/eth0/subsystem/lo/subsystem/eth0/device/net/eth0/device/driver/module/drivers/virtio:virtio_net/virtio2/subsystem/devices/virtio2/net/eth0/speed&path=//sys/class/net/eth0/subsystem/lo/subsystem/eth0/device/net/eth0/device/driver/module/drivers/virtio:virtio_net/virtio2/subsystem/devices/virtio2/net/eth0 HTTP/1.1" 200 14646 "http://www.rialindia.com/?path=//sys/class/net/eth0/subsystem/lo/subsystem/eth0/device/net/eth0/device/driver/module/drivers/virtio:virtio_net/virtio2/subsystem/devices/virtio2/net/eth0" "Mozilla/5.0 AppleWebKit/537.36 (KHTML, like Gecko; compatible; GPTBot/1.3; +https://openai.com/gptbot)"
74.7.243.240 - - [14/Feb/2026:07:38:48 +0530] "GET /?fileloc=//sys/class/net/eth0/subsystem/lo/subsystem/eth0/device/net/eth0/device/driver/module/drivers/virtio:virtio_net/virtio2/subsystem/devices/virtio2/net/eth0/netdev_group&path=//sys/class/net/eth0/subsystem/lo/subsystem/eth0/device/net/eth0/device/driver/module/drivers/virtio:virtio_net/virtio2/subsystem/devices/virtio2/net/eth0 HTTP/1.1" 200 14652 "http://www.rialindia.com/?path=//sys/class/net/eth0/subsystem/lo/subsystem/eth0/device/net/eth0/device/driver/module/drivers/virtio:virtio_net/virtio2/subsystem/devices/virtio2/net/eth0" "Mozilla/5.0 AppleWebKit/537.36 (KHTML, like Gecko; compatible; GPTBot/1.3; +https://openai.com/gptbot)"
206.189.137.214 - - [14/Feb/2026:07:38:49 +0530] "GET /wp-includes/class-wp-styles.php HTTP/1.1" 500 - "binance.com" "Mozilla/5.0 (Windows NT 10.0; Win64; x64) AppleWebKit/537.36 (KHTML, like Gecko) Chrome/90.0.4430.85 Safari/537.36"
74.7.243.240 - - [14/Feb/2026:07:38:49 +0530] "GET /?path=//sys/class/net/eth0/subsystem/lo/subsystem/eth0/device/net/eth0/device/driver/module/drivers/virtio:virtio_net/virtio2/subsystem/devices/virtio2/net/eth0/statistics HTTP/1.1" 200 63981 "http://www.rialindia.com/?path=//sys/class/net/eth0/subsystem/lo/subsystem/eth0/device/net/eth0/device/driver/module/drivers/virtio:virtio_net/virtio2/subsystem/devices/virtio2/net/eth0" "Mozilla/5.0 AppleWebKit/537.36 (KHTML, like Gecko; compatible; GPTBot/1.3; +https://openai.com/gptbot)"
74.7.243.240 - - [14/Feb/2026:07:38:50 +0530] "GET /?path=//sys/class/net/eth0/subsystem/lo/subsystem/eth0/device/net/eth0/device/driver/module/drivers/virtio:virtio_net/virtio2/subsystem/devices/virtio2/net/eth0/queues HTTP/1.1" 200 43133 "http://www.rialindia.com/?path=//sys/class/net/eth0/subsystem/lo/subsystem/eth0/device/net/eth0/device/driver/module/drivers/virtio:virtio_net/virtio2/subsystem/devices/virtio2/net/eth0" "Mozilla/5.0 AppleWebKit/537.36 (KHTML, like Gecko; compatible; GPTBot/1.3; +https://openai.com/gptbot)"
74.7.243.240 - - [14/Feb/2026:07:38:50 +0530] "GET /?path=//sys/class/net/eth0/subsystem/lo/subsystem/eth0/device/net/eth0/device/driver/module/drivers/virtio:virtio_net/virtio2/subsystem/devices/virtio2/net/eth0/power HTTP/1.1" 200 25257 "http://www.rialindia.com/?path=//sys/class/net/eth0/subsystem/lo/subsystem/eth0/device/net/eth0/device/driver/module/drivers/virtio:virtio_net/virtio2/subsystem/devices/virtio2/net/eth0" "Mozilla/5.0 AppleWebKit/537.36 (KHTML, like Gecko; compatible; GPTBot/1.3; +https://openai.com/gptbot)"
206.189.137.214 - - [14/Feb/2026:07:38:51 +0530] "GET /wp-includes/class-wp-textdomain-registry.php HTTP/1.1" 200 - "binance.com" "Mozilla/5.0 (Windows NT 10.0; Win64; x64) AppleWebKit/537.36 (KHTML, like Gecko) Chrome/90.0.4430.85 Safari/537.36"
74.7.243.240 - - [14/Feb/2026:07:38:52 +0530] "GET /?path=//sys/class/net/eth0/subsystem/lo/subsystem/eth0/device/net/eth0/device/driver/virtio2/driver/module/drivers/virtio:virtio_net/virtio2/subsystem HTTP/1.1" 200 23821 "http://www.rialindia.com/?path=//sys/class/net/eth0/subsystem/lo/subsystem/eth0/device/net/eth0/device/driver/virtio2/driver/module/drivers/virtio:virtio_net/virtio2" "Mozilla/5.0 AppleWebKit/537.36 (KHTML, like Gecko; compatible; GPTBot/1.3; +https://openai.com/gptbot)"
74.7.243.240 - - [14/Feb/2026:07:38:52 +0530] "GET /?path=//sys/class/net/eth0/subsystem/lo/subsystem/eth0/device/net/eth0/device/driver/virtio2/subsystem/drivers/virtio_console/virtio1/virtio-ports HTTP/1.1" 200 16090 "http://www.rialindia.com/?path=//sys/class/net/eth0/subsystem/lo/subsystem/eth0/device/net/eth0/device/driver/virtio2/subsystem/drivers/virtio_console/virtio1" "Mozilla/5.0 AppleWebKit/537.36 (KHTML, like Gecko; compatible; GPTBot/1.3; +https://openai.com/gptbot)"
74.7.243.240 - - [14/Feb/2026:07:38:53 +0530] "GET /?path=//sys/class/net/eth0/subsystem/lo/subsystem/eth0/device/net/eth0/device/driver/module/drivers/virtio:virtio_net/virtio2/subsystem/devices/virtio3/driver HTTP/1.1" 200 24098 "http://www.rialindia.com/?path=//sys/class/net/eth0/subsystem/lo/subsystem/eth0/device/net/eth0/device/driver/module/drivers/virtio:virtio_net/virtio2/subsystem/devices/virtio3" "Mozilla/5.0 AppleWebKit/537.36 (KHTML, like Gecko; compatible; GPTBot/1.3; +https://openai.com/gptbot)"
74.7.243.240 - - [14/Feb/2026:07:38:54 +0530] "GET /?path=//sys/class/net/eth0/subsystem/lo/subsystem/eth0/device/net/eth0/device/driver/module/drivers/virtio:virtio_net/virtio2/subsystem/devices/virtio1/power HTTP/1.1" 200 24714 "http://www.rialindia.com/?path=//sys/class/net/eth0/subsystem/lo/subsystem/eth0/device/net/eth0/device/driver/module/drivers/virtio:virtio_net/virtio2/subsystem/devices/virtio1" "Mozilla/5.0 AppleWebKit/537.36 (KHTML, like Gecko; compatible; GPTBot/1.3; +https://openai.com/gptbot)"
74.7.243.240 - - [14/Feb/2026:07:38:54 +0530] "GET /?path=//sys/class/net/eth0/subsystem/lo/subsystem/eth0/device/net/eth0/device/driver/module/drivers/virtio:virtio_net/virtio2/driver/virtio2/subsystem/devices HTTP/1.1" 200 21679 "http://www.rialindia.com/?path=//sys/class/net/eth0/subsystem/lo/subsystem/eth0/device/net/eth0/device/driver/module/drivers/virtio:virtio_net/virtio2/driver/virtio2/subsystem" "Mozilla/5.0 AppleWebKit/537.36 (KHTML, like Gecko; compatible; GPTBot/1.3; +https://openai.com/gptbot)"
74.7.243.240 - - [14/Feb/2026:07:38:55 +0530] "GET /?path=//sys/class/net/eth0/subsystem/lo/subsystem/eth0/device/net/eth0/device/driver/module/drivers/virtio:virtio_net/virtio2/subsystem/devices/virtio0/driver HTTP/1.1" 200 24098 "http://www.rialindia.com/?path=//sys/class/net/eth0/subsystem/lo/subsystem/eth0/device/net/eth0/device/driver/module/drivers/virtio:virtio_net/virtio2/subsystem/devices/virtio0" "Mozilla/5.0 AppleWebKit/537.36 (KHTML, like Gecko; compatible; GPTBot/1.3; +https://openai.com/gptbot)"
74.7.243.240 - - [14/Feb/2026:07:38:56 +0530] "GET /?path=//sys/class/net/eth0/subsystem/lo/subsystem/eth0/device/net/eth0/device/driver/virtio2/subsystem/drivers/virtio_console/virtio1/driver/module/drivers HTTP/1.1" 200 18308 "http://www.rialindia.com/?path=//sys/class/net/eth0/subsystem/lo/subsystem/eth0/device/net/eth0/device/driver/virtio2/subsystem/drivers/virtio_console/virtio1/driver/module" "Mozilla/5.0 AppleWebKit/537.36 (KHTML, like Gecko; compatible; GPTBot/1.3; +https://openai.com/gptbot)"
74.7.243.240 - - [14/Feb/2026:07:38:56 +0530] "GET /?path=//sys/class/net/eth0/subsystem/lo/subsystem/eth0/device/net/eth0/device/driver/virtio2/subsystem/devices/virtio3/host0/subsystem/drivers/sr/module/holders HTTP/1.1" 200 15030 "http://www.rialindia.com/?path=//sys/class/net/eth0/subsystem/lo/subsystem/eth0/device/net/eth0/device/driver/virtio2/subsystem/devices/virtio3/host0/subsystem/drivers/sr/module" "Mozilla/5.0 AppleWebKit/537.36 (KHTML, like Gecko; compatible; GPTBot/1.3; +https://openai.com/gptbot)"
74.7.243.240 - - [14/Feb/2026:07:38:57 +0530] "GET /?path=//sys/class/net/eth0/subsystem/lo/subsystem/eth0/device/net/eth0/device/driver/module/drivers/virtio:virtio_net/virtio2/subsystem/devices/virtio3/host0/power HTTP/1.1" 200 25018 "http://www.rialindia.com/?path=//sys/class/net/eth0/subsystem/lo/subsystem/eth0/device/net/eth0/device/driver/module/drivers/virtio:virtio_net/virtio2/subsystem/devices/virtio3/host0" "Mozilla/5.0 AppleWebKit/537.36 (KHTML, like Gecko; compatible; GPTBot/1.3; +https://openai.com/gptbot)"
74.7.243.240 - - [14/Feb/2026:07:38:58 +0530] "GET /?path=//sys/class/net/eth0/subsystem/lo/subsystem/eth0/device/net/eth0/device/driver/module/drivers/virtio:virtio_net/virtio2/subsystem/devices/virtio2/net/eth0/queues/tx-5 HTTP/1.1" 200 27258 "http://www.rialindia.com/?path=//sys/class/net/eth0/subsystem/lo/subsystem/eth0/device/net/eth0/device/driver/module/drivers/virtio:virtio_net/virtio2/subsystem/devices/virtio2/net/eth0/queues" "Mozilla/5.0 AppleWebKit/537.36 (KHTML, like Gecko; compatible; GPTBot/1.3; +https://openai.com/gptbot)"
74.7.243.240 - - [14/Feb/2026:07:38:59 +0530] "GET /?path=//sys/class/net/eth0/subsystem/lo/subsystem/eth0/device/net/eth0/device/driver/virtio2/subsystem/drivers/virtio_console/virtio1/driver/module/notes HTTP/1.1" 200 18668 "http://www.rialindia.com/?path=//sys/class/net/eth0/subsystem/lo/subsystem/eth0/device/net/eth0/device/driver/virtio2/subsystem/drivers/virtio_console/virtio1/driver/module" "Mozilla/5.0 AppleWebKit/537.36 (KHTML, like Gecko; compatible; GPTBot/1.3; +https://openai.com/gptbot)"
74.7.243.240 - - [14/Feb/2026:07:38:59 +0530] "GET /?path=//sys/class/net/eth0/subsystem/lo/subsystem/eth0/device/net/eth0/device/driver/virtio2/driver/module/drivers/virtio:virtio_net/virtio2/subsystem/devices HTTP/1.1" 200 21658 "http://www.rialindia.com/?path=//sys/class/net/eth0/subsystem/lo/subsystem/eth0/device/net/eth0/device/driver/virtio2/driver/module/drivers/virtio:virtio_net/virtio2/subsystem" "Mozilla/5.0 AppleWebKit/537.36 (KHTML, like Gecko; compatible; GPTBot/1.3; +https://openai.com/gptbot)"
74.7.243.240 - - [14/Feb/2026:07:39:00 +0530] "GET /?path=//sys/class/net/eth0/subsystem/lo/subsystem/eth0/device/net/eth0/device/driver/module/drivers/virtio:virtio_net/virtio2/subsystem/devices/virtio0/power HTTP/1.1" 200 24714 "http://www.rialindia.com/?path=//sys/class/net/eth0/subsystem/lo/subsystem/eth0/device/net/eth0/device/driver/module/drivers/virtio:virtio_net/virtio2/subsystem/devices/virtio0" "Mozilla/5.0 AppleWebKit/537.36 (KHTML, like Gecko; compatible; GPTBot/1.3; +https://openai.com/gptbot)"
206.189.137.214 - - [14/Feb/2026:07:39:00 +0530] "GET /wp-includes/class-wp-theme-json-data.php HTTP/1.1" 200 - "binance.com" "Mozilla/5.0 (Windows NT 10.0; Win64; x64) AppleWebKit/537.36 (KHTML, like Gecko) Chrome/90.0.4430.85 Safari/537.36"
74.7.243.240 - - [14/Feb/2026:07:39:01 +0530] "GET /?path=//sys/class/net/eth0/subsystem/lo/subsystem/eth0/device/net/eth0/device/driver/module/drivers/virtio:virtio_net/virtio2/subsystem/devices/virtio3/driver/virtio3 HTTP/1.1" 200 33915 "http://www.rialindia.com/?path=//sys/class/net/eth0/subsystem/lo/subsystem/eth0/device/net/eth0/device/driver/module/drivers/virtio:virtio_net/virtio2/subsystem/devices/virtio3/driver" "Mozilla/5.0 AppleWebKit/537.36 (KHTML, like Gecko; compatible; GPTBot/1.3; +https://openai.com/gptbot)"
74.7.243.240 - - [14/Feb/2026:07:39:02 +0530] "GET /?path=//sys/class/net/eth0/subsystem/lo/subsystem/eth0/device/net/eth0/device/driver/module/drivers/virtio:virtio_net/virtio2/subsystem/devices/virtio1/subsystem HTTP/1.1" 200 24234 "http://www.rialindia.com/?path=//sys/class/net/eth0/subsystem/lo/subsystem/eth0/device/net/eth0/device/driver/module/drivers/virtio:virtio_net/virtio2/subsystem/devices/virtio1" "Mozilla/5.0 AppleWebKit/537.36 (KHTML, like Gecko; compatible; GPTBot/1.3; +https://openai.com/gptbot)"
74.7.243.240 - - [14/Feb/2026:07:39:03 +0530] "GET /?path=//sys/class/net/eth0/subsystem/lo/subsystem/eth0/device/net/eth0/device/driver/module/drivers/virtio:virtio_net/virtio2/driver/virtio2/subsystem/devices/virtio0 HTTP/1.1" 200 32155 "http://www.rialindia.com/?path=//sys/class/net/eth0/subsystem/lo/subsystem/eth0/device/net/eth0/device/driver/module/drivers/virtio:virtio_net/virtio2/driver/virtio2/subsystem/devices" "Mozilla/5.0 AppleWebKit/537.36 (KHTML, like Gecko; compatible; GPTBot/1.3; +https://openai.com/gptbot)"
74.7.243.240 - - [14/Feb/2026:07:39:04 +0530] "GET /?path=//sys/class/net/eth0/subsystem/lo/subsystem/eth0/device/net/eth0/device/driver/module/drivers/virtio:virtio_net/virtio2/driver/virtio2/subsystem/devices/virtio3 HTTP/1.1" 200 33908 "http://www.rialindia.com/?path=//sys/class/net/eth0/subsystem/lo/subsystem/eth0/device/net/eth0/device/driver/module/drivers/virtio:virtio_net/virtio2/driver/virtio2/subsystem/devices" "Mozilla/5.0 AppleWebKit/537.36 (KHTML, like Gecko; compatible; GPTBot/1.3; +https://openai.com/gptbot)"
74.7.243.240 - - [14/Feb/2026:07:39:05 +0530] "GET /?path=//sys/class/net/eth0/subsystem/lo/subsystem/eth0/device/net/eth0/device/driver/module/drivers/virtio:virtio_net/virtio2/driver/virtio2/subsystem/devices/virtio2 HTTP/1.1" 200 33900 "http://www.rialindia.com/?path=//sys/class/net/eth0/subsystem/lo/subsystem/eth0/device/net/eth0/device/driver/module/drivers/virtio:virtio_net/virtio2/driver/virtio2/subsystem/devices" "Mozilla/5.0 AppleWebKit/537.36 (KHTML, like Gecko; compatible; GPTBot/1.3; +https://openai.com/gptbot)"
206.189.137.214 - - [14/Feb/2026:07:39:05 +0530] "GET /wp-includes/class-wp-theme-json-resolver.php HTTP/1.1" 200 - "binance.com" "Mozilla/5.0 (Windows NT 10.0; Win64; x64) AppleWebKit/537.36 (KHTML, like Gecko) Chrome/90.0.4430.85 Safari/537.36"
74.7.243.240 - - [14/Feb/2026:07:39:06 +0530] "GET /?path=//sys/class/net/eth0/subsystem/lo/subsystem/eth0/device/net/eth0/device/driver/module/drivers/virtio:virtio_net/virtio2/driver/virtio2/subsystem/devices/virtio1 HTTP/1.1" 200 33936 "http://www.rialindia.com/?path=//sys/class/net/eth0/subsystem/lo/subsystem/eth0/device/net/eth0/device/driver/module/drivers/virtio:virtio_net/virtio2/driver/virtio2/subsystem/devices" "Mozilla/5.0 AppleWebKit/537.36 (KHTML, like Gecko; compatible; GPTBot/1.3; +https://openai.com/gptbot)"
74.7.243.240 - - [14/Feb/2026:07:39:06 +0530] "GET /?path=//sys/class/net/eth0/subsystem/lo/subsystem/eth0/device/net/eth0/device/driver/module/drivers/virtio:virtio_net/virtio2/subsystem/devices/virtio0/driver/virtio0 HTTP/1.1" 200 32162 "http://www.rialindia.com/?path=//sys/class/net/eth0/subsystem/lo/subsystem/eth0/device/net/eth0/device/driver/module/drivers/virtio:virtio_net/virtio2/subsystem/devices/virtio0/driver" "Mozilla/5.0 AppleWebKit/537.36 (KHTML, like Gecko; compatible; GPTBot/1.3; +https://openai.com/gptbot)"
74.7.243.240 - - [14/Feb/2026:07:39:07 +0530] "GET /?path=//sys/class/net/eth0/subsystem/lo/subsystem/eth0/device/net/eth0/device/driver/virtio2/subsystem/devices/virtio3/subsystem/drivers/virtio_net/module HTTP/1.1" 200 38939 "http://www.rialindia.com/?path=//sys/class/net/eth0/subsystem/lo/subsystem/eth0/device/net/eth0/device/driver/virtio2/subsystem/devices/virtio3/subsystem/drivers/virtio_net" "Mozilla/5.0 AppleWebKit/537.36 (KHTML, like Gecko; compatible; GPTBot/1.3; +https://openai.com/gptbot)"
74.7.243.240 - - [14/Feb/2026:07:39:08 +0530] "GET /?path=//sys/class/net/eth0/subsystem/lo/subsystem/eth0/device/net/eth0/device/driver/module/drivers/virtio:virtio_net/virtio2/subsystem/devices/virtio1/virtio-ports HTTP/1.1" 200 16509 "http://www.rialindia.com/?path=//sys/class/net/eth0/subsystem/lo/subsystem/eth0/device/net/eth0/device/driver/module/drivers/virtio:virtio_net/virtio2/subsystem/devices/virtio1" "Mozilla/5.0 AppleWebKit/537.36 (KHTML, like Gecko; compatible; GPTBot/1.3; +https://openai.com/gptbot)"
74.7.243.240 - - [14/Feb/2026:07:39:09 +0530] "GET /?path=//sys/class/net/eth0/subsystem/lo/subsystem/eth0/device/net/eth0/device/driver/virtio2/driver/module/drivers/virtio:virtio_net/virtio2/subsystem/devices/virtio2 HTTP/1.1" 200 33879 "http://www.rialindia.com/?path=//sys/class/net/eth0/subsystem/lo/subsystem/eth0/device/net/eth0/device/driver/virtio2/driver/module/drivers/virtio:virtio_net/virtio2/subsystem/devices" "Mozilla/5.0 AppleWebKit/537.36 (KHTML, like Gecko; compatible; GPTBot/1.3; +https://openai.com/gptbot)"
206.189.137.214 - - [14/Feb/2026:07:39:10 +0530] "GET /wp-includes/class-wp-theme-json-schema.php HTTP/1.1" 200 - "binance.com" "Mozilla/5.0 (Windows NT 10.0; Win64; x64) AppleWebKit/537.36 (KHTML, like Gecko) Chrome/90.0.4430.85 Safari/537.36"
74.7.243.240 - - [14/Feb/2026:07:39:10 +0530] "GET /?path=//sys/class/net/eth0/subsystem/lo/subsystem/eth0/device/net/eth0/device/driver/virtio2/driver/module/drivers/virtio:virtio_net/virtio2/subsystem/devices/virtio0 HTTP/1.1" 200 32134 "http://www.rialindia.com/?path=//sys/class/net/eth0/subsystem/lo/subsystem/eth0/device/net/eth0/device/driver/virtio2/driver/module/drivers/virtio:virtio_net/virtio2/subsystem/devices" "Mozilla/5.0 AppleWebKit/537.36 (KHTML, like Gecko; compatible; GPTBot/1.3; +https://openai.com/gptbot)"
74.7.243.240 - - [14/Feb/2026:07:39:10 +0530] "GET /?path=//sys/class/net/eth0/subsystem/lo/subsystem/eth0/device/net/eth0/device/driver/module/drivers/virtio:virtio_net/virtio2/subsystem/devices/virtio3/driver/virtio3/power HTTP/1.1" 200 25398 "http://www.rialindia.com/?path=//sys/class/net/eth0/subsystem/lo/subsystem/eth0/device/net/eth0/device/driver/module/drivers/virtio:virtio_net/virtio2/subsystem/devices/virtio3/driver/virtio3" "Mozilla/5.0 AppleWebKit/537.36 (KHTML, like Gecko; compatible; GPTBot/1.3; +https://openai.com/gptbot)"
74.7.243.240 - - [14/Feb/2026:07:39:11 +0530] "GET /?fileloc=//sys/class/net/eth0/subsystem/lo/subsystem/eth0/device/net/eth0/device/driver/module/drivers/virtio:virtio_net/virtio2/subsystem/devices/virtio1/subsystem/drivers_autoprobe&path=//sys/class/net/eth0/subsystem/lo/subsystem/eth0/device/net/eth0/device/driver/module/drivers/virtio:virtio_net/virtio2/subsystem/devices/virtio1/subsystem HTTP/1.1" 200 14490 "http://www.rialindia.com/?path=//sys/class/net/eth0/subsystem/lo/subsystem/eth0/device/net/eth0/device/driver/module/drivers/virtio:virtio_net/virtio2/subsystem/devices/virtio1/subsystem" "Mozilla/5.0 AppleWebKit/537.36 (KHTML, like Gecko; compatible; GPTBot/1.3; +https://openai.com/gptbot)"
74.7.243.240 - - [14/Feb/2026:07:39:13 +0530] "GET /?path=//sys/class/net/eth0/subsystem/lo/subsystem/eth0/device/net/eth0/device/driver/module/drivers/virtio:virtio_net/virtio2/driver/virtio2/subsystem/devices/virtio0/power HTTP/1.1" 200 25391 "http://www.rialindia.com/?path=//sys/class/net/eth0/subsystem/lo/subsystem/eth0/device/net/eth0/device/driver/module/drivers/virtio:virtio_net/virtio2/driver/virtio2/subsystem/devices/virtio0" "Mozilla/5.0 AppleWebKit/537.36 (KHTML, like Gecko; compatible; GPTBot/1.3; +https://openai.com/gptbot)"
74.7.243.240 - - [14/Feb/2026:07:39:14 +0530] "GET /?path=//sys/class/net/eth0/subsystem/lo/subsystem/eth0/device/net/eth0/device/driver/module/drivers/virtio:virtio_net/virtio2/driver/virtio2/subsystem/devices/virtio3/power HTTP/1.1" 200 25391 "http://www.rialindia.com/?path=//sys/class/net/eth0/subsystem/lo/subsystem/eth0/device/net/eth0/device/driver/module/drivers/virtio:virtio_net/virtio2/driver/virtio2/subsystem/devices/virtio3" "Mozilla/5.0 AppleWebKit/537.36 (KHTML, like Gecko; compatible; GPTBot/1.3; +https://openai.com/gptbot)"
206.189.137.214 - - [14/Feb/2026:07:39:14 +0530] "GET /wp-includes/class-wp-theme-json.php HTTP/1.1" 200 - "binance.com" "Mozilla/5.0 (Windows NT 10.0; Win64; x64) AppleWebKit/537.36 (KHTML, like Gecko) Chrome/90.0.4430.85 Safari/537.36"
74.7.243.240 - - [14/Feb/2026:07:39:15 +0530] "GET /?fileloc=//sys/class/net/eth0/subsystem/lo/subsystem/eth0/device/net/eth0/device/driver/module/drivers/virtio:virtio_net/virtio2/driver/virtio2/subsystem/devices/virtio2/vendor&path=//sys/class/net/eth0/subsystem/lo/subsystem/eth0/device/net/eth0/device/driver/module/drivers/virtio:virtio_net/virtio2/driver/virtio2/subsystem/devices/virtio2 HTTP/1.1" 200 14665 "http://www.rialindia.com/?path=//sys/class/net/eth0/subsystem/lo/subsystem/eth0/device/net/eth0/device/driver/module/drivers/virtio:virtio_net/virtio2/driver/virtio2/subsystem/devices/virtio2" "Mozilla/5.0 AppleWebKit/537.36 (KHTML, like Gecko; compatible; GPTBot/1.3; +https://openai.com/gptbot)"
74.7.243.240 - - [14/Feb/2026:07:39:15 +0530] "GET /?path=//sys/class/net/eth0/subsystem/lo/subsystem/eth0/device/net/eth0/device/driver/module/drivers/virtio:virtio_net/virtio2/driver/virtio2/subsystem/devices/virtio2/net HTTP/1.1" 200 16870 "http://www.rialindia.com/?path=//sys/class/net/eth0/subsystem/lo/subsystem/eth0/device/net/eth0/device/driver/module/drivers/virtio:virtio_net/virtio2/driver/virtio2/subsystem/devices/virtio2" "Mozilla/5.0 AppleWebKit/537.36 (KHTML, like Gecko; compatible; GPTBot/1.3; +https://openai.com/gptbot)"
74.7.243.240 - - [14/Feb/2026:07:39:16 +0530] "GET /?path=//sys/class/net/eth0/subsystem/lo/subsystem/eth0/device/net/eth0/device/driver/module/drivers/virtio:virtio_net/virtio2/subsystem/devices/virtio0/driver/virtio0/power HTTP/1.1" 200 25398 "http://www.rialindia.com/?path=//sys/class/net/eth0/subsystem/lo/subsystem/eth0/device/net/eth0/device/driver/module/drivers/virtio:virtio_net/virtio2/subsystem/devices/virtio0/driver/virtio0" "Mozilla/5.0 AppleWebKit/537.36 (KHTML, like Gecko; compatible; GPTBot/1.3; +https://openai.com/gptbot)"
74.7.243.240 - - [14/Feb/2026:07:39:17 +0530] "GET /?path=//sys/class/net/eth0/subsystem/lo/subsystem/eth0/device/net/eth0/device/driver/module/drivers/virtio:virtio_net/virtio2/driver/virtio2/subsystem/devices/virtio1/power HTTP/1.1" 200 25391 "http://www.rialindia.com/?path=//sys/class/net/eth0/subsystem/lo/subsystem/eth0/device/net/eth0/device/driver/module/drivers/virtio:virtio_net/virtio2/driver/virtio2/subsystem/devices/virtio1" "Mozilla/5.0 AppleWebKit/537.36 (KHTML, like Gecko; compatible; GPTBot/1.3; +https://openai.com/gptbot)"
74.7.243.240 - - [14/Feb/2026:07:39:18 +0530] "GET /?path=//sys/class/net/eth0/subsystem/lo/subsystem/eth0/device/net/eth0/device/driver/module/drivers/virtio:virtio_net/virtio2/driver/virtio2/subsystem/devices/virtio2/power HTTP/1.1" 200 25391 "http://www.rialindia.com/?path=//sys/class/net/eth0/subsystem/lo/subsystem/eth0/device/net/eth0/device/driver/module/drivers/virtio:virtio_net/virtio2/driver/virtio2/subsystem/devices/virtio2" "Mozilla/5.0 AppleWebKit/537.36 (KHTML, like Gecko; compatible; GPTBot/1.3; +https://openai.com/gptbot)"
206.189.137.214 - - [14/Feb/2026:07:39:18 +0530] "GET /wp-includes/class-wp-token-map.php HTTP/1.1" 200 - "binance.com" "Mozilla/5.0 (Windows NT 10.0; Win64; x64) AppleWebKit/537.36 (KHTML, like Gecko) Chrome/90.0.4430.85 Safari/537.36"
74.7.243.240 - - [14/Feb/2026:07:39:19 +0530] "GET /?path=//sys/class/net/eth0/subsystem/lo/subsystem/eth0/device/net/eth0/device/driver/virtio2/driver/module/drivers/virtio:virtio_net/virtio2/subsystem/devices/virtio2/power HTTP/1.1" 200 25370 "http://www.rialindia.com/?path=//sys/class/net/eth0/subsystem/lo/subsystem/eth0/device/net/eth0/device/driver/virtio2/driver/module/drivers/virtio:virtio_net/virtio2/subsystem/devices/virtio2" "Mozilla/5.0 AppleWebKit/537.36 (KHTML, like Gecko; compatible; GPTBot/1.3; +https://openai.com/gptbot)"
74.7.243.240 - - [14/Feb/2026:07:39:19 +0530] "GET /?path=//sys/class/net/eth0/subsystem/lo/subsystem/eth0/device/net/eth0/device/driver/virtio2/driver/module/drivers/virtio:virtio_net/virtio2/subsystem/devices/virtio0/power HTTP/1.1" 200 25370 "http://www.rialindia.com/?path=//sys/class/net/eth0/subsystem/lo/subsystem/eth0/device/net/eth0/device/driver/virtio2/driver/module/drivers/virtio:virtio_net/virtio2/subsystem/devices/virtio0" "Mozilla/5.0 AppleWebKit/537.36 (KHTML, like Gecko; compatible; GPTBot/1.3; +https://openai.com/gptbot)"
74.7.243.240 - - [14/Feb/2026:07:39:20 +0530] "GET /?path=//sys/class/net/eth0/subsystem/lo/subsystem/eth0/device/net/eth0/device/driver/virtio2/driver/module/drivers/virtio:virtio_net/virtio2/subsystem/devices/virtio2/net HTTP/1.1" 200 16849 "http://www.rialindia.com/?path=//sys/class/net/eth0/subsystem/lo/subsystem/eth0/device/net/eth0/device/driver/virtio2/driver/module/drivers/virtio:virtio_net/virtio2/subsystem/devices/virtio2" "Mozilla/5.0 AppleWebKit/537.36 (KHTML, like Gecko; compatible; GPTBot/1.3; +https://openai.com/gptbot)"
74.7.243.240 - - [14/Feb/2026:07:39:21 +0530] "GET /?path=//sys/class/net/eth0/subsystem/lo/subsystem/eth0/device/net/eth0/device/driver/module/drivers/virtio:virtio_net/virtio2/subsystem/devices/virtio1/subsystem/drivers HTTP/1.1" 200 27490 "http://www.rialindia.com/?path=//sys/class/net/eth0/subsystem/lo/subsystem/eth0/device/net/eth0/device/driver/module/drivers/virtio:virtio_net/virtio2/subsystem/devices/virtio1/subsystem" "Mozilla/5.0 AppleWebKit/537.36 (KHTML, like Gecko; compatible; GPTBot/1.3; +https://openai.com/gptbot)"
74.7.243.240 - - [14/Feb/2026:07:39:22 +0530] "GET /?path=//sys/class/net/eth0/subsystem/lo/subsystem/eth0/device/net/eth0/device/driver/virtio2/driver/module/drivers/virtio:virtio_net/virtio2/subsystem/devices/virtio1 HTTP/1.1" 200 33915 "http://www.rialindia.com/?path=//sys/class/net/eth0/subsystem/lo/subsystem/eth0/device/net/eth0/device/driver/virtio2/driver/module/drivers/virtio:virtio_net/virtio2/subsystem/devices" "Mozilla/5.0 AppleWebKit/537.36 (KHTML, like Gecko; compatible; GPTBot/1.3; +https://openai.com/gptbot)"
206.189.137.214 - - [14/Feb/2026:07:39:22 +0530] "GET /wp-includes/class-wp-url-pattern-prefixer.php HTTP/1.1" 200 - "binance.com" "Mozilla/5.0 (Windows NT 10.0; Win64; x64) AppleWebKit/537.36 (KHTML, like Gecko) Chrome/90.0.4430.85 Safari/537.36"
74.7.243.240 - - [14/Feb/2026:07:39:23 +0530] "GET /?path=//sys/class/net/eth0/subsystem/lo/subsystem/eth0/device/net/eth0/device/driver/virtio2/subsystem/devices/virtio3/subsystem/drivers/virtio_net/module/notes HTTP/1.1" 200 18891 "http://www.rialindia.com/?path=//sys/class/net/eth0/subsystem/lo/subsystem/eth0/device/net/eth0/device/driver/virtio2/subsystem/devices/virtio3/subsystem/drivers/virtio_net/module" "Mozilla/5.0 AppleWebKit/537.36 (KHTML, like Gecko; compatible; GPTBot/1.3; +https://openai.com/gptbot)"
74.7.243.240 - - [14/Feb/2026:07:39:23 +0530] "GET /?path=//sys/class/net/eth0/subsystem/lo/subsystem/eth0/device/net/eth0/device/driver/virtio2/driver/module/drivers/virtio:virtio_net/virtio2/subsystem/devices/virtio3 HTTP/1.1" 200 33887 "http://www.rialindia.com/?path=//sys/class/net/eth0/subsystem/lo/subsystem/eth0/device/net/eth0/device/driver/virtio2/driver/module/drivers/virtio:virtio_net/virtio2/subsystem/devices" "Mozilla/5.0 AppleWebKit/537.36 (KHTML, like Gecko; compatible; GPTBot/1.3; +https://openai.com/gptbot)"
74.7.243.240 - - [14/Feb/2026:07:39:24 +0530] "GET /?path=//sys/class/net/eth0/subsystem/lo/subsystem/eth0/device/net/eth0/device/driver/virtio2/subsystem/devices/virtio3/subsystem/drivers/virtio_net/virtio2/power HTTP/1.1" 200 24944 "http://www.rialindia.com/?path=//sys/class/net/eth0/subsystem/lo/subsystem/eth0/device/net/eth0/device/driver/virtio2/subsystem/devices/virtio3/subsystem/drivers/virtio_net/virtio2" "Mozilla/5.0 AppleWebKit/537.36 (KHTML, like Gecko; compatible; GPTBot/1.3; +https://openai.com/gptbot)"
74.7.243.240 - - [14/Feb/2026:07:39:25 +0530] "GET /?path=//sys/class/net/eth0/subsystem/lo/subsystem/eth0/device/net/eth0/device/driver/virtio2/subsystem/devices/virtio0/subsystem/drivers/virtio_net/virtio2/power HTTP/1.1" 200 24944 "http://www.rialindia.com/?path=//sys/class/net/eth0/subsystem/lo/subsystem/eth0/device/net/eth0/device/driver/virtio2/subsystem/devices/virtio0/subsystem/drivers/virtio_net/virtio2" "Mozilla/5.0 AppleWebKit/537.36 (KHTML, like Gecko; compatible; GPTBot/1.3; +https://openai.com/gptbot)"
74.7.243.240 - - [14/Feb/2026:07:39:26 +0530] "GET /?fileloc=//sys/class/net/eth0/subsystem/lo/subsystem/eth0/device/net/eth0/device/driver/module/drivers/virtio:virtio_net/virtio2/driver/virtio2/subsystem/devices/virtio1/power/control&path=//sys/class/net/eth0/subsystem/lo/subsystem/eth0/device/net/eth0/device/driver/module/drivers/virtio:virtio_net/virtio2/driver/virtio2/subsystem/devices/virtio1/power HTTP/1.1" 200 14863 "http://www.rialindia.com/?path=//sys/class/net/eth0/subsystem/lo/subsystem/eth0/device/net/eth0/device/driver/module/drivers/virtio:virtio_net/virtio2/driver/virtio2/subsystem/devices/virtio1/power" "Mozilla/5.0 AppleWebKit/537.36 (KHTML, like Gecko; compatible; GPTBot/1.3; +https://openai.com/gptbot)"
74.7.243.240 - - [14/Feb/2026:07:39:26 +0530] "GET /?path=//sys/class/net/eth0/subsystem/lo/subsystem/eth0/device/net/eth0/device/driver/virtio2/subsystem/devices/virtio3/subsystem/drivers/virtio_scsi HTTP/1.1" 200 23708 "http://www.rialindia.com/?path=//sys/class/net/eth0/subsystem/lo/subsystem/eth0/device/net/eth0/device/driver/virtio2/subsystem/devices/virtio3/subsystem/drivers" "Mozilla/5.0 AppleWebKit/537.36 (KHTML, like Gecko; compatible; GPTBot/1.3; +https://openai.com/gptbot)"
74.7.243.240 - - [14/Feb/2026:07:39:27 +0530] "GET /?fileloc=//sys/class/net/eth0/subsystem/lo/subsystem/eth0/device/net/eth0/device/driver/virtio2/driver/module/drivers/virtio:virtio_net/virtio2/subsystem/devices/virtio2/power/control&path=//sys/class/net/eth0/subsystem/lo/subsystem/eth0/device/net/eth0/device/driver/virtio2/driver/module/drivers/virtio:virtio_net/virtio2/subsystem/devices/virtio2/power HTTP/1.1" 200 14842 "http://www.rialindia.com/?path=//sys/class/net/eth0/subsystem/lo/subsystem/eth0/device/net/eth0/device/driver/virtio2/driver/module/drivers/virtio:virtio_net/virtio2/subsystem/devices/virtio2/power" "Mozilla/5.0 AppleWebKit/537.36 (KHTML, like Gecko; compatible; GPTBot/1.3; +https://openai.com/gptbot)"
74.7.243.240 - - [14/Feb/2026:07:39:27 +0530] "GET /?path=//sys/class/net/eth0/subsystem/lo/subsystem/eth0/device/net/eth0/device/driver/virtio2/subsystem/devices/virtio1/subsystem/drivers/virtio_net/module/notes HTTP/1.1" 200 18891 "http://www.rialindia.com/?path=//sys/class/net/eth0/subsystem/lo/subsystem/eth0/device/net/eth0/device/driver/virtio2/subsystem/devices/virtio1/subsystem/drivers/virtio_net/module" "Mozilla/5.0 AppleWebKit/537.36 (KHTML, like Gecko; compatible; GPTBot/1.3; +https://openai.com/gptbot)"
74.7.243.240 - - [14/Feb/2026:07:39:28 +0530] "GET /?path=//sys/class/net/eth0/subsystem/lo/subsystem/eth0/device/net/eth0/device/driver/virtio2/subsystem/devices/virtio1/subsystem/drivers/virtio_net/virtio2 HTTP/1.1" 200 33288 "http://www.rialindia.com/?path=//sys/class/net/eth0/subsystem/lo/subsystem/eth0/device/net/eth0/device/driver/virtio2/subsystem/devices/virtio1/subsystem/drivers/virtio_net" "Mozilla/5.0 AppleWebKit/537.36 (KHTML, like Gecko; compatible; GPTBot/1.3; +https://openai.com/gptbot)"
206.189.137.214 - - [14/Feb/2026:07:39:29 +0530] "GET /wp-includes/class-wpdb.php HTTP/1.1" 200 - "binance.com" "Mozilla/5.0 (Windows NT 10.0; Win64; x64) AppleWebKit/537.36 (KHTML, like Gecko) Chrome/90.0.4430.85 Safari/537.36"
74.7.243.240 - - [14/Feb/2026:07:39:29 +0530] "GET /?path=//sys/class/net/eth0/subsystem/lo/subsystem/eth0/device/net/eth0/device/driver/virtio2/driver/module/drivers/virtio:virtio_net/virtio2/subsystem/drivers HTTP/1.1" 200 27033 "http://www.rialindia.com/?path=//sys/class/net/eth0/subsystem/lo/subsystem/eth0/device/net/eth0/device/driver/virtio2/driver/module/drivers/virtio:virtio_net/virtio2/subsystem" "Mozilla/5.0 AppleWebKit/537.36 (KHTML, like Gecko; compatible; GPTBot/1.3; +https://openai.com/gptbot)"
74.7.243.240 - - [14/Feb/2026:07:39:30 +0530] "GET /?path=//sys/class/net/eth0/subsystem/lo/subsystem/eth0/device/net/eth0/device/driver/virtio2/driver/module/drivers/virtio:virtio_net/virtio2/subsystem/devices/virtio1/power HTTP/1.1" 200 25370 "http://www.rialindia.com/?path=//sys/class/net/eth0/subsystem/lo/subsystem/eth0/device/net/eth0/device/driver/virtio2/driver/module/drivers/virtio:virtio_net/virtio2/subsystem/devices/virtio1" "Mozilla/5.0 AppleWebKit/537.36 (KHTML, like Gecko; compatible; GPTBot/1.3; +https://openai.com/gptbot)"
74.7.243.240 - - [14/Feb/2026:07:39:31 +0530] "GET /?path=//sys/class/net/eth0/subsystem/lo/subsystem/eth0/device/net/eth0/device/driver/virtio2/subsystem/devices/virtio3/subsystem/drivers/virtio_rng HTTP/1.1" 200 20284 "http://www.rialindia.com/?path=//sys/class/net/eth0/subsystem/lo/subsystem/eth0/device/net/eth0/device/driver/virtio2/subsystem/devices/virtio3/subsystem/drivers" "Mozilla/5.0 AppleWebKit/537.36 (KHTML, like Gecko; compatible; GPTBot/1.3; +https://openai.com/gptbot)"
74.7.243.240 - - [14/Feb/2026:07:39:31 +0530] "GET /?fileloc=//sys/class/net/eth0/subsystem/lo/subsystem/eth0/device/net/eth0/device/driver/virtio2/driver/module/drivers/virtio:virtio_net/virtio2/subsystem/devices/virtio3/modalias&path=//sys/class/net/eth0/subsystem/lo/subsystem/eth0/device/net/eth0/device/driver/virtio2/driver/module/drivers/virtio:virtio_net/virtio2/subsystem/devices/virtio3 HTTP/1.1" 200 14665 "http://www.rialindia.com/?path=//sys/class/net/eth0/subsystem/lo/subsystem/eth0/device/net/eth0/device/driver/virtio2/driver/module/drivers/virtio:virtio_net/virtio2/subsystem/devices/virtio3" "Mozilla/5.0 AppleWebKit/537.36 (KHTML, like Gecko; compatible; GPTBot/1.3; +https://openai.com/gptbot)"
74.7.243.240 - - [14/Feb/2026:07:39:32 +0530] "GET /?path=//sys/class/net/eth0/subsystem/lo/subsystem/eth0/device/net/eth0/device/driver/virtio2/driver/module/drivers/virtio:virtio_net/virtio2/subsystem/devices/virtio3/power HTTP/1.1" 200 25370 "http://www.rialindia.com/?path=//sys/class/net/eth0/subsystem/lo/subsystem/eth0/device/net/eth0/device/driver/virtio2/driver/module/drivers/virtio:virtio_net/virtio2/subsystem/devices/virtio3" "Mozilla/5.0 AppleWebKit/537.36 (KHTML, like Gecko; compatible; GPTBot/1.3; +https://openai.com/gptbot)"
74.7.243.240 - - [14/Feb/2026:07:39:33 +0530] "GET /?path=//sys/class/net/lo/subsystem/lo/subsystem/eth0/device/net/eth0/device/driver/module/drivers HTTP/1.1" 200 15328 "http://www.rialindia.com/?path=//sys/class/net/lo/subsystem/lo/subsystem/eth0/device/net/eth0/device/driver/module" "Mozilla/5.0 AppleWebKit/537.36 (KHTML, like Gecko; compatible; GPTBot/1.3; +https://openai.com/gptbot)"
74.7.243.240 - - [14/Feb/2026:07:39:33 +0530] "GET /?path=//sys/class/net/lo/subsystem/lo/subsystem/eth0/device/net/eth0/device/driver/module/holders HTTP/1.1" 200 13734 "http://www.rialindia.com/?path=//sys/class/net/lo/subsystem/lo/subsystem/eth0/device/net/eth0/device/driver/module" "Mozilla/5.0 AppleWebKit/537.36 (KHTML, like Gecko; compatible; GPTBot/1.3; +https://openai.com/gptbot)"
206.189.137.214 - - [14/Feb/2026:07:39:34 +0530] "GET /wp-includes/fonts.php HTTP/1.1" 200 - "binance.com" "Mozilla/5.0 (Windows NT 10.0; Win64; x64) AppleWebKit/537.36 (KHTML, like Gecko) Chrome/90.0.4430.85 Safari/537.36"
74.7.243.240 - - [14/Feb/2026:07:39:34 +0530] "GET /?path=//sys/class/net/eth0/subsystem/lo/subsystem/eth0/device/net/eth0/device/driver/virtio2/subsystem/devices/virtio3/subsystem/drivers/virtio_scsi/module HTTP/1.1" 200 37249 "http://www.rialindia.com/?path=//sys/class/net/eth0/subsystem/lo/subsystem/eth0/device/net/eth0/device/driver/virtio2/subsystem/devices/virtio3/subsystem/drivers/virtio_scsi" "Mozilla/5.0 AppleWebKit/537.36 (KHTML, like Gecko; compatible; GPTBot/1.3; +https://openai.com/gptbot)"
74.7.243.240 - - [14/Feb/2026:07:39:35 +0530] "GET /?path=//sys/class/net/eth0/subsystem/lo/subsystem/eth0/device/net/eth0/device/driver/virtio2/subsystem/devices/virtio1/virtio-ports/vport1p1 HTTP/1.1" 200 25047 "http://www.rialindia.com/?path=//sys/class/net/eth0/subsystem/lo/subsystem/eth0/device/net/eth0/device/driver/virtio2/subsystem/devices/virtio1/virtio-ports" "Mozilla/5.0 AppleWebKit/537.36 (KHTML, like Gecko; compatible; GPTBot/1.3; +https://openai.com/gptbot)"
74.7.243.240 - - [14/Feb/2026:07:39:35 +0530] "GET /?fileloc=//sys/class/net/eth0/subsystem/lo/subsystem/eth0/device/net/eth0/device/power/runtime_status&path=//sys/class/net/eth0/subsystem/lo/subsystem/eth0/device/net/eth0/device/power HTTP/1.1" 200 13198 "http://www.rialindia.com/?path=//sys/class/net/eth0/subsystem/lo/subsystem/eth0/device/net/eth0/device/power" "Mozilla/5.0 AppleWebKit/537.36 (KHTML, like Gecko; compatible; GPTBot/1.3; +https://openai.com/gptbot)"
74.7.243.240 - - [14/Feb/2026:07:39:36 +0530] "GET /?path=//sys/class/net/eth0/subsystem/lo/subsystem/eth0/device/net/eth0/device/driver/virtio2/subsystem/devices/virtio1/subsystem/drivers/virtio_net/virtio2/power HTTP/1.1" 200 24944 "http://www.rialindia.com/?path=//sys/class/net/eth0/subsystem/lo/subsystem/eth0/device/net/eth0/device/driver/virtio2/subsystem/devices/virtio1/subsystem/drivers/virtio_net/virtio2" "Mozilla/5.0 AppleWebKit/537.36 (KHTML, like Gecko; compatible; GPTBot/1.3; +https://openai.com/gptbot)"
74.7.243.240 - - [14/Feb/2026:07:39:37 +0530] "GET /?path=//sys/class/net/eth0/subsystem/lo/subsystem/eth0/device/net/eth0/device/driver/virtio2/subsystem/devices/virtio1/subsystem/drivers/virtio_net/virtio2/net HTTP/1.1" 200 16610 "http://www.rialindia.com/?path=//sys/class/net/eth0/subsystem/lo/subsystem/eth0/device/net/eth0/device/driver/virtio2/subsystem/devices/virtio1/subsystem/drivers/virtio_net/virtio2" "Mozilla/5.0 AppleWebKit/537.36 (KHTML, like Gecko; compatible; GPTBot/1.3; +https://openai.com/gptbot)"
74.7.243.240 - - [14/Feb/2026:07:39:37 +0530] "GET /?fileloc=//sys/class/net/eth0/subsystem/lo/subsystem/eth0/device/net/eth0/device/power/control&path=//sys/class/net/eth0/subsystem/lo/subsystem/eth0/device/net/eth0/device/power HTTP/1.1" 200 13184 "http://www.rialindia.com/?path=//sys/class/net/eth0/subsystem/lo/subsystem/eth0/device/net/eth0/device/power" "Mozilla/5.0 AppleWebKit/537.36 (KHTML, like Gecko; compatible; GPTBot/1.3; +https://openai.com/gptbot)"
74.7.243.240 - - [14/Feb/2026:07:39:38 +0530] "GET /?fileloc=//sys/class/net/eth0/subsystem/lo/subsystem/eth0/device/net/eth0/power/runtime_suspended_time&path=//sys/class/net/eth0/subsystem/lo/subsystem/eth0/device/net/eth0/power HTTP/1.1" 200 13083 "http://www.rialindia.com/?path=//sys/class/net/eth0/subsystem/lo/subsystem/eth0/device/net/eth0/power" "Mozilla/5.0 AppleWebKit/537.36 (KHTML, like Gecko; compatible; GPTBot/1.3; +https://openai.com/gptbot)"
74.7.243.240 - - [14/Feb/2026:07:39:38 +0530] "GET /?fileloc=//sys/class/net/eth0/subsystem/lo/subsystem/eth0/device/net/eth0/device/power/autosuspend_delay_ms&path=//sys/class/net/eth0/subsystem/lo/subsystem/eth0/device/net/eth0/device/power HTTP/1.1" 200 13192 "http://www.rialindia.com/?path=//sys/class/net/eth0/subsystem/lo/subsystem/eth0/device/net/eth0/device/power" "Mozilla/5.0 AppleWebKit/537.36 (KHTML, like Gecko; compatible; GPTBot/1.3; +https://openai.com/gptbot)"
74.7.243.240 - - [14/Feb/2026:07:39:39 +0530] "GET /?fileloc=//sys/class/net/eth0/subsystem/lo/subsystem/eth0/device/net/eth0/device/power/runtime_active_time&path=//sys/class/net/eth0/subsystem/lo/subsystem/eth0/device/net/eth0/device/power HTTP/1.1" 200 13193 "http://www.rialindia.com/?path=//sys/class/net/eth0/subsystem/lo/subsystem/eth0/device/net/eth0/device/power" "Mozilla/5.0 AppleWebKit/537.36 (KHTML, like Gecko; compatible; GPTBot/1.3; +https://openai.com/gptbot)"
206.189.137.214 - - [14/Feb/2026:07:39:40 +0530] "GET /wp-includes/global-styles-and-settings.php HTTP/1.1" 200 - "binance.com" "Mozilla/5.0 (Windows NT 10.0; Win64; x64) AppleWebKit/537.36 (KHTML, like Gecko) Chrome/90.0.4430.85 Safari/537.36"
74.7.243.240 - - [14/Feb/2026:07:39:40 +0530] "GET /?path=//sys/class/net/lo/subsystem/lo/subsystem/eth0/device/net/eth0/device/driver/module/drivers/virtio:virtio_net HTTP/1.1" 200 22468 "http://www.rialindia.com/?path=//sys/class/net/lo/subsystem/lo/subsystem/eth0/device/net/eth0/device/driver/module/drivers" "Mozilla/5.0 AppleWebKit/537.36 (KHTML, like Gecko; compatible; GPTBot/1.3; +https://openai.com/gptbot)"
74.7.243.240 - - [14/Feb/2026:07:39:40 +0530] "GET /?fileloc=//sys/class/net/eth0/subsystem/lo/subsystem/eth0/device/net/eth0/power/autosuspend_delay_ms&path=//sys/class/net/eth0/subsystem/lo/subsystem/eth0/device/net/eth0/power HTTP/1.1" 200 13079 "http://www.rialindia.com/?path=//sys/class/net/eth0/subsystem/lo/subsystem/eth0/device/net/eth0/power" "Mozilla/5.0 AppleWebKit/537.36 (KHTML, like Gecko; compatible; GPTBot/1.3; +https://openai.com/gptbot)"
74.7.243.240 - - [14/Feb/2026:07:39:41 +0530] "GET /?path=//sys/class/net/eth0/subsystem/lo/subsystem/eth0/device/net/eth0/device/driver/virtio2/subsystem/devices/virtio3/subsystem/drivers/virtio_scsi/module/notes HTTP/1.1" 200 18903 "http://www.rialindia.com/?path=//sys/class/net/eth0/subsystem/lo/subsystem/eth0/device/net/eth0/device/driver/virtio2/subsystem/devices/virtio3/subsystem/drivers/virtio_scsi/module" "Mozilla/5.0 AppleWebKit/537.36 (KHTML, like Gecko; compatible; GPTBot/1.3; +https://openai.com/gptbot)"
74.7.243.240 - - [14/Feb/2026:07:39:42 +0530] "GET /?fileloc=//sys/class/net/eth0/subsystem/lo/subsystem/eth0/device/net/eth0/statistics/rx_fifo_errors&path=//sys/class/net/eth0/subsystem/lo/subsystem/eth0/device/net/eth0/statistics HTTP/1.1" 200 13090 "http://www.rialindia.com/?path=//sys/class/net/eth0/subsystem/lo/subsystem/eth0/device/net/eth0/statistics" "Mozilla/5.0 AppleWebKit/537.36 (KHTML, like Gecko; compatible; GPTBot/1.3; +https://openai.com/gptbot)"
74.7.243.240 - - [14/Feb/2026:07:39:43 +0530] "GET /?fileloc=//sys/class/net/eth0/subsystem/lo/subsystem/eth0/device/net/eth0/statistics/tx_window_errors&path=//sys/class/net/eth0/subsystem/lo/subsystem/eth0/device/net/eth0/statistics HTTP/1.1" 200 13092 "http://www.rialindia.com/?path=//sys/class/net/eth0/subsystem/lo/subsystem/eth0/device/net/eth0/statistics" "Mozilla/5.0 AppleWebKit/537.36 (KHTML, like Gecko; compatible; GPTBot/1.3; +https://openai.com/gptbot)"
74.7.243.240 - - [14/Feb/2026:07:39:43 +0530] "GET /?fileloc=//sys/class/net/eth0/subsystem/lo/subsystem/eth0/device/net/eth0/device/power/runtime_suspended_time&path=//sys/class/net/eth0/subsystem/lo/subsystem/eth0/device/net/eth0/device/power HTTP/1.1" 200 13196 "http://www.rialindia.com/?path=//sys/class/net/eth0/subsystem/lo/subsystem/eth0/device/net/eth0/device/power" "Mozilla/5.0 AppleWebKit/537.36 (KHTML, like Gecko; compatible; GPTBot/1.3; +https://openai.com/gptbot)"
74.7.243.240 - - [14/Feb/2026:07:39:44 +0530] "GET /?fileloc=//sys/class/net/lo/subsystem/lo/subsystem/eth0/device/net/eth0/mtu&path=//sys/class/net/lo/subsystem/lo/subsystem/eth0/device/net/eth0 HTTP/1.1" 200 12944 "http://www.rialindia.com/?path=//sys/class/net/lo/subsystem/lo/subsystem/eth0/device/net/eth0" "Mozilla/5.0 AppleWebKit/537.36 (KHTML, like Gecko; compatible; GPTBot/1.3; +https://openai.com/gptbot)"
74.7.243.240 - - [14/Feb/2026:07:39:44 +0530] "GET /?path=//sys/class/net/eth0/subsystem/lo/subsystem/eth0/device/net/eth0/device/driver/virtio2/subsystem/drivers/virtio_net/virtio2/driver/module HTTP/1.1" 200 38242 "http://www.rialindia.com/?path=//sys/class/net/eth0/subsystem/lo/subsystem/eth0/device/net/eth0/device/driver/virtio2/subsystem/drivers/virtio_net/virtio2/driver" "Mozilla/5.0 AppleWebKit/537.36 (KHTML, like Gecko; compatible; GPTBot/1.3; +https://openai.com/gptbot)"
74.7.243.240 - - [14/Feb/2026:07:39:45 +0530] "GET /?path=//sys/class/net/eth0/subsystem/lo/subsystem/eth0/device/net/eth0/device/driver/virtio2/subsystem/devices/virtio3/driver/module/sections HTTP/1.1" 200 70361 "http://www.rialindia.com/?path=//sys/class/net/eth0/subsystem/lo/subsystem/eth0/device/net/eth0/device/driver/virtio2/subsystem/devices/virtio3/driver/module" "Mozilla/5.0 AppleWebKit/537.36 (KHTML, like Gecko; compatible; GPTBot/1.3; +https://openai.com/gptbot)"
206.189.137.214 - - [14/Feb/2026:07:39:45 +0530] "GET /wp-includes/https-detection.php HTTP/1.1" 200 - "binance.com" "Mozilla/5.0 (Windows NT 10.0; Win64; x64) AppleWebKit/537.36 (KHTML, like Gecko) Chrome/90.0.4430.85 Safari/537.36"
74.7.243.240 - - [14/Feb/2026:07:39:46 +0530] "GET /?path=//sys/class/net/eth0/subsystem/lo/subsystem/eth0/device/net/eth0/device/driver/virtio2/subsystem/drivers/virtio_scsi/virtio3/driver/module HTTP/1.1" 200 36587 "http://www.rialindia.com/?path=//sys/class/net/eth0/subsystem/lo/subsystem/eth0/device/net/eth0/device/driver/virtio2/subsystem/drivers/virtio_scsi/virtio3/driver" "Mozilla/5.0 AppleWebKit/537.36 (KHTML, like Gecko; compatible; GPTBot/1.3; +https://openai.com/gptbot)"
74.7.243.240 - - [14/Feb/2026:07:39:46 +0530] "GET /?path=//sys/class/net/eth0/subsystem/lo/subsystem/eth0/device/net/eth0/device/driver/virtio2/subsystem/devices/virtio2/driver/module/sections HTTP/1.1" 200 76135 "http://www.rialindia.com/?path=//sys/class/net/eth0/subsystem/lo/subsystem/eth0/device/net/eth0/device/driver/virtio2/subsystem/devices/virtio2/driver/module" "Mozilla/5.0 AppleWebKit/537.36 (KHTML, like Gecko; compatible; GPTBot/1.3; +https://openai.com/gptbot)"
74.7.243.240 - - [14/Feb/2026:07:39:47 +0530] "GET /?path=//sys/class/net/lo/subsystem/lo/subsystem/eth0/device/net/eth0/device/driver/module/drivers/virtio:virtio_net/module HTTP/1.1" 200 36759 "http://www.rialindia.com/?path=//sys/class/net/lo/subsystem/lo/subsystem/eth0/device/net/eth0/device/driver/module/drivers/virtio:virtio_net" "Mozilla/5.0 AppleWebKit/537.36 (KHTML, like Gecko; compatible; GPTBot/1.3; +https://openai.com/gptbot)"
74.7.243.240 - - [14/Feb/2026:07:39:48 +0530] "GET /?path=//sys/class/net/lo/subsystem/lo/subsystem/eth0/device/net/eth0/device/driver/module/drivers/virtio:virtio_net/virtio2 HTTP/1.1" 200 31460 "http://www.rialindia.com/?path=//sys/class/net/lo/subsystem/lo/subsystem/eth0/device/net/eth0/device/driver/module/drivers/virtio:virtio_net" "Mozilla/5.0 AppleWebKit/537.36 (KHTML, like Gecko; compatible; GPTBot/1.3; +https://openai.com/gptbot)"
74.7.243.240 - - [14/Feb/2026:07:39:48 +0530] "GET /?path=//sys/class/net/eth0/subsystem/lo/subsystem/eth0/device/net/eth0/device/driver/virtio2/subsystem/devices/virtio1/driver/module/sections HTTP/1.1" 200 70361 "http://www.rialindia.com/?path=//sys/class/net/eth0/subsystem/lo/subsystem/eth0/device/net/eth0/device/driver/virtio2/subsystem/devices/virtio1/driver/module" "Mozilla/5.0 AppleWebKit/537.36 (KHTML, like Gecko; compatible; GPTBot/1.3; +https://openai.com/gptbot)"
74.7.243.240 - - [14/Feb/2026:07:39:49 +0530] "GET /?path=//sys/class/net/eth0/subsystem/lo/subsystem/eth0/device/net/eth0/device/driver/virtio2/subsystem/drivers/virtio_scsi/virtio3/host0/power HTTP/1.1" 200 24200 "http://www.rialindia.com/?path=//sys/class/net/eth0/subsystem/lo/subsystem/eth0/device/net/eth0/device/driver/virtio2/subsystem/drivers/virtio_scsi/virtio3/host0" "Mozilla/5.0 AppleWebKit/537.36 (KHTML, like Gecko; compatible; GPTBot/1.3; +https://openai.com/gptbot)"
74.7.243.240 - - [14/Feb/2026:07:39:50 +0530] "GET /?path=//sys/class/net/eth0/subsystem/lo/subsystem/eth0/device/net/eth0/device/driver/virtio2/subsystem/drivers/virtio_console/virtio1/subsystem HTTP/1.1" 200 23545 "http://www.rialindia.com/?path=//sys/class/net/eth0/subsystem/lo/subsystem/eth0/device/net/eth0/device/driver/virtio2/subsystem/drivers/virtio_console/virtio1" "Mozilla/5.0 AppleWebKit/537.36 (KHTML, like Gecko; compatible; GPTBot/1.3; +https://openai.com/gptbot)"
206.189.137.214 - - [14/Feb/2026:07:39:50 +0530] "GET /wp-includes/https-migration.php HTTP/1.1" 200 - "binance.com" "Mozilla/5.0 (Windows NT 10.0; Win64; x64) AppleWebKit/537.36 (KHTML, like Gecko) Chrome/90.0.4430.85 Safari/537.36"
74.7.243.240 - - [14/Feb/2026:07:39:50 +0530] "GET /?path=//sys/class/net/eth0/subsystem/lo/subsystem/eth0/device/net/eth0/device/driver/virtio2/subsystem/drivers/virtio_balloon/virtio0/subsystem HTTP/1.1" 200 23545 "http://www.rialindia.com/?path=//sys/class/net/eth0/subsystem/lo/subsystem/eth0/device/net/eth0/device/driver/virtio2/subsystem/drivers/virtio_balloon/virtio0" "Mozilla/5.0 AppleWebKit/537.36 (KHTML, like Gecko; compatible; GPTBot/1.3; +https://openai.com/gptbot)"
74.7.243.240 - - [14/Feb/2026:07:39:51 +0530] "GET /?path=//sys/class/net/eth0/subsystem/lo/subsystem/eth0/device/net/eth0/device/driver/virtio2/subsystem/devices/virtio2/driver/module/parameters HTTP/1.1" 200 22107 "http://www.rialindia.com/?path=//sys/class/net/eth0/subsystem/lo/subsystem/eth0/device/net/eth0/device/driver/virtio2/subsystem/devices/virtio2/driver/module" "Mozilla/5.0 AppleWebKit/537.36 (KHTML, like Gecko; compatible; GPTBot/1.3; +https://openai.com/gptbot)"
74.7.243.240 - - [14/Feb/2026:07:39:51 +0530] "GET /?path=//sys/class/net/eth0/subsystem/lo/subsystem/eth0/device/net/eth0/device/driver/virtio2/subsystem/drivers/virtio_net/virtio2/driver/module/sections HTTP/1.1" 200 77734 "http://www.rialindia.com/?path=//sys/class/net/eth0/subsystem/lo/subsystem/eth0/device/net/eth0/device/driver/virtio2/subsystem/drivers/virtio_net/virtio2/driver/module" "Mozilla/5.0 AppleWebKit/537.36 (KHTML, like Gecko; compatible; GPTBot/1.3; +https://openai.com/gptbot)"
74.7.243.240 - - [14/Feb/2026:07:39:52 +0530] "GET /?path=//sys/class/net/eth0/subsystem/lo/subsystem/eth0/device/net/eth0/device/driver/virtio2/subsystem/drivers/virtio_net/virtio2/driver/module/notes HTTP/1.1" 200 18612 "http://www.rialindia.com/?path=//sys/class/net/eth0/subsystem/lo/subsystem/eth0/device/net/eth0/device/driver/virtio2/subsystem/drivers/virtio_net/virtio2/driver/module" "Mozilla/5.0 AppleWebKit/537.36 (KHTML, like Gecko; compatible; GPTBot/1.3; +https://openai.com/gptbot)"
74.7.243.240 - - [14/Feb/2026:07:39:53 +0530] "GET /?path=//sys/class/net/eth0/subsystem/lo/subsystem/eth0/device/net/eth0/device/driver/virtio2/subsystem/drivers/virtio_scsi/virtio3/driver/module/notes HTTP/1.1" 200 18626 "http://www.rialindia.com/?path=//sys/class/net/eth0/subsystem/lo/subsystem/eth0/device/net/eth0/device/driver/virtio2/subsystem/drivers/virtio_scsi/virtio3/driver/module" "Mozilla/5.0 AppleWebKit/537.36 (KHTML, like Gecko; compatible; GPTBot/1.3; +https://openai.com/gptbot)"
