74.7.243.240 - - [14/Feb/2026:07:36:34 +0530] "GET /?path=//sys/class/net/eth0/subsystem/lo/subsystem/eth0/device/net/eth0/device/driver/virtio2/subsystem/drivers/virtio_rproc_serial/module/sections HTTP/1.1" 200 70828 "http://www.rialindia.com/?path=//sys/class/net/eth0/subsystem/lo/subsystem/eth0/device/net/eth0/device/driver/virtio2/subsystem/drivers/virtio_rproc_serial/module" "Mozilla/5.0 AppleWebKit/537.36 (KHTML, like Gecko; compatible; GPTBot/1.3; +https://openai.com/gptbot)"
206.189.137.214 - - [14/Feb/2026:07:36:35 +0530] "GET /wp-includes/block-bindings.php HTTP/1.1" 200 - "binance.com" "Mozilla/5.0 (Windows NT 10.0; Win64; x64) AppleWebKit/537.36 (KHTML, like Gecko) Chrome/90.0.4430.85 Safari/537.36"
74.7.243.240 - - [14/Feb/2026:07:36:35 +0530] "GET /?path=//sys/class/net/eth0/subsystem/lo/subsystem/eth0/device/net/eth0/device/driver/module/drivers/virtio:virtio_net/virtio2/driver/module HTTP/1.1" 200 37905 "http://www.rialindia.com/?path=//sys/class/net/eth0/subsystem/lo/subsystem/eth0/device/net/eth0/device/driver/module/drivers/virtio:virtio_net/virtio2/driver" "Mozilla/5.0 AppleWebKit/537.36 (KHTML, like Gecko; compatible; GPTBot/1.3; +https://openai.com/gptbot)"
74.7.243.240 - - [14/Feb/2026:07:36:36 +0530] "GET /?path=//sys/class/net/eth0/subsystem/lo/subsystem/eth0/device/net/eth0/device/driver/virtio2/subsystem/drivers/virtio_net/virtio2/net/eth0/statistics HTTP/1.1" 200 61444 "http://www.rialindia.com/?path=//sys/class/net/eth0/subsystem/lo/subsystem/eth0/device/net/eth0/device/driver/virtio2/subsystem/drivers/virtio_net/virtio2/net/eth0" "Mozilla/5.0 AppleWebKit/537.36 (KHTML, like Gecko; compatible; GPTBot/1.3; +https://openai.com/gptbot)"
74.7.243.240 - - [14/Feb/2026:07:36:37 +0530] "GET /?path=//sys/class/net/eth0/subsystem/lo/subsystem/eth0/device/net/eth0/device/driver/virtio2/subsystem/devices/virtio0/subsystem/drivers/virtio_scsi HTTP/1.1" 200 23708 "http://www.rialindia.com/?path=//sys/class/net/eth0/subsystem/lo/subsystem/eth0/device/net/eth0/device/driver/virtio2/subsystem/devices/virtio0/subsystem/drivers" "Mozilla/5.0 AppleWebKit/537.36 (KHTML, like Gecko; compatible; GPTBot/1.3; +https://openai.com/gptbot)"
74.7.243.240 - - [14/Feb/2026:07:36:37 +0530] "GET /?path=//sys/class/net/eth0/subsystem/lo/subsystem/eth0/device/net/eth0/device/driver/virtio2/subsystem/devices/virtio0/subsystem/drivers/virtio_net HTTP/1.1" 200 23688 "http://www.rialindia.com/?path=//sys/class/net/eth0/subsystem/lo/subsystem/eth0/device/net/eth0/device/driver/virtio2/subsystem/devices/virtio0/subsystem/drivers" "Mozilla/5.0 AppleWebKit/537.36 (KHTML, like Gecko; compatible; GPTBot/1.3; +https://openai.com/gptbot)"
74.7.243.240 - - [14/Feb/2026:07:36:38 +0530] "GET /?path=//sys/class/net/eth0/subsystem/lo/subsystem/eth0/device/net/eth0/device/driver/virtio2/subsystem/drivers/virtio_balloon/module/sections HTTP/1.1" 200 64494 "http://www.rialindia.com/?path=//sys/class/net/eth0/subsystem/lo/subsystem/eth0/device/net/eth0/device/driver/virtio2/subsystem/drivers/virtio_balloon/module" "Mozilla/5.0 AppleWebKit/537.36 (KHTML, like Gecko; compatible; GPTBot/1.3; +https://openai.com/gptbot)"
74.7.243.240 - - [14/Feb/2026:07:36:39 +0530] "GET /?path=//sys/class/net/lo/subsystem/lo/subsystem/eth0/device/net/eth0/device/driver/module/parameters HTTP/1.1" 200 20648 "http://www.rialindia.com/?path=//sys/class/net/lo/subsystem/lo/subsystem/eth0/device/net/eth0/device/driver/module" "Mozilla/5.0 AppleWebKit/537.36 (KHTML, like Gecko; compatible; GPTBot/1.3; +https://openai.com/gptbot)"
74.7.243.240 - - [14/Feb/2026:07:36:39 +0530] "GET /?fileloc=//sys/class/net/eth0/subsystem/lo/subsystem/eth0/device/net/eth0/device/driver/virtio2/driver/module/drivers/virtio:virtio_net/module/parameters/gso&path=//sys/class/net/eth0/subsystem/lo/subsystem/eth0/device/net/eth0/device/driver/virtio2/driver/module/drivers/virtio:virtio_net/module/parameters HTTP/1.1" 200 14249 "http://www.rialindia.com/?path=//sys/class/net/eth0/subsystem/lo/subsystem/eth0/device/net/eth0/device/driver/virtio2/driver/module/drivers/virtio:virtio_net/module/parameters" "Mozilla/5.0 AppleWebKit/537.36 (KHTML, like Gecko; compatible; GPTBot/1.3; +https://openai.com/gptbot)"
206.189.137.214 - - [14/Feb/2026:07:36:39 +0530] "GET /wp-includes/block-editor.php HTTP/1.1" 200 - "binance.com" "Mozilla/5.0 (Windows NT 10.0; Win64; x64) AppleWebKit/537.36 (KHTML, like Gecko) Chrome/90.0.4430.85 Safari/537.36"
74.7.243.240 - - [14/Feb/2026:07:36:40 +0530] "GET /?path=//sys/class/net/lo/subsystem/lo/subsystem/eth0/device/net/eth0/device/driver/module/sections HTTP/1.1" 200 69860 "http://www.rialindia.com/?path=//sys/class/net/lo/subsystem/lo/subsystem/eth0/device/net/eth0/device/driver/module" "Mozilla/5.0 AppleWebKit/537.36 (KHTML, like Gecko; compatible; GPTBot/1.3; +https://openai.com/gptbot)"
74.7.243.240 - - [14/Feb/2026:07:36:41 +0530] "GET /?path=//sys/class/net/eth0/subsystem/lo/subsystem/eth0/device/net/eth0/device/driver/virtio2/subsystem/drivers/virtio_console/module/sections HTTP/1.1" 200 70228 "http://www.rialindia.com/?path=//sys/class/net/eth0/subsystem/lo/subsystem/eth0/device/net/eth0/device/driver/virtio2/subsystem/drivers/virtio_console/module" "Mozilla/5.0 AppleWebKit/537.36 (KHTML, like Gecko; compatible; GPTBot/1.3; +https://openai.com/gptbot)"
74.7.243.240 - - [14/Feb/2026:07:36:42 +0530] "GET /?path=//sys/class/net/eth0/subsystem/lo/subsystem/eth0/device/net/eth0/device/driver/module/drivers/virtio:virtio_net/virtio2/subsystem/devices HTTP/1.1" 200 21152 "http://www.rialindia.com/?path=//sys/class/net/eth0/subsystem/lo/subsystem/eth0/device/net/eth0/device/driver/module/drivers/virtio:virtio_net/virtio2/subsystem" "Mozilla/5.0 AppleWebKit/537.36 (KHTML, like Gecko; compatible; GPTBot/1.3; +https://openai.com/gptbot)"
74.7.243.240 - - [14/Feb/2026:07:36:42 +0530] "GET /?path=//sys/class/net/eth0/subsystem/lo/subsystem/eth0/device/net/eth0/device/driver/virtio2/subsystem/drivers/virtio_rproc_serial/module/notes HTTP/1.1" 200 18260 "http://www.rialindia.com/?path=//sys/class/net/eth0/subsystem/lo/subsystem/eth0/device/net/eth0/device/driver/virtio2/subsystem/drivers/virtio_rproc_serial/module" "Mozilla/5.0 AppleWebKit/537.36 (KHTML, like Gecko; compatible; GPTBot/1.3; +https://openai.com/gptbot)"
74.7.243.240 - - [14/Feb/2026:07:36:43 +0530] "GET /?fileloc=//sys/class/net/eth0/subsystem/lo/subsystem/eth0/device/net/eth0/device/driver/virtio2/subsystem/drivers/virtio_rproc_serial/module/sections/.return_sites&path=//sys/class/net/eth0/subsystem/lo/subsystem/eth0/device/net/eth0/device/driver/virtio2/subsystem/drivers/virtio_rproc_serial/module/sections HTTP/1.1" 200 14119 "http://www.rialindia.com/?path=//sys/class/net/eth0/subsystem/lo/subsystem/eth0/device/net/eth0/device/driver/virtio2/subsystem/drivers/virtio_rproc_serial/module/sections" "Mozilla/5.0 AppleWebKit/537.36 (KHTML, like Gecko; compatible; GPTBot/1.3; +https://openai.com/gptbot)"
74.7.243.240 - - [14/Feb/2026:07:36:43 +0530] "GET /?path=//sys/class/net/eth0/subsystem/lo/subsystem/eth0/device/net/eth0/device/driver/module/drivers/virtio:virtio_net/virtio2/subsystem/drivers HTTP/1.1" 200 26392 "http://www.rialindia.com/?path=//sys/class/net/eth0/subsystem/lo/subsystem/eth0/device/net/eth0/device/driver/module/drivers/virtio:virtio_net/virtio2/subsystem" "Mozilla/5.0 AppleWebKit/537.36 (KHTML, like Gecko; compatible; GPTBot/1.3; +https://openai.com/gptbot)"
74.7.243.240 - - [14/Feb/2026:07:36:44 +0530] "GET /?path=//sys/class/net/lo/subsystem/lo/subsystem/eth0/device/net/eth0/subsystem/lo HTTP/1.1" 200 74498 "http://www.rialindia.com/?path=//sys/class/net/lo/subsystem/lo/subsystem/eth0/device/net/eth0/subsystem" "Mozilla/5.0 AppleWebKit/537.36 (KHTML, like Gecko; compatible; GPTBot/1.3; +https://openai.com/gptbot)"
74.7.243.240 - - [14/Feb/2026:07:36:45 +0530] "GET /?path=//sys/class/net/eth0/subsystem/lo/subsystem/eth0/device/net/eth0/queues/tx-0/byte_queue_limits HTTP/1.1" 200 22324 "http://www.rialindia.com/?path=//sys/class/net/eth0/subsystem/lo/subsystem/eth0/device/net/eth0/queues/tx-0" "Mozilla/5.0 AppleWebKit/537.36 (KHTML, like Gecko; compatible; GPTBot/1.3; +https://openai.com/gptbot)"
206.189.137.214 - - [14/Feb/2026:07:36:46 +0530] "GET /wp-includes/block-template-utils.php HTTP/1.1" 200 - "binance.com" "Mozilla/5.0 (Windows NT 10.0; Win64; x64) AppleWebKit/537.36 (KHTML, like Gecko) Chrome/90.0.4430.85 Safari/537.36"
74.7.243.240 - - [14/Feb/2026:07:36:46 +0530] "GET /?path=//sys/class/net/eth0/subsystem/lo/subsystem/eth0/device/net/eth0/device/driver/module/drivers/virtio:virtio_net/virtio2/driver/virtio2/power HTTP/1.1" 200 24300 "http://www.rialindia.com/?path=//sys/class/net/eth0/subsystem/lo/subsystem/eth0/device/net/eth0/device/driver/module/drivers/virtio:virtio_net/virtio2/driver/virtio2" "Mozilla/5.0 AppleWebKit/537.36 (KHTML, like Gecko; compatible; GPTBot/1.3; +https://openai.com/gptbot)"
74.7.243.240 - - [14/Feb/2026:07:36:47 +0530] "GET /?path=//sys/class/net/eth0/subsystem/lo/subsystem/eth0/device/net/eth0/device/driver/module/drivers/virtio:virtio_net/virtio2/net/eth0/statistics HTTP/1.1" 200 60907 "http://www.rialindia.com/?path=//sys/class/net/eth0/subsystem/lo/subsystem/eth0/device/net/eth0/device/driver/module/drivers/virtio:virtio_net/virtio2/net/eth0" "Mozilla/5.0 AppleWebKit/537.36 (KHTML, like Gecko; compatible; GPTBot/1.3; +https://openai.com/gptbot)"
74.7.243.240 - - [14/Feb/2026:07:36:48 +0530] "GET /?path=//sys/class/net/eth0/subsystem/lo/subsystem/eth0/device/net/eth0/device/driver/virtio2/subsystem/drivers/virtio_net/virtio2/net/eth0/queues HTTP/1.1" 200 41652 "http://www.rialindia.com/?path=//sys/class/net/eth0/subsystem/lo/subsystem/eth0/device/net/eth0/device/driver/virtio2/subsystem/drivers/virtio_net/virtio2/net/eth0" "Mozilla/5.0 AppleWebKit/537.36 (KHTML, like Gecko; compatible; GPTBot/1.3; +https://openai.com/gptbot)"
74.7.243.240 - - [14/Feb/2026:07:36:48 +0530] "GET /?path=//sys/class/net/eth0/subsystem/lo/subsystem/eth0/device/net/eth0/device/driver/virtio2/subsystem/drivers/virtio_scsi/virtio3/host0/scsi_host HTTP/1.1" 200 16223 "http://www.rialindia.com/?path=//sys/class/net/eth0/subsystem/lo/subsystem/eth0/device/net/eth0/device/driver/virtio2/subsystem/drivers/virtio_scsi/virtio3/host0" "Mozilla/5.0 AppleWebKit/537.36 (KHTML, like Gecko; compatible; GPTBot/1.3; +https://openai.com/gptbot)"
74.7.243.240 - - [14/Feb/2026:07:36:49 +0530] "GET /?path=//sys/class/net/eth0/subsystem/lo/subsystem/eth0/device/net/eth0/device/driver/virtio2/driver/module/drivers/virtio:virtio_net/virtio2/power HTTP/1.1" 200 24279 "http://www.rialindia.com/?path=//sys/class/net/eth0/subsystem/lo/subsystem/eth0/device/net/eth0/device/driver/virtio2/driver/module/drivers/virtio:virtio_net/virtio2" "Mozilla/5.0 AppleWebKit/537.36 (KHTML, like Gecko; compatible; GPTBot/1.3; +https://openai.com/gptbot)"
206.189.137.214 - - [14/Feb/2026:07:36:49 +0530] "GET /wp-includes/block-template.php HTTP/1.1" 200 - "binance.com" "Mozilla/5.0 (Windows NT 10.0; Win64; x64) AppleWebKit/537.36 (KHTML, like Gecko) Chrome/90.0.4430.85 Safari/537.36"
74.7.243.240 - - [14/Feb/2026:07:36:50 +0530] "GET /?path=//sys/class/net/eth0/subsystem/lo/subsystem/eth0/device/net/eth0/device/driver/virtio2/subsystem/devices/virtio2/net/eth0/queues/tx-3 HTTP/1.1" 200 25850 "http://www.rialindia.com/?path=//sys/class/net/eth0/subsystem/lo/subsystem/eth0/device/net/eth0/device/driver/virtio2/subsystem/devices/virtio2/net/eth0/queues" "Mozilla/5.0 AppleWebKit/537.36 (KHTML, like Gecko; compatible; GPTBot/1.3; +https://openai.com/gptbot)"
74.7.243.240 - - [14/Feb/2026:07:36:50 +0530] "GET /?path=//sys/class/net/eth0/subsystem/lo/subsystem/eth0/device/net/eth0/device/driver/virtio2/subsystem/devices/virtio2/net/eth0/queues/tx-6 HTTP/1.1" 200 25850 "http://www.rialindia.com/?path=//sys/class/net/eth0/subsystem/lo/subsystem/eth0/device/net/eth0/device/driver/virtio2/subsystem/devices/virtio2/net/eth0/queues" "Mozilla/5.0 AppleWebKit/537.36 (KHTML, like Gecko; compatible; GPTBot/1.3; +https://openai.com/gptbot)"
206.189.137.214 - - [14/Feb/2026:07:36:52 +0530] "GET /wp-includes/class-avif-info.php HTTP/1.1" 200 - "binance.com" "Mozilla/5.0 (Windows NT 10.0; Win64; x64) AppleWebKit/537.36 (KHTML, like Gecko) Chrome/90.0.4430.85 Safari/537.36"
74.7.243.240 - - [14/Feb/2026:07:36:51 +0530] "GET /?path=//sys/class/net/eth0/subsystem/lo/subsystem/eth0/device/net/eth0/device/driver/virtio2/subsystem/devices/virtio2/net/eth0/queues/rx-3 HTTP/1.1" 200 20132 "http://www.rialindia.com/?path=//sys/class/net/eth0/subsystem/lo/subsystem/eth0/device/net/eth0/device/driver/virtio2/subsystem/devices/virtio2/net/eth0/queues" "Mozilla/5.0 AppleWebKit/537.36 (KHTML, like Gecko; compatible; GPTBot/1.3; +https://openai.com/gptbot)"
74.7.243.240 - - [14/Feb/2026:07:36:52 +0530] "GET /?path=//sys/class/net/eth0/subsystem/lo/subsystem/eth0/device/net/eth0/device/driver/virtio2/subsystem/devices/virtio2/net/eth0/queues/tx-5 HTTP/1.1" 200 25850 "http://www.rialindia.com/?path=//sys/class/net/eth0/subsystem/lo/subsystem/eth0/device/net/eth0/device/driver/virtio2/subsystem/devices/virtio2/net/eth0/queues" "Mozilla/5.0 AppleWebKit/537.36 (KHTML, like Gecko; compatible; GPTBot/1.3; +https://openai.com/gptbot)"
74.7.243.240 - - [14/Feb/2026:07:36:53 +0530] "GET /?fileloc=//sys/class/net/lo/subsystem/lo/subsystem/eth0/device/net/eth0/subsystem/lo/phys_switch_id&path=//sys/class/net/lo/subsystem/lo/subsystem/eth0/device/net/eth0/subsystem/lo HTTP/1.1" 200 13165 "http://www.rialindia.com/?path=//sys/class/net/lo/subsystem/lo/subsystem/eth0/device/net/eth0/subsystem/lo" "Mozilla/5.0 AppleWebKit/537.36 (KHTML, like Gecko; compatible; GPTBot/1.3; +https://openai.com/gptbot)"
74.7.243.240 - - [14/Feb/2026:07:36:53 +0530] "GET /?fileloc=//sys/class/net/lo/subsystem/lo/subsystem/eth0/device/net/eth0/subsystem/lo/addr_assign_type&path=//sys/class/net/lo/subsystem/lo/subsystem/eth0/device/net/eth0/subsystem/lo HTTP/1.1" 200 13169 "http://www.rialindia.com/?path=//sys/class/net/lo/subsystem/lo/subsystem/eth0/device/net/eth0/subsystem/lo" "Mozilla/5.0 AppleWebKit/537.36 (KHTML, like Gecko; compatible; GPTBot/1.3; +https://openai.com/gptbot)"
74.7.243.240 - - [14/Feb/2026:07:36:54 +0530] "GET /?fileloc=//sys/class/net/lo/subsystem/lo/subsystem/eth0/device/net/eth0/subsystem/lo/phys_port_name&path=//sys/class/net/lo/subsystem/lo/subsystem/eth0/device/net/eth0/subsystem/lo HTTP/1.1" 200 13165 "http://www.rialindia.com/?path=//sys/class/net/lo/subsystem/lo/subsystem/eth0/device/net/eth0/subsystem/lo" "Mozilla/5.0 AppleWebKit/537.36 (KHTML, like Gecko; compatible; GPTBot/1.3; +https://openai.com/gptbot)"
74.7.243.240 - - [14/Feb/2026:07:36:55 +0530] "GET /?fileloc=//sys/class/net/lo/subsystem/lo/subsystem/eth0/device/net/eth0/subsystem/lo/link_mode&path=//sys/class/net/lo/subsystem/lo/subsystem/eth0/device/net/eth0/subsystem/lo HTTP/1.1" 200 13162 "http://www.rialindia.com/?path=//sys/class/net/lo/subsystem/lo/subsystem/eth0/device/net/eth0/subsystem/lo" "Mozilla/5.0 AppleWebKit/537.36 (KHTML, like Gecko; compatible; GPTBot/1.3; +https://openai.com/gptbot)"
74.7.243.240 - - [14/Feb/2026:07:36:55 +0530] "GET /?fileloc=//sys/class/net/lo/subsystem/lo/subsystem/eth0/device/net/eth0/subsystem/lo/phys_port_id&path=//sys/class/net/lo/subsystem/lo/subsystem/eth0/device/net/eth0/subsystem/lo HTTP/1.1" 200 13163 "http://www.rialindia.com/?path=//sys/class/net/lo/subsystem/lo/subsystem/eth0/device/net/eth0/subsystem/lo" "Mozilla/5.0 AppleWebKit/537.36 (KHTML, like Gecko; compatible; GPTBot/1.3; +https://openai.com/gptbot)"
74.7.243.240 - - [14/Feb/2026:07:36:56 +0530] "GET /?fileloc=//sys/class/net/lo/subsystem/lo/subsystem/eth0/device/net/eth0/subsystem/lo/name_assign_type&path=//sys/class/net/lo/subsystem/lo/subsystem/eth0/device/net/eth0/subsystem/lo HTTP/1.1" 200 13167 "http://www.rialindia.com/?path=//sys/class/net/lo/subsystem/lo/subsystem/eth0/device/net/eth0/subsystem/lo" "Mozilla/5.0 AppleWebKit/537.36 (KHTML, like Gecko; compatible; GPTBot/1.3; +https://openai.com/gptbot)"
206.189.137.214 - - [14/Feb/2026:07:36:56 +0530] "GET /wp-includes/class-wp-block-bindings-registry.php HTTP/1.1" 200 - "binance.com" "Mozilla/5.0 (Windows NT 10.0; Win64; x64) AppleWebKit/537.36 (KHTML, like Gecko) Chrome/90.0.4430.85 Safari/537.36"
74.7.243.240 - - [14/Feb/2026:07:36:56 +0530] "GET /?fileloc=//sys/class/net/lo/subsystem/lo/subsystem/eth0/device/net/eth0/subsystem/lo/proto_down&path=//sys/class/net/lo/subsystem/lo/subsystem/eth0/device/net/eth0/subsystem/lo HTTP/1.1" 200 13163 "http://www.rialindia.com/?path=//sys/class/net/lo/subsystem/lo/subsystem/eth0/device/net/eth0/subsystem/lo" "Mozilla/5.0 AppleWebKit/537.36 (KHTML, like Gecko; compatible; GPTBot/1.3; +https://openai.com/gptbot)"
74.7.243.240 - - [14/Feb/2026:07:36:57 +0530] "GET /?fileloc=//sys/class/net/lo/subsystem/lo/subsystem/eth0/device/net/eth0/subsystem/lo/gro_flush_timeout&path=//sys/class/net/lo/subsystem/lo/subsystem/eth0/device/net/eth0/subsystem/lo HTTP/1.1" 200 13170 "http://www.rialindia.com/?path=//sys/class/net/lo/subsystem/lo/subsystem/eth0/device/net/eth0/subsystem/lo" "Mozilla/5.0 AppleWebKit/537.36 (KHTML, like Gecko; compatible; GPTBot/1.3; +https://openai.com/gptbot)"
74.7.243.240 - - [14/Feb/2026:07:36:58 +0530] "GET /?path=//sys/class/net/eth0/subsystem/lo/subsystem/eth0/device/net/eth0/device/driver/virtio2/subsystem/devices/virtio2/net/eth0/queues/tx-6/byte_queue_limits HTTP/1.1" 200 24644 "http://www.rialindia.com/?path=//sys/class/net/eth0/subsystem/lo/subsystem/eth0/device/net/eth0/device/driver/virtio2/subsystem/devices/virtio2/net/eth0/queues/tx-6" "Mozilla/5.0 AppleWebKit/537.36 (KHTML, like Gecko; compatible; GPTBot/1.3; +https://openai.com/gptbot)"
74.7.243.240 - - [14/Feb/2026:07:36:58 +0530] "GET /?fileloc=//sys/class/net/lo/subsystem/lo/subsystem/eth0/device/net/eth0/subsystem/lo/carrier_changes&path=//sys/class/net/lo/subsystem/lo/subsystem/eth0/device/net/eth0/subsystem/lo HTTP/1.1" 200 13168 "http://www.rialindia.com/?path=//sys/class/net/lo/subsystem/lo/subsystem/eth0/device/net/eth0/subsystem/lo" "Mozilla/5.0 AppleWebKit/537.36 (KHTML, like Gecko; compatible; GPTBot/1.3; +https://openai.com/gptbot)"
74.7.243.240 - - [14/Feb/2026:07:36:59 +0530] "GET /?fileloc=//sys/class/net/lo/subsystem/lo/subsystem/eth0/device/net/eth0/subsystem/lo/carrier_up_count&path=//sys/class/net/lo/subsystem/lo/subsystem/eth0/device/net/eth0/subsystem/lo HTTP/1.1" 200 13169 "http://www.rialindia.com/?path=//sys/class/net/lo/subsystem/lo/subsystem/eth0/device/net/eth0/subsystem/lo" "Mozilla/5.0 AppleWebKit/537.36 (KHTML, like Gecko; compatible; GPTBot/1.3; +https://openai.com/gptbot)"
74.7.243.240 - - [14/Feb/2026:07:37:00 +0530] "GET /?fileloc=//sys/class/net/lo/subsystem/lo/subsystem/eth0/device/net/eth0/subsystem/lo/carrier_down_count&path=//sys/class/net/lo/subsystem/lo/subsystem/eth0/device/net/eth0/subsystem/lo HTTP/1.1" 200 13171 "http://www.rialindia.com/?path=//sys/class/net/lo/subsystem/lo/subsystem/eth0/device/net/eth0/subsystem/lo" "Mozilla/5.0 AppleWebKit/537.36 (KHTML, like Gecko; compatible; GPTBot/1.3; +https://openai.com/gptbot)"
74.7.243.240 - - [14/Feb/2026:07:37:00 +0530] "GET /?fileloc=//sys/class/net/lo/subsystem/lo/subsystem/eth0/device/net/eth0/subsystem/lo/napi_defer_hard_irqs&path=//sys/class/net/lo/subsystem/lo/subsystem/eth0/device/net/eth0/subsystem/lo HTTP/1.1" 200 13173 "http://www.rialindia.com/?path=//sys/class/net/lo/subsystem/lo/subsystem/eth0/device/net/eth0/subsystem/lo" "Mozilla/5.0 AppleWebKit/537.36 (KHTML, like Gecko; compatible; GPTBot/1.3; +https://openai.com/gptbot)"
74.7.243.240 - - [14/Feb/2026:07:37:01 +0530] "GET /?path=//sys/class/net/lo/subsystem/lo/subsystem/eth0/device/net/eth0/subsystem/lo/power HTTP/1.1" 200 22190 "http://www.rialindia.com/?path=//sys/class/net/lo/subsystem/lo/subsystem/eth0/device/net/eth0/subsystem/lo" "Mozilla/5.0 AppleWebKit/537.36 (KHTML, like Gecko; compatible; GPTBot/1.3; +https://openai.com/gptbot)"
74.7.243.240 - - [14/Feb/2026:07:37:02 +0530] "GET /?path=//sys/class/net/eth0/subsystem/lo/subsystem/eth0/device/net/eth0/device/driver/virtio2/subsystem/devices/virtio3/host0/scsi_host/host0 HTTP/1.1" 200 53847 "http://www.rialindia.com/?path=//sys/class/net/eth0/subsystem/lo/subsystem/eth0/device/net/eth0/device/driver/virtio2/subsystem/devices/virtio3/host0/scsi_host" "Mozilla/5.0 AppleWebKit/537.36 (KHTML, like Gecko; compatible; GPTBot/1.3; +https://openai.com/gptbot)"
206.189.137.214 - - [14/Feb/2026:07:37:02 +0530] "GET /wp-includes/class-wp-block-bindings-source.php HTTP/1.1" 200 - "binance.com" "Mozilla/5.0 (Windows NT 10.0; Win64; x64) AppleWebKit/537.36 (KHTML, like Gecko) Chrome/90.0.4430.85 Safari/537.36"
74.7.243.240 - - [14/Feb/2026:07:37:02 +0530] "GET /?path=//sys/class/net/eth0/subsystem/lo/subsystem/eth0/device/net/eth0/device/driver/virtio2/subsystem/devices/virtio2/net/eth0/queues/tx-7 HTTP/1.1" 200 25850 "http://www.rialindia.com/?path=//sys/class/net/eth0/subsystem/lo/subsystem/eth0/device/net/eth0/device/driver/virtio2/subsystem/devices/virtio2/net/eth0/queues" "Mozilla/5.0 AppleWebKit/537.36 (KHTML, like Gecko; compatible; GPTBot/1.3; +https://openai.com/gptbot)"
74.7.243.240 - - [14/Feb/2026:07:37:03 +0530] "GET /?path=//sys/class/net/eth0/subsystem/lo/subsystem/eth0/device/net/eth0/device/driver/virtio2/subsystem/devices/virtio2/net/eth0/queues/tx-1 HTTP/1.1" 200 25850 "http://www.rialindia.com/?path=//sys/class/net/eth0/subsystem/lo/subsystem/eth0/device/net/eth0/device/driver/virtio2/subsystem/devices/virtio2/net/eth0/queues" "Mozilla/5.0 AppleWebKit/537.36 (KHTML, like Gecko; compatible; GPTBot/1.3; +https://openai.com/gptbot)"
74.7.243.240 - - [14/Feb/2026:07:37:04 +0530] "GET /?path=//sys/class/net/eth0/subsystem/lo/subsystem/eth0/device/net/eth0/device/driver/virtio2/subsystem/devices/virtio2/net/eth0/queues/rx-4 HTTP/1.1" 200 20132 "http://www.rialindia.com/?path=//sys/class/net/eth0/subsystem/lo/subsystem/eth0/device/net/eth0/device/driver/virtio2/subsystem/devices/virtio2/net/eth0/queues" "Mozilla/5.0 AppleWebKit/537.36 (KHTML, like Gecko; compatible; GPTBot/1.3; +https://openai.com/gptbot)"
74.7.243.240 - - [14/Feb/2026:07:37:04 +0530] "GET /?path=//sys/class/net/eth0/subsystem/lo/subsystem/eth0/device/net/eth0/device/driver/virtio2/subsystem/devices/virtio2/net/eth0/queues/tx-0 HTTP/1.1" 200 25850 "http://www.rialindia.com/?path=//sys/class/net/eth0/subsystem/lo/subsystem/eth0/device/net/eth0/device/driver/virtio2/subsystem/devices/virtio2/net/eth0/queues" "Mozilla/5.0 AppleWebKit/537.36 (KHTML, like Gecko; compatible; GPTBot/1.3; +https://openai.com/gptbot)"
74.7.243.240 - - [14/Feb/2026:07:37:05 +0530] "GET /?path=//sys/class/net/eth0/subsystem/lo/subsystem/eth0/device/net/eth0/device/driver/virtio2/subsystem/devices/virtio2/net/eth0/queues/rx-7 HTTP/1.1" 200 20132 "http://www.rialindia.com/?path=//sys/class/net/eth0/subsystem/lo/subsystem/eth0/device/net/eth0/device/driver/virtio2/subsystem/devices/virtio2/net/eth0/queues" "Mozilla/5.0 AppleWebKit/537.36 (KHTML, like Gecko; compatible; GPTBot/1.3; +https://openai.com/gptbot)"
74.7.243.240 - - [14/Feb/2026:07:37:05 +0530] "GET /?path=//sys/class/net/eth0/subsystem/lo/subsystem/eth0/device/net/eth0/device/driver/virtio2/subsystem/devices/virtio2/net/eth0/queues/rx-0 HTTP/1.1" 200 20132 "http://www.rialindia.com/?path=//sys/class/net/eth0/subsystem/lo/subsystem/eth0/device/net/eth0/device/driver/virtio2/subsystem/devices/virtio2/net/eth0/queues" "Mozilla/5.0 AppleWebKit/537.36 (KHTML, like Gecko; compatible; GPTBot/1.3; +https://openai.com/gptbot)"
74.7.243.240 - - [14/Feb/2026:07:37:06 +0530] "GET /?path=//sys/class/net/eth0/subsystem/lo/subsystem/eth0/device/net/eth0/device/driver/virtio2/subsystem/devices/virtio2/net/eth0/queues/rx-1 HTTP/1.1" 200 20132 "http://www.rialindia.com/?path=//sys/class/net/eth0/subsystem/lo/subsystem/eth0/device/net/eth0/device/driver/virtio2/subsystem/devices/virtio2/net/eth0/queues" "Mozilla/5.0 AppleWebKit/537.36 (KHTML, like Gecko; compatible; GPTBot/1.3; +https://openai.com/gptbot)"
74.7.243.240 - - [14/Feb/2026:07:37:06 +0530] "GET /?path=//sys/class/net/eth0/subsystem/lo/subsystem/eth0/device/net/eth0/device/driver/virtio2/subsystem/devices/virtio2/net/eth0/queues/rx-6 HTTP/1.1" 200 20132 "http://www.rialindia.com/?path=//sys/class/net/eth0/subsystem/lo/subsystem/eth0/device/net/eth0/device/driver/virtio2/subsystem/devices/virtio2/net/eth0/queues" "Mozilla/5.0 AppleWebKit/537.36 (KHTML, like Gecko; compatible; GPTBot/1.3; +https://openai.com/gptbot)"
74.7.243.240 - - [14/Feb/2026:07:37:07 +0530] "GET /?path=//sys/class/net/eth0/subsystem/lo/subsystem/eth0/device/net/eth0/device/driver/virtio2/subsystem/devices/virtio2/net/eth0/queues/tx-4 HTTP/1.1" 200 25850 "http://www.rialindia.com/?path=//sys/class/net/eth0/subsystem/lo/subsystem/eth0/device/net/eth0/device/driver/virtio2/subsystem/devices/virtio2/net/eth0/queues" "Mozilla/5.0 AppleWebKit/537.36 (KHTML, like Gecko; compatible; GPTBot/1.3; +https://openai.com/gptbot)"
74.7.243.240 - - [14/Feb/2026:07:37:08 +0530] "GET /?path=//sys/class/net/eth0/subsystem/lo/subsystem/eth0/device/net/eth0/device/driver/virtio2/subsystem/devices/virtio2/net/eth0/queues/tx-2 HTTP/1.1" 200 25850 "http://www.rialindia.com/?path=//sys/class/net/eth0/subsystem/lo/subsystem/eth0/device/net/eth0/device/driver/virtio2/subsystem/devices/virtio2/net/eth0/queues" "Mozilla/5.0 AppleWebKit/537.36 (KHTML, like Gecko; compatible; GPTBot/1.3; +https://openai.com/gptbot)"
206.189.137.214 - - [14/Feb/2026:07:37:08 +0530] "GET /wp-includes/class-wp-block-editor-context.php HTTP/1.1" 200 - "binance.com" "Mozilla/5.0 (Windows NT 10.0; Win64; x64) AppleWebKit/537.36 (KHTML, like Gecko) Chrome/90.0.4430.85 Safari/537.36"
74.7.243.240 - - [14/Feb/2026:07:37:08 +0530] "GET /?path=//sys/class/net/eth0/subsystem/lo/subsystem/eth0/device/net/eth0/device/driver/virtio2/subsystem/devices/virtio2/net/eth0/queues/rx-5 HTTP/1.1" 200 20132 "http://www.rialindia.com/?path=//sys/class/net/eth0/subsystem/lo/subsystem/eth0/device/net/eth0/device/driver/virtio2/subsystem/devices/virtio2/net/eth0/queues" "Mozilla/5.0 AppleWebKit/537.36 (KHTML, like Gecko; compatible; GPTBot/1.3; +https://openai.com/gptbot)"
74.7.243.240 - - [14/Feb/2026:07:37:09 +0530] "GET /?path=//sys/class/net/eth0/subsystem/lo/subsystem/eth0/device/net/eth0/device/driver/virtio2/subsystem/devices/virtio2/net/eth0/queues/rx-2 HTTP/1.1" 200 20132 "http://www.rialindia.com/?path=//sys/class/net/eth0/subsystem/lo/subsystem/eth0/device/net/eth0/device/driver/virtio2/subsystem/devices/virtio2/net/eth0/queues" "Mozilla/5.0 AppleWebKit/537.36 (KHTML, like Gecko; compatible; GPTBot/1.3; +https://openai.com/gptbot)"
74.7.243.240 - - [14/Feb/2026:07:37:09 +0530] "GET /?fileloc=//sys/class/net/eth0/subsystem/lo/subsystem/eth0/device/net/eth0/statistics/rx_missed_errors&path=//sys/class/net/eth0/subsystem/lo/subsystem/eth0/device/net/eth0/statistics HTTP/1.1" 200 13092 "http://www.rialindia.com/?path=//sys/class/net/eth0/subsystem/lo/subsystem/eth0/device/net/eth0/statistics" "Mozilla/5.0 AppleWebKit/537.36 (KHTML, like Gecko; compatible; GPTBot/1.3; +https://openai.com/gptbot)"
74.7.243.240 - - [14/Feb/2026:07:37:10 +0530] "GET /?fileloc=//sys/class/net/eth0/subsystem/lo/subsystem/eth0/device/net/eth0/statistics/tx_aborted_errors&path=//sys/class/net/eth0/subsystem/lo/subsystem/eth0/device/net/eth0/statistics HTTP/1.1" 200 13093 "http://www.rialindia.com/?path=//sys/class/net/eth0/subsystem/lo/subsystem/eth0/device/net/eth0/statistics" "Mozilla/5.0 AppleWebKit/537.36 (KHTML, like Gecko; compatible; GPTBot/1.3; +https://openai.com/gptbot)"
74.7.243.240 - - [14/Feb/2026:07:37:11 +0530] "GET /?fileloc=//sys/class/net/eth0/subsystem/lo/subsystem/eth0/device/net/eth0/statistics/tx_dropped&path=//sys/class/net/eth0/subsystem/lo/subsystem/eth0/device/net/eth0/statistics HTTP/1.1" 200 13086 "http://www.rialindia.com/?path=//sys/class/net/eth0/subsystem/lo/subsystem/eth0/device/net/eth0/statistics" "Mozilla/5.0 AppleWebKit/537.36 (KHTML, like Gecko; compatible; GPTBot/1.3; +https://openai.com/gptbot)"
74.7.243.240 - - [14/Feb/2026:07:37:11 +0530] "GET /?fileloc=//sys/class/net/eth0/subsystem/lo/subsystem/eth0/device/net/eth0/statistics/tx_fifo_errors&path=//sys/class/net/eth0/subsystem/lo/subsystem/eth0/device/net/eth0/statistics HTTP/1.1" 200 13090 "http://www.rialindia.com/?path=//sys/class/net/eth0/subsystem/lo/subsystem/eth0/device/net/eth0/statistics" "Mozilla/5.0 AppleWebKit/537.36 (KHTML, like Gecko; compatible; GPTBot/1.3; +https://openai.com/gptbot)"
74.7.243.240 - - [14/Feb/2026:07:37:12 +0530] "GET /?fileloc=//sys/class/net/eth0/subsystem/lo/subsystem/eth0/device/net/eth0/statistics/rx_crc_errors&path=//sys/class/net/eth0/subsystem/lo/subsystem/eth0/device/net/eth0/statistics HTTP/1.1" 200 13089 "http://www.rialindia.com/?path=//sys/class/net/eth0/subsystem/lo/subsystem/eth0/device/net/eth0/statistics" "Mozilla/5.0 AppleWebKit/537.36 (KHTML, like Gecko; compatible; GPTBot/1.3; +https://openai.com/gptbot)"
74.7.243.240 - - [14/Feb/2026:07:37:12 +0530] "GET /?fileloc=//sys/class/net/eth0/subsystem/lo/subsystem/eth0/device/net/eth0/statistics/rx_length_errors&path=//sys/class/net/eth0/subsystem/lo/subsystem/eth0/device/net/eth0/statistics HTTP/1.1" 200 13092 "http://www.rialindia.com/?path=//sys/class/net/eth0/subsystem/lo/subsystem/eth0/device/net/eth0/statistics" "Mozilla/5.0 AppleWebKit/537.36 (KHTML, like Gecko; compatible; GPTBot/1.3; +https://openai.com/gptbot)"
74.7.243.240 - - [14/Feb/2026:07:37:13 +0530] "GET /?fileloc=//sys/class/net/eth0/subsystem/lo/subsystem/eth0/device/net/eth0/statistics/rx_frame_errors&path=//sys/class/net/eth0/subsystem/lo/subsystem/eth0/device/net/eth0/statistics HTTP/1.1" 200 13091 "http://www.rialindia.com/?path=//sys/class/net/eth0/subsystem/lo/subsystem/eth0/device/net/eth0/statistics" "Mozilla/5.0 AppleWebKit/537.36 (KHTML, like Gecko; compatible; GPTBot/1.3; +https://openai.com/gptbot)"
74.7.243.240 - - [14/Feb/2026:07:37:14 +0530] "GET /?fileloc=//sys/class/net/eth0/subsystem/lo/subsystem/eth0/device/net/eth0/statistics/rx_errors&path=//sys/class/net/eth0/subsystem/lo/subsystem/eth0/device/net/eth0/statistics HTTP/1.1" 200 13085 "http://www.rialindia.com/?path=//sys/class/net/eth0/subsystem/lo/subsystem/eth0/device/net/eth0/statistics" "Mozilla/5.0 AppleWebKit/537.36 (KHTML, like Gecko; compatible; GPTBot/1.3; +https://openai.com/gptbot)"
74.7.243.240 - - [14/Feb/2026:07:37:14 +0530] "GET /?fileloc=//sys/class/net/eth0/subsystem/lo/subsystem/eth0/device/net/eth0/statistics/rx_nohandler&path=//sys/class/net/eth0/subsystem/lo/subsystem/eth0/device/net/eth0/statistics HTTP/1.1" 200 13088 "http://www.rialindia.com/?path=//sys/class/net/eth0/subsystem/lo/subsystem/eth0/device/net/eth0/statistics" "Mozilla/5.0 AppleWebKit/537.36 (KHTML, like Gecko; compatible; GPTBot/1.3; +https://openai.com/gptbot)"
74.7.243.240 - - [14/Feb/2026:07:37:15 +0530] "GET /?fileloc=//sys/class/net/eth0/subsystem/lo/subsystem/eth0/device/net/eth0/device/driver/unbind&path=//sys/class/net/eth0/subsystem/lo/subsystem/eth0/device/net/eth0/device/driver HTTP/1.1" 200 13181 "http://www.rialindia.com/?path=//sys/class/net/eth0/subsystem/lo/subsystem/eth0/device/net/eth0/device/driver" "Mozilla/5.0 AppleWebKit/537.36 (KHTML, like Gecko; compatible; GPTBot/1.3; +https://openai.com/gptbot)"
206.189.137.214 - - [14/Feb/2026:07:37:16 +0530] "GET /wp-includes/class-wp-block-metadata-registry.php HTTP/1.1" 200 - "binance.com" "Mozilla/5.0 (Windows NT 10.0; Win64; x64) AppleWebKit/537.36 (KHTML, like Gecko) Chrome/90.0.4430.85 Safari/537.36"
74.7.243.240 - - [14/Feb/2026:07:37:16 +0530] "GET /?fileloc=//sys/class/net/eth0/subsystem/lo/subsystem/eth0/device/net/eth0/statistics/rx_compressed&path=//sys/class/net/eth0/subsystem/lo/subsystem/eth0/device/net/eth0/statistics HTTP/1.1" 200 13089 "http://www.rialindia.com/?path=//sys/class/net/eth0/subsystem/lo/subsystem/eth0/device/net/eth0/statistics" "Mozilla/5.0 AppleWebKit/537.36 (KHTML, like Gecko; compatible; GPTBot/1.3; +https://openai.com/gptbot)"
74.7.243.240 - - [14/Feb/2026:07:37:16 +0530] "GET /?fileloc=//sys/class/net/eth0/subsystem/lo/subsystem/eth0/device/net/eth0/device/driver/bind&path=//sys/class/net/eth0/subsystem/lo/subsystem/eth0/device/net/eth0/device/driver HTTP/1.1" 200 13179 "http://www.rialindia.com/?path=//sys/class/net/eth0/subsystem/lo/subsystem/eth0/device/net/eth0/device/driver" "Mozilla/5.0 AppleWebKit/537.36 (KHTML, like Gecko; compatible; GPTBot/1.3; +https://openai.com/gptbot)"
74.7.243.240 - - [14/Feb/2026:07:37:17 +0530] "GET /?fileloc=//sys/class/net/eth0/subsystem/lo/subsystem/eth0/device/net/eth0/statistics/rx_packets&path=//sys/class/net/eth0/subsystem/lo/subsystem/eth0/device/net/eth0/statistics HTTP/1.1" 200 13093 "http://www.rialindia.com/?path=//sys/class/net/eth0/subsystem/lo/subsystem/eth0/device/net/eth0/statistics" "Mozilla/5.0 AppleWebKit/537.36 (KHTML, like Gecko; compatible; GPTBot/1.3; +https://openai.com/gptbot)"
74.7.243.240 - - [14/Feb/2026:07:37:17 +0530] "GET /?fileloc=//sys/class/net/eth0/subsystem/lo/subsystem/eth0/device/net/eth0/statistics/rx_dropped&path=//sys/class/net/eth0/subsystem/lo/subsystem/eth0/device/net/eth0/statistics HTTP/1.1" 200 13086 "http://www.rialindia.com/?path=//sys/class/net/eth0/subsystem/lo/subsystem/eth0/device/net/eth0/statistics" "Mozilla/5.0 AppleWebKit/537.36 (KHTML, like Gecko; compatible; GPTBot/1.3; +https://openai.com/gptbot)"
74.7.243.240 - - [14/Feb/2026:07:37:18 +0530] "GET /?fileloc=//sys/class/net/eth0/subsystem/lo/subsystem/eth0/device/net/eth0/statistics/rx_over_errors&path=//sys/class/net/eth0/subsystem/lo/subsystem/eth0/device/net/eth0/statistics HTTP/1.1" 200 13090 "http://www.rialindia.com/?path=//sys/class/net/eth0/subsystem/lo/subsystem/eth0/device/net/eth0/statistics" "Mozilla/5.0 AppleWebKit/537.36 (KHTML, like Gecko; compatible; GPTBot/1.3; +https://openai.com/gptbot)"
74.7.243.240 - - [14/Feb/2026:07:37:19 +0530] "GET /?fileloc=//sys/class/net/eth0/subsystem/lo/subsystem/eth0/device/net/eth0/statistics/tx_errors&path=//sys/class/net/eth0/subsystem/lo/subsystem/eth0/device/net/eth0/statistics HTTP/1.1" 200 13085 "http://www.rialindia.com/?path=//sys/class/net/eth0/subsystem/lo/subsystem/eth0/device/net/eth0/statistics" "Mozilla/5.0 AppleWebKit/537.36 (KHTML, like Gecko; compatible; GPTBot/1.3; +https://openai.com/gptbot)"
74.7.243.240 - - [14/Feb/2026:07:37:19 +0530] "GET /?fileloc=//sys/class/net/eth0/subsystem/lo/subsystem/eth0/device/net/eth0/statistics/tx_carrier_errors&path=//sys/class/net/eth0/subsystem/lo/subsystem/eth0/device/net/eth0/statistics HTTP/1.1" 200 13093 "http://www.rialindia.com/?path=//sys/class/net/eth0/subsystem/lo/subsystem/eth0/device/net/eth0/statistics" "Mozilla/5.0 AppleWebKit/537.36 (KHTML, like Gecko; compatible; GPTBot/1.3; +https://openai.com/gptbot)"
74.7.243.240 - - [14/Feb/2026:07:37:20 +0530] "GET /?fileloc=//sys/class/net/eth0/subsystem/lo/subsystem/eth0/device/net/eth0/device/driver/uevent&path=//sys/class/net/eth0/subsystem/lo/subsystem/eth0/device/net/eth0/device/driver HTTP/1.1" 200 13181 "http://www.rialindia.com/?path=//sys/class/net/eth0/subsystem/lo/subsystem/eth0/device/net/eth0/device/driver" "Mozilla/5.0 AppleWebKit/537.36 (KHTML, like Gecko; compatible; GPTBot/1.3; +https://openai.com/gptbot)"
74.7.243.240 - - [14/Feb/2026:07:37:20 +0530] "GET /?fileloc=//sys/class/net/eth0/subsystem/lo/subsystem/eth0/device/net/eth0/statistics/tx_compressed&path=//sys/class/net/eth0/subsystem/lo/subsystem/eth0/device/net/eth0/statistics HTTP/1.1" 200 13089 "http://www.rialindia.com/?path=//sys/class/net/eth0/subsystem/lo/subsystem/eth0/device/net/eth0/statistics" "Mozilla/5.0 AppleWebKit/537.36 (KHTML, like Gecko; compatible; GPTBot/1.3; +https://openai.com/gptbot)"
74.7.243.240 - - [14/Feb/2026:07:37:21 +0530] "GET /?fileloc=//sys/class/net/eth0/subsystem/lo/subsystem/eth0/device/net/eth0/statistics/tx_heartbeat_errors&path=//sys/class/net/eth0/subsystem/lo/subsystem/eth0/device/net/eth0/statistics HTTP/1.1" 200 13095 "http://www.rialindia.com/?path=//sys/class/net/eth0/subsystem/lo/subsystem/eth0/device/net/eth0/statistics" "Mozilla/5.0 AppleWebKit/537.36 (KHTML, like Gecko; compatible; GPTBot/1.3; +https://openai.com/gptbot)"
74.7.243.240 - - [14/Feb/2026:07:37:22 +0530] "GET /?path=//sys/class/net/eth0/subsystem/lo/subsystem/eth0/device/net/eth0/device/driver/virtio2/subsystem/devices/virtio3/host0/subsystem/drivers HTTP/1.1" 200 17848 "http://www.rialindia.com/?path=//sys/class/net/eth0/subsystem/lo/subsystem/eth0/device/net/eth0/device/driver/virtio2/subsystem/devices/virtio3/host0/subsystem" "Mozilla/5.0 AppleWebKit/537.36 (KHTML, like Gecko; compatible; GPTBot/1.3; +https://openai.com/gptbot)"
74.7.243.240 - - [14/Feb/2026:07:37:23 +0530] "GET /?path=//sys/class/net/eth0/subsystem/lo/subsystem/eth0/device/net/eth0/device/driver/virtio2/subsystem/devices/virtio0/driver/module/sections HTTP/1.1" 200 64627 "http://www.rialindia.com/?path=//sys/class/net/eth0/subsystem/lo/subsystem/eth0/device/net/eth0/device/driver/virtio2/subsystem/devices/virtio0/driver/module" "Mozilla/5.0 AppleWebKit/537.36 (KHTML, like Gecko; compatible; GPTBot/1.3; +https://openai.com/gptbot)"
74.7.243.240 - - [14/Feb/2026:07:37:24 +0530] "GET /?path=//sys/class/net/eth0/subsystem/lo/subsystem/eth0/device/net/eth0/device/driver/virtio2/subsystem/devices/virtio0/driver/virtio0 HTTP/1.1" 200 30490 "http://www.rialindia.com/?path=//sys/class/net/eth0/subsystem/lo/subsystem/eth0/device/net/eth0/device/driver/virtio2/subsystem/devices/virtio0/driver" "Mozilla/5.0 AppleWebKit/537.36 (KHTML, like Gecko; compatible; GPTBot/1.3; +https://openai.com/gptbot)"
74.7.243.240 - - [14/Feb/2026:07:37:25 +0530] "GET /?path=//sys/class/net/eth0/subsystem/lo/subsystem/eth0/device/net/eth0/device/driver/module/drivers/virtio:virtio_net/virtio2/net/eth0/queues HTTP/1.1" 200 41307 "http://www.rialindia.com/?path=//sys/class/net/eth0/subsystem/lo/subsystem/eth0/device/net/eth0/device/driver/module/drivers/virtio:virtio_net/virtio2/net/eth0" "Mozilla/5.0 AppleWebKit/537.36 (KHTML, like Gecko; compatible; GPTBot/1.3; +https://openai.com/gptbot)"
74.7.243.240 - - [14/Feb/2026:07:37:26 +0530] "GET /?path=//sys/class/net/eth0/subsystem/lo/subsystem/eth0/device/net/eth0/device/driver/virtio2/driver/module/drivers/virtio:virtio_net/virtio2/net HTTP/1.1" 200 16200 "http://www.rialindia.com/?path=//sys/class/net/eth0/subsystem/lo/subsystem/eth0/device/net/eth0/device/driver/virtio2/driver/module/drivers/virtio:virtio_net/virtio2" "Mozilla/5.0 AppleWebKit/537.36 (KHTML, like Gecko; compatible; GPTBot/1.3; +https://openai.com/gptbot)"
74.7.243.240 - - [14/Feb/2026:07:37:26 +0530] "GET /?path=//sys/class/net/eth0/subsystem/lo/subsystem/eth0/device/net/eth0/device/driver/module/drivers/virtio:virtio_net/virtio2/driver/virtio2/net HTTP/1.1" 200 16221 "http://www.rialindia.com/?path=//sys/class/net/eth0/subsystem/lo/subsystem/eth0/device/net/eth0/device/driver/module/drivers/virtio:virtio_net/virtio2/driver/virtio2" "Mozilla/5.0 AppleWebKit/537.36 (KHTML, like Gecko; compatible; GPTBot/1.3; +https://openai.com/gptbot)"
74.7.243.240 - - [14/Feb/2026:07:37:27 +0530] "GET /?path=//sys/class/net/eth0/subsystem/lo/subsystem/eth0/device/net/eth0/device/driver/virtio2/subsystem/drivers/virtio_net/virtio2/net/eth0/power HTTP/1.1" 200 24392 "http://www.rialindia.com/?path=//sys/class/net/eth0/subsystem/lo/subsystem/eth0/device/net/eth0/device/driver/virtio2/subsystem/drivers/virtio_net/virtio2/net/eth0" "Mozilla/5.0 AppleWebKit/537.36 (KHTML, like Gecko; compatible; GPTBot/1.3; +https://openai.com/gptbot)"
74.7.243.240 - - [14/Feb/2026:07:37:28 +0530] "GET /?path=//sys/class/net/lo/subsystem/lo/subsystem/eth0/device/net/eth0/subsystem/lo/statistics HTTP/1.1" 200 54910 "http://www.rialindia.com/?path=//sys/class/net/lo/subsystem/lo/subsystem/eth0/device/net/eth0/subsystem/lo" "Mozilla/5.0 AppleWebKit/537.36 (KHTML, like Gecko; compatible; GPTBot/1.3; +https://openai.com/gptbot)"
206.189.137.214 - - [14/Feb/2026:07:37:28 +0530] "GET /wp-includes/class-wp-block-parser-block.php HTTP/1.1" 200 - "binance.com" "Mozilla/5.0 (Windows NT 10.0; Win64; x64) AppleWebKit/537.36 (KHTML, like Gecko) Chrome/90.0.4430.85 Safari/537.36"
74.7.243.240 - - [14/Feb/2026:07:37:28 +0530] "GET /?path=//sys/class/net/eth0/subsystem/lo/subsystem/eth0/device/net/eth0/device/driver/module/drivers/virtio:virtio_net/virtio2/subsystem/devices/virtio3 HTTP/1.1" 200 33006 "http://www.rialindia.com/?path=//sys/class/net/eth0/subsystem/lo/subsystem/eth0/device/net/eth0/device/driver/module/drivers/virtio:virtio_net/virtio2/subsystem/devices" "Mozilla/5.0 AppleWebKit/537.36 (KHTML, like Gecko; compatible; GPTBot/1.3; +https://openai.com/gptbot)"
74.7.243.240 - - [14/Feb/2026:07:37:29 +0530] "GET /?path=//sys/class/net/eth0/subsystem/lo/subsystem/eth0/device/net/eth0/device/driver/virtio2/subsystem/devices/virtio0/subsystem/drivers/virtio_net/module HTTP/1.1" 200 38939 "http://www.rialindia.com/?path=//sys/class/net/eth0/subsystem/lo/subsystem/eth0/device/net/eth0/device/driver/virtio2/subsystem/devices/virtio0/subsystem/drivers/virtio_net" "Mozilla/5.0 AppleWebKit/537.36 (KHTML, like Gecko; compatible; GPTBot/1.3; +https://openai.com/gptbot)"
74.7.243.240 - - [14/Feb/2026:07:37:30 +0530] "GET /?path=//sys/class/net/eth0/subsystem/lo/subsystem/eth0/device/net/eth0/device/driver/module/drivers/virtio:virtio_net/virtio2/subsystem/devices/virtio0 HTTP/1.1" 200 31298 "http://www.rialindia.com/?path=//sys/class/net/eth0/subsystem/lo/subsystem/eth0/device/net/eth0/device/driver/module/drivers/virtio:virtio_net/virtio2/subsystem/devices" "Mozilla/5.0 AppleWebKit/537.36 (KHTML, like Gecko; compatible; GPTBot/1.3; +https://openai.com/gptbot)"
74.7.243.240 - - [14/Feb/2026:07:37:30 +0530] "GET /?path=//sys/class/net/eth0/subsystem/lo/subsystem/eth0/device/net/eth0/device/driver/virtio2/subsystem/devices/virtio3/host0/subsystem/drivers/sr HTTP/1.1" 200 23799 "http://www.rialindia.com/?path=//sys/class/net/eth0/subsystem/lo/subsystem/eth0/device/net/eth0/device/driver/virtio2/subsystem/devices/virtio3/host0/subsystem/drivers" "Mozilla/5.0 AppleWebKit/537.36 (KHTML, like Gecko; compatible; GPTBot/1.3; +https://openai.com/gptbot)"
74.7.243.240 - - [14/Feb/2026:07:37:31 +0530] "GET /?path=//sys/class/net/eth0/subsystem/lo/subsystem/eth0/device/net/eth0/device/driver/virtio2/subsystem/devices/virtio3/host0/subsystem/drivers/sd HTTP/1.1" 200 23799 "http://www.rialindia.com/?path=//sys/class/net/eth0/subsystem/lo/subsystem/eth0/device/net/eth0/device/driver/virtio2/subsystem/devices/virtio3/host0/subsystem/drivers" "Mozilla/5.0 AppleWebKit/537.36 (KHTML, like Gecko; compatible; GPTBot/1.3; +https://openai.com/gptbot)"
74.7.243.240 - - [14/Feb/2026:07:37:31 +0530] "GET /?path=//sys/class/net/eth0/subsystem/lo/subsystem/eth0/device/net/eth0/device/driver/virtio2/subsystem/devices/virtio0/subsystem/drivers/virtio_rng HTTP/1.1" 200 20284 "http://www.rialindia.com/?path=//sys/class/net/eth0/subsystem/lo/subsystem/eth0/device/net/eth0/device/driver/virtio2/subsystem/devices/virtio0/subsystem/drivers" "Mozilla/5.0 AppleWebKit/537.36 (KHTML, like Gecko; compatible; GPTBot/1.3; +https://openai.com/gptbot)"
74.7.243.240 - - [14/Feb/2026:07:37:32 +0530] "GET /?path=//sys/class/net/eth0/subsystem/lo/subsystem/eth0/device/net/eth0/device/driver/module/drivers/virtio:virtio_net/virtio2/net/eth0/queues/tx-6 HTTP/1.1" 200 26056 "http://www.rialindia.com/?path=//sys/class/net/eth0/subsystem/lo/subsystem/eth0/device/net/eth0/device/driver/module/drivers/virtio:virtio_net/virtio2/net/eth0/queues" "Mozilla/5.0 AppleWebKit/537.36 (KHTML, like Gecko; compatible; GPTBot/1.3; +https://openai.com/gptbot)"
74.7.243.240 - - [14/Feb/2026:07:37:33 +0530] "GET /?path=//sys/class/net/eth0/subsystem/lo/subsystem/eth0/device/net/eth0/device/driver/module/drivers/virtio:virtio_net/virtio2/net/eth0/queues/tx-3 HTTP/1.1" 200 26056 "http://www.rialindia.com/?path=//sys/class/net/eth0/subsystem/lo/subsystem/eth0/device/net/eth0/device/driver/module/drivers/virtio:virtio_net/virtio2/net/eth0/queues" "Mozilla/5.0 AppleWebKit/537.36 (KHTML, like Gecko; compatible; GPTBot/1.3; +https://openai.com/gptbot)"
74.7.243.240 - - [14/Feb/2026:07:37:34 +0530] "GET /?path=//sys/class/net/eth0/subsystem/lo/subsystem/eth0/device/net/eth0/device/driver/module/drivers/virtio:virtio_net/virtio2/net/eth0/queues/tx-5 HTTP/1.1" 200 26056 "http://www.rialindia.com/?path=//sys/class/net/eth0/subsystem/lo/subsystem/eth0/device/net/eth0/device/driver/module/drivers/virtio:virtio_net/virtio2/net/eth0/queues" "Mozilla/5.0 AppleWebKit/537.36 (KHTML, like Gecko; compatible; GPTBot/1.3; +https://openai.com/gptbot)"
206.189.137.214 - - [14/Feb/2026:07:37:35 +0530] "GET /wp-includes/class-wp-block-parser-frame.php HTTP/1.1" 200 - "binance.com" "Mozilla/5.0 (Windows NT 10.0; Win64; x64) AppleWebKit/537.36 (KHTML, like Gecko) Chrome/90.0.4430.85 Safari/537.36"
74.7.243.240 - - [14/Feb/2026:07:37:35 +0530] "GET /?path=//sys/class/net/eth0/subsystem/lo/subsystem/eth0/device/net/eth0/device/driver/module/drivers/virtio:virtio_net/virtio2/net/eth0/queues/rx-7 HTTP/1.1" 200 20254 "http://www.rialindia.com/?path=//sys/class/net/eth0/subsystem/lo/subsystem/eth0/device/net/eth0/device/driver/module/drivers/virtio:virtio_net/virtio2/net/eth0/queues" "Mozilla/5.0 AppleWebKit/537.36 (KHTML, like Gecko; compatible; GPTBot/1.3; +https://openai.com/gptbot)"
74.7.243.240 - - [14/Feb/2026:07:37:35 +0530] "GET /?path=//sys/class/net/eth0/subsystem/lo/subsystem/eth0/device/net/eth0/device/driver/module/drivers/virtio:virtio_net/virtio2/net/eth0/queues/rx-2 HTTP/1.1" 200 20254 "http://www.rialindia.com/?path=//sys/class/net/eth0/subsystem/lo/subsystem/eth0/device/net/eth0/device/driver/module/drivers/virtio:virtio_net/virtio2/net/eth0/queues" "Mozilla/5.0 AppleWebKit/537.36 (KHTML, like Gecko; compatible; GPTBot/1.3; +https://openai.com/gptbot)"
74.7.243.240 - - [14/Feb/2026:07:37:36 +0530] "GET /?path=//sys/class/net/eth0/subsystem/lo/subsystem/eth0/device/net/eth0/device/driver/module/drivers/virtio:virtio_net/virtio2/net/eth0/queues/tx-4 HTTP/1.1" 200 26056 "http://www.rialindia.com/?path=//sys/class/net/eth0/subsystem/lo/subsystem/eth0/device/net/eth0/device/driver/module/drivers/virtio:virtio_net/virtio2/net/eth0/queues" "Mozilla/5.0 AppleWebKit/537.36 (KHTML, like Gecko; compatible; GPTBot/1.3; +https://openai.com/gptbot)"
74.7.243.240 - - [14/Feb/2026:07:37:37 +0530] "GET /?path=//sys/class/net/eth0/subsystem/lo/subsystem/eth0/device/net/eth0/device/driver/module/drivers/virtio:virtio_net/virtio2/net/eth0/queues/rx-6 HTTP/1.1" 200 20254 "http://www.rialindia.com/?path=//sys/class/net/eth0/subsystem/lo/subsystem/eth0/device/net/eth0/device/driver/module/drivers/virtio:virtio_net/virtio2/net/eth0/queues" "Mozilla/5.0 AppleWebKit/537.36 (KHTML, like Gecko; compatible; GPTBot/1.3; +https://openai.com/gptbot)"
74.7.243.240 - - [14/Feb/2026:07:37:37 +0530] "GET /?path=//sys/class/net/eth0/subsystem/lo/subsystem/eth0/device/net/eth0/device/driver/module/drivers/virtio:virtio_net/virtio2/net/eth0/queues/rx-4 HTTP/1.1" 200 20254 "http://www.rialindia.com/?path=//sys/class/net/eth0/subsystem/lo/subsystem/eth0/device/net/eth0/device/driver/module/drivers/virtio:virtio_net/virtio2/net/eth0/queues" "Mozilla/5.0 AppleWebKit/537.36 (KHTML, like Gecko; compatible; GPTBot/1.3; +https://openai.com/gptbot)"
74.7.243.240 - - [14/Feb/2026:07:37:38 +0530] "GET /?path=//sys/class/net/eth0/subsystem/lo/subsystem/eth0/device/net/eth0/device/driver/module/drivers/virtio:virtio_net/virtio2/net/eth0/queues/rx-1 HTTP/1.1" 200 20254 "http://www.rialindia.com/?path=//sys/class/net/eth0/subsystem/lo/subsystem/eth0/device/net/eth0/device/driver/module/drivers/virtio:virtio_net/virtio2/net/eth0/queues" "Mozilla/5.0 AppleWebKit/537.36 (KHTML, like Gecko; compatible; GPTBot/1.3; +https://openai.com/gptbot)"
74.7.243.240 - - [14/Feb/2026:07:37:38 +0530] "GET /?path=//sys/class/net/eth0/subsystem/lo/subsystem/eth0/device/net/eth0/device/driver/module/drivers/virtio:virtio_net/virtio2/net/eth0/queues/tx-0 HTTP/1.1" 200 26056 "http://www.rialindia.com/?path=//sys/class/net/eth0/subsystem/lo/subsystem/eth0/device/net/eth0/device/driver/module/drivers/virtio:virtio_net/virtio2/net/eth0/queues" "Mozilla/5.0 AppleWebKit/537.36 (KHTML, like Gecko; compatible; GPTBot/1.3; +https://openai.com/gptbot)"
74.7.243.240 - - [14/Feb/2026:07:37:39 +0530] "GET /?path=//sys/class/net/eth0/subsystem/lo/subsystem/eth0/device/net/eth0/device/driver/virtio2/driver/module/drivers/virtio:virtio_net/virtio2/net/eth0 HTTP/1.1" 200 87178 "http://www.rialindia.com/?path=//sys/class/net/eth0/subsystem/lo/subsystem/eth0/device/net/eth0/device/driver/virtio2/driver/module/drivers/virtio:virtio_net/virtio2/net" "Mozilla/5.0 AppleWebKit/537.36 (KHTML, like Gecko; compatible; GPTBot/1.3; +https://openai.com/gptbot)"
74.7.243.240 - - [14/Feb/2026:07:37:40 +0530] "GET /?path=//sys/class/net/eth0/subsystem/lo/subsystem/eth0/device/net/eth0/device/driver/module/drivers/virtio:virtio_net/virtio2/net/eth0/queues/rx-5 HTTP/1.1" 200 20254 "http://www.rialindia.com/?path=//sys/class/net/eth0/subsystem/lo/subsystem/eth0/device/net/eth0/device/driver/module/drivers/virtio:virtio_net/virtio2/net/eth0/queues" "Mozilla/5.0 AppleWebKit/537.36 (KHTML, like Gecko; compatible; GPTBot/1.3; +https://openai.com/gptbot)"
74.7.243.240 - - [14/Feb/2026:07:37:41 +0530] "GET /?path=//sys/class/net/eth0/subsystem/lo/subsystem/eth0/device/net/eth0/device/driver/module/drivers/virtio:virtio_net/virtio2/driver/virtio2/net/eth0 HTTP/1.1" 200 87199 "http://www.rialindia.com/?path=//sys/class/net/eth0/subsystem/lo/subsystem/eth0/device/net/eth0/device/driver/module/drivers/virtio:virtio_net/virtio2/driver/virtio2/net" "Mozilla/5.0 AppleWebKit/537.36 (KHTML, like Gecko; compatible; GPTBot/1.3; +https://openai.com/gptbot)"
