84.247.188.147 - - [12/Feb/2026:06:02:31 +0530] "GET /wp-includes/images/crystal/ HTTP/1.1" 200 2485 "binance.com" "Mozilla/5.0 (Windows NT 10.0; Win64; x64) AppleWebKit/537.36 (KHTML, like Gecko) Chrome/90.0.4430.85 Safari/537.36"
84.247.188.147 - - [12/Feb/2026:06:02:36 +0530] "GET /wp-includes/images/media/ HTTP/1.1" 200 3912 "binance.com" "Mozilla/5.0 (Windows NT 10.0; Win64; x64) AppleWebKit/537.36 (KHTML, like Gecko) Chrome/90.0.4430.85 Safari/537.36"
84.247.188.147 - - [12/Feb/2026:06:02:42 +0530] "GET /wp-includes/images/smilies/ HTTP/1.1" 200 5432 "binance.com" "Mozilla/5.0 (Windows NT 10.0; Win64; x64) AppleWebKit/537.36 (KHTML, like Gecko) Chrome/90.0.4430.85 Safari/537.36"
147.93.20.57 - - [12/Feb/2026:06:02:49 +0530] "POST /wp-cron.php?doing_wp_cron=1770856369.7936749458312988281250 HTTP/1.1" 200 - "-" "WordPress/6.8; https://rialindia.com"
84.247.188.147 - - [12/Feb/2026:06:02:48 +0530] "GET /wp-includes/images/wlw/ HTTP/1.1" 404 310751 "binance.com" "Mozilla/5.0 (Windows NT 10.0; Win64; x64) AppleWebKit/537.36 (KHTML, like Gecko) Chrome/90.0.4430.85 Safari/537.36"
84.247.188.147 - - [12/Feb/2026:06:03:00 +0530] "GET /wp-includes/js/%20 HTTP/1.1" 301 - "binance.com" "Mozilla/5.0 (Windows NT 10.0; Win64; x64) AppleWebKit/537.36 (KHTML, like Gecko) Chrome/90.0.4430.85 Safari/537.36"
84.247.188.147 - - [12/Feb/2026:06:03:05 +0530] "GET /wp-includes/js/ HTTP/1.1" 200 21121 "binance.com" "Mozilla/5.0 (Windows NT 10.0; Win64; x64) AppleWebKit/537.36 (KHTML, like Gecko) Chrome/90.0.4430.85 Safari/537.36"
84.247.188.147 - - [12/Feb/2026:06:03:11 +0530] "GET /wp-includes/js/codemirror/ HTTP/1.1" 200 2140 "binance.com" "Mozilla/5.0 (Windows NT 10.0; Win64; x64) AppleWebKit/537.36 (KHTML, like Gecko) Chrome/90.0.4430.85 Safari/537.36"
84.247.188.147 - - [12/Feb/2026:06:03:17 +0530] "GET /wp-includes/js/plupload/ HTTP/1.1" 200 2313 "binance.com" "Mozilla/5.0 (Windows NT 10.0; Win64; x64) AppleWebKit/537.36 (KHTML, like Gecko) Chrome/90.0.4430.85 Safari/537.36"
84.247.188.147 - - [12/Feb/2026:06:03:22 +0530] "GET /.well-known/ HTTP/1.1" 200 830 "binance.com" "Mozilla/5.0 (Windows NT 10.0; Win64; x64) AppleWebKit/537.36 (KHTML, like Gecko) Chrome/90.0.4430.85 Safari/537.36"
147.93.20.57 - - [12/Feb/2026:06:16:48 +0530] "POST /wp-cron.php?doing_wp_cron=1770857208.8172008991241455078125 HTTP/1.1" 200 - "-" "WordPress/6.8; https://rialindia.com"
4.204.193.93 - - [12/Feb/2026:06:16:46 +0530] "GET //wp-content/plugins/fix/up.php HTTP/1.1" 301 - "-" "Mozilla/5.0 (Windows NT 10.0; Win64; x64) AppleWebKit/537.36 (KHTML, like Gecko) Chrome/85.0.4183.102 Safari/537.36"
37.60.228.196 - - [12/Feb/2026:06:51:30 +0530] "GET /wp-admin/css/ HTTP/1.1" 200 19404 "binance.com" "Mozilla/5.0 (Windows NT 10.0; Win64; x64) AppleWebKit/537.36 (KHTML, like Gecko) Chrome/90.0.4430.85 Safari/537.36"
37.60.228.196 - - [12/Feb/2026:06:51:37 +0530] "GET /wp-content/uploads/2026/02/ HTTP/1.1" 200 701 "binance.com" "Mozilla/5.0 (Windows NT 10.0; Win64; x64) AppleWebKit/537.36 (KHTML, like Gecko) Chrome/90.0.4430.85 Safari/537.36"
37.60.228.196 - - [12/Feb/2026:06:51:44 +0530] "GET /wp-content/uploads/2026/01/ HTTP/1.1" 200 701 "binance.com" "Mozilla/5.0 (Windows NT 10.0; Win64; x64) AppleWebKit/537.36 (KHTML, like Gecko) Chrome/90.0.4430.85 Safari/537.36"
37.60.228.196 - - [12/Feb/2026:06:51:51 +0530] "GET /wp-content/uploads/ HTTP/1.1" 200 5121 "binance.com" "Mozilla/5.0 (Windows NT 10.0; Win64; x64) AppleWebKit/537.36 (KHTML, like Gecko) Chrome/90.0.4430.85 Safari/537.36"
37.60.228.196 - - [12/Feb/2026:06:51:58 +0530] "GET /wp-content/upgrade/ HTTP/1.1" 200 672 "binance.com" "Mozilla/5.0 (Windows NT 10.0; Win64; x64) AppleWebKit/537.36 (KHTML, like Gecko) Chrome/90.0.4430.85 Safari/537.36"
147.93.20.57 - - [12/Feb/2026:06:52:08 +0530] "POST /wp-cron.php?doing_wp_cron=1770859328.6680541038513183593750 HTTP/1.1" 200 - "-" "WordPress/6.8; https://rialindia.com"
37.60.228.196 - - [12/Feb/2026:06:52:06 +0530] "GET /wp-content/languages/ HTTP/1.1" 404 304881 "binance.com" "Mozilla/5.0 (Windows NT 10.0; Win64; x64) AppleWebKit/537.36 (KHTML, like Gecko) Chrome/90.0.4430.85 Safari/537.36"
37.60.228.196 - - [12/Feb/2026:06:52:21 +0530] "GET /wp-admin/includes/ HTTP/1.1" 200 21031 "binance.com" "Mozilla/5.0 (Windows NT 10.0; Win64; x64) AppleWebKit/537.36 (KHTML, like Gecko) Chrome/90.0.4430.85 Safari/537.36"
37.60.228.196 - - [12/Feb/2026:06:52:29 +0530] "GET /wp-admin/includes/ HTTP/1.1" 200 21031 "binance.com" "Mozilla/5.0 (Windows NT 10.0; Win64; x64) AppleWebKit/537.36 (KHTML, like Gecko) Chrome/90.0.4430.85 Safari/537.36"
37.60.228.196 - - [12/Feb/2026:06:52:50 +0530] "GET /wp-admin/maint/ HTTP/1.1" 200 840 "binance.com" "Mozilla/5.0 (Windows NT 10.0; Win64; x64) AppleWebKit/537.36 (KHTML, like Gecko) Chrome/90.0.4430.85 Safari/537.36"
37.60.228.196 - - [12/Feb/2026:06:52:56 +0530] "GET /wp-admin/maint/ HTTP/1.1" 200 840 "binance.com" "Mozilla/5.0 (Windows NT 10.0; Win64; x64) AppleWebKit/537.36 (KHTML, like Gecko) Chrome/90.0.4430.85 Safari/537.36"
147.93.20.57 - - [12/Feb/2026:06:53:04 +0530] "POST /wp-cron.php?doing_wp_cron=1770859384.7442290782928466796875 HTTP/1.1" 200 - "-" "WordPress/6.8; https://rialindia.com"
37.60.228.196 - - [12/Feb/2026:06:53:03 +0530] "GET /wp-admin/network/ HTTP/1.1" 302 - "binance.com" "Mozilla/5.0 (Windows NT 10.0; Win64; x64) AppleWebKit/537.36 (KHTML, like Gecko) Chrome/90.0.4430.85 Safari/537.36"
37.60.228.196 - - [12/Feb/2026:06:53:37 +0530] "GET /wp-admin/user/ HTTP/1.1" 302 - "binance.com" "Mozilla/5.0 (Windows NT 10.0; Win64; x64) AppleWebKit/537.36 (KHTML, like Gecko) Chrome/90.0.4430.85 Safari/537.36"
37.60.228.196 - - [12/Feb/2026:06:54:09 +0530] "GET /wp-admin/css/ HTTP/1.1" 200 19404 "binance.com" "Mozilla/5.0 (Windows NT 10.0; Win64; x64) AppleWebKit/537.36 (KHTML, like Gecko) Chrome/90.0.4430.85 Safari/537.36"
37.60.228.196 - - [12/Feb/2026:06:54:16 +0530] "GET /wp-admin/css/colors/ HTTP/1.1" 200 2620 "binance.com" "Mozilla/5.0 (Windows NT 10.0; Win64; x64) AppleWebKit/537.36 (KHTML, like Gecko) Chrome/90.0.4430.85 Safari/537.36"
37.60.228.196 - - [12/Feb/2026:06:54:23 +0530] "GET /wp-admin/css/colors/blue/ HTTP/1.1" 200 1600 "binance.com" "Mozilla/5.0 (Windows NT 10.0; Win64; x64) AppleWebKit/537.36 (KHTML, like Gecko) Chrome/90.0.4430.85 Safari/537.36"
37.60.228.196 - - [12/Feb/2026:06:54:30 +0530] "GET /wp-admin/css/colors/coffee/ HTTP/1.1" 200 1604 "binance.com" "Mozilla/5.0 (Windows NT 10.0; Win64; x64) AppleWebKit/537.36 (KHTML, like Gecko) Chrome/90.0.4430.85 Safari/537.36"
37.60.228.196 - - [12/Feb/2026:06:54:37 +0530] "GET /wp-admin/css/colors/ectoplasm/ HTTP/1.1" 200 1610 "binance.com" "Mozilla/5.0 (Windows NT 10.0; Win64; x64) AppleWebKit/537.36 (KHTML, like Gecko) Chrome/90.0.4430.85 Safari/537.36"
37.60.228.196 - - [12/Feb/2026:06:54:45 +0530] "GET /wp-admin/css/colors/light/ HTTP/1.1" 200 1602 "binance.com" "Mozilla/5.0 (Windows NT 10.0; Win64; x64) AppleWebKit/537.36 (KHTML, like Gecko) Chrome/90.0.4430.85 Safari/537.36"
37.60.228.196 - - [12/Feb/2026:06:54:52 +0530] "GET /wp-admin/css/colors/midnight/ HTTP/1.1" 200 1608 "binance.com" "Mozilla/5.0 (Windows NT 10.0; Win64; x64) AppleWebKit/537.36 (KHTML, like Gecko) Chrome/90.0.4430.85 Safari/537.36"
37.60.228.196 - - [12/Feb/2026:06:54:58 +0530] "GET /wp-admin/css/colors/modern/ HTTP/1.1" 200 1604 "binance.com" "Mozilla/5.0 (Windows NT 10.0; Win64; x64) AppleWebKit/537.36 (KHTML, like Gecko) Chrome/90.0.4430.85 Safari/537.36"
37.60.228.196 - - [12/Feb/2026:06:55:05 +0530] "GET /wp-admin/css/colors/ocean/ HTTP/1.1" 200 1602 "binance.com" "Mozilla/5.0 (Windows NT 10.0; Win64; x64) AppleWebKit/537.36 (KHTML, like Gecko) Chrome/90.0.4430.85 Safari/537.36"
37.60.228.196 - - [12/Feb/2026:06:55:12 +0530] "GET /wp-admin/css/colors/sunrise/%20 HTTP/1.1" 301 - "binance.com" "Mozilla/5.0 (Windows NT 10.0; Win64; x64) AppleWebKit/537.36 (KHTML, like Gecko) Chrome/90.0.4430.85 Safari/537.36"
37.60.228.196 - - [12/Feb/2026:06:55:18 +0530] "GET /wp-admin/css/colors/sunrise/ HTTP/1.1" 200 1606 "binance.com" "Mozilla/5.0 (Windows NT 10.0; Win64; x64) AppleWebKit/537.36 (KHTML, like Gecko) Chrome/90.0.4430.85 Safari/537.36"
37.60.228.196 - - [12/Feb/2026:06:55:24 +0530] "GET /wp-admin/images/ HTTP/1.1" 200 14937 "binance.com" "Mozilla/5.0 (Windows NT 10.0; Win64; x64) AppleWebKit/537.36 (KHTML, like Gecko) Chrome/90.0.4430.85 Safari/537.36"
37.60.228.196 - - [12/Feb/2026:06:55:32 +0530] "GET /wp-admin/js/ HTTP/1.1" 200 18718 "binance.com" "Mozilla/5.0 (Windows NT 10.0; Win64; x64) AppleWebKit/537.36 (KHTML, like Gecko) Chrome/90.0.4430.85 Safari/537.36"
37.60.228.196 - - [12/Feb/2026:06:55:39 +0530] "GET /wp-admin/js/widgets/ HTTP/1.1" 200 3348 "binance.com" "Mozilla/5.0 (Windows NT 10.0; Win64; x64) AppleWebKit/537.36 (KHTML, like Gecko) Chrome/90.0.4430.85 Safari/537.36"
37.60.228.196 - - [12/Feb/2026:06:55:45 +0530] "GET /wp-includes/ HTTP/1.1" 200 52280 "binance.com" "Mozilla/5.0 (Windows NT 10.0; Win64; x64) AppleWebKit/537.36 (KHTML, like Gecko) Chrome/90.0.4430.85 Safari/537.36"
37.60.228.196 - - [12/Feb/2026:06:55:51 +0530] "GET /wp-includes/ HTTP/1.1" 200 52280 "binance.com" "Mozilla/5.0 (Windows NT 10.0; Win64; x64) AppleWebKit/537.36 (KHTML, like Gecko) Chrome/90.0.4430.85 Safari/537.36"
37.60.228.196 - - [12/Feb/2026:06:56:26 +0530] "GET /wp-includes/block-bindings.php HTTP/1.1" 200 - "binance.com" "Mozilla/5.0 (Windows NT 10.0; Win64; x64) AppleWebKit/537.36 (KHTML, like Gecko) Chrome/90.0.4430.85 Safari/537.36"
37.60.228.196 - - [12/Feb/2026:06:56:33 +0530] "GET /wp-includes/block-editor.php HTTP/1.1" 200 - "binance.com" "Mozilla/5.0 (Windows NT 10.0; Win64; x64) AppleWebKit/537.36 (KHTML, like Gecko) Chrome/90.0.4430.85 Safari/537.36"
37.60.228.196 - - [12/Feb/2026:06:56:40 +0530] "GET /wp-includes/block-template-utils.php HTTP/1.1" 200 - "binance.com" "Mozilla/5.0 (Windows NT 10.0; Win64; x64) AppleWebKit/537.36 (KHTML, like Gecko) Chrome/90.0.4430.85 Safari/537.36"
37.60.228.196 - - [12/Feb/2026:06:56:47 +0530] "GET /wp-includes/block-template.php HTTP/1.1" 200 - "binance.com" "Mozilla/5.0 (Windows NT 10.0; Win64; x64) AppleWebKit/537.36 (KHTML, like Gecko) Chrome/90.0.4430.85 Safari/537.36"
37.60.228.196 - - [12/Feb/2026:06:56:54 +0530] "GET /wp-includes/class-avif-info.php HTTP/1.1" 200 - "binance.com" "Mozilla/5.0 (Windows NT 10.0; Win64; x64) AppleWebKit/537.36 (KHTML, like Gecko) Chrome/90.0.4430.85 Safari/537.36"
37.60.228.196 - - [12/Feb/2026:06:57:01 +0530] "GET /wp-includes/class-wp-block-bindings-registry.php HTTP/1.1" 200 - "binance.com" "Mozilla/5.0 (Windows NT 10.0; Win64; x64) AppleWebKit/537.36 (KHTML, like Gecko) Chrome/90.0.4430.85 Safari/537.36"
37.60.228.196 - - [12/Feb/2026:06:57:06 +0530] "GET /wp-includes/class-wp-block-bindings-source.php HTTP/1.1" 200 - "binance.com" "Mozilla/5.0 (Windows NT 10.0; Win64; x64) AppleWebKit/537.36 (KHTML, like Gecko) Chrome/90.0.4430.85 Safari/537.36"
37.60.228.196 - - [12/Feb/2026:06:57:13 +0530] "GET /wp-includes/class-wp-block-editor-context.php HTTP/1.1" 200 - "binance.com" "Mozilla/5.0 (Windows NT 10.0; Win64; x64) AppleWebKit/537.36 (KHTML, like Gecko) Chrome/90.0.4430.85 Safari/537.36"
37.60.228.196 - - [12/Feb/2026:06:57:20 +0530] "GET /wp-includes/class-wp-block-metadata-registry.php HTTP/1.1" 200 - "binance.com" "Mozilla/5.0 (Windows NT 10.0; Win64; x64) AppleWebKit/537.36 (KHTML, like Gecko) Chrome/90.0.4430.85 Safari/537.36"
37.60.228.196 - - [12/Feb/2026:06:57:27 +0530] "GET /wp-includes/class-wp-block-parser-block.php HTTP/1.1" 200 - "binance.com" "Mozilla/5.0 (Windows NT 10.0; Win64; x64) AppleWebKit/537.36 (KHTML, like Gecko) Chrome/90.0.4430.85 Safari/537.36"
37.60.228.196 - - [12/Feb/2026:06:57:34 +0530] "GET /wp-includes/class-wp-block-parser-frame.php HTTP/1.1" 200 - "binance.com" "Mozilla/5.0 (Windows NT 10.0; Win64; x64) AppleWebKit/537.36 (KHTML, like Gecko) Chrome/90.0.4430.85 Safari/537.36"
37.60.228.196 - - [12/Feb/2026:06:57:40 +0530] "GET /wp-includes/class-wp-block-template.php HTTP/1.1" 200 - "binance.com" "Mozilla/5.0 (Windows NT 10.0; Win64; x64) AppleWebKit/537.36 (KHTML, like Gecko) Chrome/90.0.4430.85 Safari/537.36"
37.60.228.196 - - [12/Feb/2026:06:57:47 +0530] "GET /wp-includes/class-wp-block-templates-registry.php HTTP/1.1" 200 - "binance.com" "Mozilla/5.0 (Windows NT 10.0; Win64; x64) AppleWebKit/537.36 (KHTML, like Gecko) Chrome/90.0.4430.85 Safari/537.36"
37.60.228.196 - - [12/Feb/2026:06:57:54 +0530] "GET /wp-includes/class-wp-classic-to-block-menu-converter.php HTTP/1.1" 200 - "binance.com" "Mozilla/5.0 (Windows NT 10.0; Win64; x64) AppleWebKit/537.36 (KHTML, like Gecko) Chrome/90.0.4430.85 Safari/537.36"
37.60.228.196 - - [12/Feb/2026:06:58:01 +0530] "GET /wp-includes/class-wp-dependencies.php HTTP/1.1" 200 - "binance.com" "Mozilla/5.0 (Windows NT 10.0; Win64; x64) AppleWebKit/537.36 (KHTML, like Gecko) Chrome/90.0.4430.85 Safari/537.36"
37.60.228.196 - - [12/Feb/2026:06:58:09 +0530] "GET /wp-includes/class-wp-duotone.php HTTP/1.1" 200 - "binance.com" "Mozilla/5.0 (Windows NT 10.0; Win64; x64) AppleWebKit/537.36 (KHTML, like Gecko) Chrome/90.0.4430.85 Safari/537.36"
37.60.228.196 - - [12/Feb/2026:06:58:15 +0530] "GET /wp-includes/class-wp-exception.php HTTP/1.1" 200 - "binance.com" "Mozilla/5.0 (Windows NT 10.0; Win64; x64) AppleWebKit/537.36 (KHTML, like Gecko) Chrome/90.0.4430.85 Safari/537.36"
37.60.228.196 - - [12/Feb/2026:06:58:21 +0530] "GET /wp-includes/class-wp-http.php HTTP/1.1" 200 2 "binance.com" "Mozilla/5.0 (Windows NT 10.0; Win64; x64) AppleWebKit/537.36 (KHTML, like Gecko) Chrome/90.0.4430.85 Safari/537.36"
37.60.228.196 - - [12/Feb/2026:06:58:28 +0530] "GET /wp-includes/class-wp-navigation-fallback.php HTTP/1.1" 200 - "binance.com" "Mozilla/5.0 (Windows NT 10.0; Win64; x64) AppleWebKit/537.36 (KHTML, like Gecko) Chrome/90.0.4430.85 Safari/537.36"
37.60.228.196 - - [12/Feb/2026:06:58:33 +0530] "GET /wp-includes/class-wp-phpmailer.php HTTP/1.1" 500 - "binance.com" "Mozilla/5.0 (Windows NT 10.0; Win64; x64) AppleWebKit/537.36 (KHTML, like Gecko) Chrome/90.0.4430.85 Safari/537.36"
37.60.228.196 - - [12/Feb/2026:06:58:39 +0530] "GET /wp-includes/class-wp-plugin-dependencies.php HTTP/1.1" 200 - "binance.com" "Mozilla/5.0 (Windows NT 10.0; Win64; x64) AppleWebKit/537.36 (KHTML, like Gecko) Chrome/90.0.4430.85 Safari/537.36"
37.60.228.196 - - [12/Feb/2026:06:58:45 +0530] "GET /wp-includes/class-wp-script-modules.php HTTP/1.1" 200 - "binance.com" "Mozilla/5.0 (Windows NT 10.0; Win64; x64) AppleWebKit/537.36 (KHTML, like Gecko) Chrome/90.0.4430.85 Safari/537.36"
37.60.228.196 - - [12/Feb/2026:06:58:51 +0530] "GET /wp-includes/class-wp-scripts.php HTTP/1.1" 500 - "binance.com" "Mozilla/5.0 (Windows NT 10.0; Win64; x64) AppleWebKit/537.36 (KHTML, like Gecko) Chrome/90.0.4430.85 Safari/537.36"
37.60.228.196 - - [12/Feb/2026:06:58:58 +0530] "GET /wp-includes/class-wp-speculation-rules.php HTTP/1.1" 200 - "binance.com" "Mozilla/5.0 (Windows NT 10.0; Win64; x64) AppleWebKit/537.36 (KHTML, like Gecko) Chrome/90.0.4430.85 Safari/537.36"
37.60.228.196 - - [12/Feb/2026:06:59:04 +0530] "GET /wp-includes/class-wp-styles.php HTTP/1.1" 500 - "binance.com" "Mozilla/5.0 (Windows NT 10.0; Win64; x64) AppleWebKit/537.36 (KHTML, like Gecko) Chrome/90.0.4430.85 Safari/537.36"
37.60.228.196 - - [12/Feb/2026:06:59:09 +0530] "GET /wp-includes/class-wp-textdomain-registry.php HTTP/1.1" 200 - "binance.com" "Mozilla/5.0 (Windows NT 10.0; Win64; x64) AppleWebKit/537.36 (KHTML, like Gecko) Chrome/90.0.4430.85 Safari/537.36"
37.60.228.196 - - [12/Feb/2026:06:59:15 +0530] "GET /wp-includes/class-wp-theme-json-data.php HTTP/1.1" 200 - "binance.com" "Mozilla/5.0 (Windows NT 10.0; Win64; x64) AppleWebKit/537.36 (KHTML, like Gecko) Chrome/90.0.4430.85 Safari/537.36"
37.60.228.196 - - [12/Feb/2026:06:59:21 +0530] "GET /wp-includes/class-wp-theme-json-resolver.php HTTP/1.1" 200 - "binance.com" "Mozilla/5.0 (Windows NT 10.0; Win64; x64) AppleWebKit/537.36 (KHTML, like Gecko) Chrome/90.0.4430.85 Safari/537.36"
37.60.228.196 - - [12/Feb/2026:06:59:27 +0530] "GET /wp-includes/class-wp-theme-json-schema.php HTTP/1.1" 200 - "binance.com" "Mozilla/5.0 (Windows NT 10.0; Win64; x64) AppleWebKit/537.36 (KHTML, like Gecko) Chrome/90.0.4430.85 Safari/537.36"
37.60.228.196 - - [12/Feb/2026:06:59:34 +0530] "GET /wp-includes/class-wp-theme-json.php HTTP/1.1" 200 - "binance.com" "Mozilla/5.0 (Windows NT 10.0; Win64; x64) AppleWebKit/537.36 (KHTML, like Gecko) Chrome/90.0.4430.85 Safari/537.36"
37.60.228.196 - - [12/Feb/2026:06:59:40 +0530] "GET /wp-includes/class-wp-token-map.php HTTP/1.1" 200 - "binance.com" "Mozilla/5.0 (Windows NT 10.0; Win64; x64) AppleWebKit/537.36 (KHTML, like Gecko) Chrome/90.0.4430.85 Safari/537.36"
37.60.228.196 - - [12/Feb/2026:06:59:45 +0530] "GET /wp-includes/class-wp-url-pattern-prefixer.php HTTP/1.1" 200 - "binance.com" "Mozilla/5.0 (Windows NT 10.0; Win64; x64) AppleWebKit/537.36 (KHTML, like Gecko) Chrome/90.0.4430.85 Safari/537.36"
37.60.228.196 - - [12/Feb/2026:06:59:51 +0530] "GET /wp-includes/class-wpdb.php HTTP/1.1" 200 - "binance.com" "Mozilla/5.0 (Windows NT 10.0; Win64; x64) AppleWebKit/537.36 (KHTML, like Gecko) Chrome/90.0.4430.85 Safari/537.36"
37.60.228.196 - - [12/Feb/2026:06:59:56 +0530] "GET /wp-includes/fonts.php HTTP/1.1" 200 - "binance.com" "Mozilla/5.0 (Windows NT 10.0; Win64; x64) AppleWebKit/537.36 (KHTML, like Gecko) Chrome/90.0.4430.85 Safari/537.36"
37.60.228.196 - - [12/Feb/2026:07:00:04 +0530] "GET /wp-includes/global-styles-and-settings.php HTTP/1.1" 200 - "binance.com" "Mozilla/5.0 (Windows NT 10.0; Win64; x64) AppleWebKit/537.36 (KHTML, like Gecko) Chrome/90.0.4430.85 Safari/537.36"
37.60.228.196 - - [12/Feb/2026:07:00:11 +0530] "GET /wp-includes/https-detection.php HTTP/1.1" 200 - "binance.com" "Mozilla/5.0 (Windows NT 10.0; Win64; x64) AppleWebKit/537.36 (KHTML, like Gecko) Chrome/90.0.4430.85 Safari/537.36"
37.60.228.196 - - [12/Feb/2026:07:00:18 +0530] "GET /wp-includes/https-migration.php HTTP/1.1" 200 - "binance.com" "Mozilla/5.0 (Windows NT 10.0; Win64; x64) AppleWebKit/537.36 (KHTML, like Gecko) Chrome/90.0.4430.85 Safari/537.36"
37.60.228.196 - - [12/Feb/2026:07:00:26 +0530] "GET /wp-includes/robots-template.php HTTP/1.1" 200 - "binance.com" "Mozilla/5.0 (Windows NT 10.0; Win64; x64) AppleWebKit/537.36 (KHTML, like Gecko) Chrome/90.0.4430.85 Safari/537.36"
37.60.228.196 - - [12/Feb/2026:07:00:32 +0530] "GET /wp-includes/script-modules.php HTTP/1.1" 200 - "binance.com" "Mozilla/5.0 (Windows NT 10.0; Win64; x64) AppleWebKit/537.36 (KHTML, like Gecko) Chrome/90.0.4430.85 Safari/537.36"
37.60.228.196 - - [12/Feb/2026:07:00:39 +0530] "GET /wp-includes/speculative-loading.php HTTP/1.1" 200 - "binance.com" "Mozilla/5.0 (Windows NT 10.0; Win64; x64) AppleWebKit/537.36 (KHTML, like Gecko) Chrome/90.0.4430.85 Safari/537.36"
37.60.228.196 - - [12/Feb/2026:07:00:46 +0530] "GET /wp-includes/style-engine.php HTTP/1.1" 200 - "binance.com" "Mozilla/5.0 (Windows NT 10.0; Win64; x64) AppleWebKit/537.36 (KHTML, like Gecko) Chrome/90.0.4430.85 Safari/537.36"
37.60.228.196 - - [12/Feb/2026:07:00:51 +0530] "GET /wp-includes/template-canvas.php HTTP/1.1" 500 - "binance.com" "Mozilla/5.0 (Windows NT 10.0; Win64; x64) AppleWebKit/537.36 (KHTML, like Gecko) Chrome/90.0.4430.85 Safari/537.36"
37.60.228.196 - - [12/Feb/2026:07:00:57 +0530] "GET /wp-includes/theme-previews.php HTTP/1.1" 200 - "binance.com" "Mozilla/5.0 (Windows NT 10.0; Win64; x64) AppleWebKit/537.36 (KHTML, like Gecko) Chrome/90.0.4430.85 Safari/537.36"
37.60.228.196 - - [12/Feb/2026:07:01:03 +0530] "GET /wp-includes/theme-templates.php HTTP/1.1" 200 - "binance.com" "Mozilla/5.0 (Windows NT 10.0; Win64; x64) AppleWebKit/537.36 (KHTML, like Gecko) Chrome/90.0.4430.85 Safari/537.36"
37.60.228.196 - - [12/Feb/2026:07:01:09 +0530] "GET /wp-includes/user-wp.php HTTP/1.1" 200 - "binance.com" "Mozilla/5.0 (Windows NT 10.0; Win64; x64) AppleWebKit/537.36 (KHTML, like Gecko) Chrome/90.0.4430.85 Safari/537.36"
37.60.228.196 - - [12/Feb/2026:07:01:16 +0530] "GET /wp-includes/vars-security.php HTTP/1.1" 200 - "binance.com" "Mozilla/5.0 (Windows NT 10.0; Win64; x64) AppleWebKit/537.36 (KHTML, like Gecko) Chrome/90.0.4430.85 Safari/537.36"
37.60.228.196 - - [12/Feb/2026:07:01:22 +0530] "GET /wp-includes/ID3/ HTTP/1.1" 200 4077 "binance.com" "Mozilla/5.0 (Windows NT 10.0; Win64; x64) AppleWebKit/537.36 (KHTML, like Gecko) Chrome/90.0.4430.85 Safari/537.36"
37.60.228.196 - - [12/Feb/2026:07:01:28 +0530] "GET /wp-includes/ID3/ HTTP/1.1" 200 4077 "binance.com" "Mozilla/5.0 (Windows NT 10.0; Win64; x64) AppleWebKit/537.36 (KHTML, like Gecko) Chrome/90.0.4430.85 Safari/537.36"
37.60.228.196 - - [12/Feb/2026:07:01:36 +0530] "GET /wp-includes/IXR/ HTTP/1.1" 200 2573 "binance.com" "Mozilla/5.0 (Windows NT 10.0; Win64; x64) AppleWebKit/537.36 (KHTML, like Gecko) Chrome/90.0.4430.85 Safari/537.36"
37.60.228.196 - - [12/Feb/2026:07:01:41 +0530] "GET /wp-includes/IXR/ HTTP/1.1" 200 2573 "binance.com" "Mozilla/5.0 (Windows NT 10.0; Win64; x64) AppleWebKit/537.36 (KHTML, like Gecko) Chrome/90.0.4430.85 Safari/537.36"
37.60.228.196 - - [12/Feb/2026:07:01:49 +0530] "GET /wp-includes/PHPMailer/ HTTP/1.1" 200 1217 "binance.com" "Mozilla/5.0 (Windows NT 10.0; Win64; x64) AppleWebKit/537.36 (KHTML, like Gecko) Chrome/90.0.4430.85 Safari/537.36"
37.60.228.196 - - [12/Feb/2026:07:01:54 +0530] "GET /wp-includes/PHPMailer/ HTTP/1.1" 200 1217 "binance.com" "Mozilla/5.0 (Windows NT 10.0; Win64; x64) AppleWebKit/537.36 (KHTML, like Gecko) Chrome/90.0.4430.85 Safari/537.36"
37.60.228.196 - - [12/Feb/2026:07:01:59 +0530] "GET /wp-includes/Text/ HTTP/1.1" 200 1199 "binance.com" "Mozilla/5.0 (Windows NT 10.0; Win64; x64) AppleWebKit/537.36 (KHTML, like Gecko) Chrome/90.0.4430.85 Safari/537.36"
37.60.228.196 - - [12/Feb/2026:07:02:05 +0530] "GET /wp-includes/Text/ HTTP/1.1" 200 1199 "binance.com" "Mozilla/5.0 (Windows NT 10.0; Win64; x64) AppleWebKit/537.36 (KHTML, like Gecko) Chrome/90.0.4430.85 Safari/537.36"
37.60.228.196 - - [12/Feb/2026:07:02:11 +0530] "GET /wp-includes/Text/Diff/ HTTP/1.1" 200 1216 "binance.com" "Mozilla/5.0 (Windows NT 10.0; Win64; x64) AppleWebKit/537.36 (KHTML, like Gecko) Chrome/90.0.4430.85 Safari/537.36"
37.60.228.196 - - [12/Feb/2026:07:02:16 +0530] "GET /wp-includes/Text/Diff/ HTTP/1.1" 200 1216 "binance.com" "Mozilla/5.0 (Windows NT 10.0; Win64; x64) AppleWebKit/537.36 (KHTML, like Gecko) Chrome/90.0.4430.85 Safari/537.36"
37.60.228.196 - - [12/Feb/2026:07:02:22 +0530] "GET /wp-includes/Text/Diff/Engine/ HTTP/1.1" 200 1413 "binance.com" "Mozilla/5.0 (Windows NT 10.0; Win64; x64) AppleWebKit/537.36 (KHTML, like Gecko) Chrome/90.0.4430.85 Safari/537.36"
37.60.228.196 - - [12/Feb/2026:07:02:28 +0530] "GET /wp-includes/Text/Diff/Engine/ HTTP/1.1" 200 1413 "binance.com" "Mozilla/5.0 (Windows NT 10.0; Win64; x64) AppleWebKit/537.36 (KHTML, like Gecko) Chrome/90.0.4430.85 Safari/537.36"
37.60.228.196 - - [12/Feb/2026:07:02:34 +0530] "GET /wp-includes/Text/Diff/Renderer/ HTTP/1.1" 200 885 "binance.com" "Mozilla/5.0 (Windows NT 10.0; Win64; x64) AppleWebKit/537.36 (KHTML, like Gecko) Chrome/90.0.4430.85 Safari/537.36"
37.60.228.196 - - [12/Feb/2026:07:02:40 +0530] "GET /wp-includes/Text/Diff/Renderer/ HTTP/1.1" 200 885 "binance.com" "Mozilla/5.0 (Windows NT 10.0; Win64; x64) AppleWebKit/537.36 (KHTML, like Gecko) Chrome/90.0.4430.85 Safari/537.36"
37.60.228.196 - - [12/Feb/2026:07:02:46 +0530] "GET /wp-includes/blocks/ HTTP/1.1" 200 2 "binance.com" "Mozilla/5.0 (Windows NT 10.0; Win64; x64) AppleWebKit/537.36 (KHTML, like Gecko) Chrome/90.0.4430.85 Safari/537.36"
37.60.228.196 - - [12/Feb/2026:07:02:51 +0530] "GET /wp-includes/pomo/ HTTP/1.1" 200 1741 "binance.com" "Mozilla/5.0 (Windows NT 10.0; Win64; x64) AppleWebKit/537.36 (KHTML, like Gecko) Chrome/90.0.4430.85 Safari/537.36"
37.60.228.196 - - [12/Feb/2026:07:02:57 +0530] "GET /wp-includes/pomo/ HTTP/1.1" 200 1741 "binance.com" "Mozilla/5.0 (Windows NT 10.0; Win64; x64) AppleWebKit/537.36 (KHTML, like Gecko) Chrome/90.0.4430.85 Safari/537.36"
37.60.228.196 - - [12/Feb/2026:07:03:03 +0530] "GET /wp-includes/sitemaps/ HTTP/1.1" 200 2048 "binance.com" "Mozilla/5.0 (Windows NT 10.0; Win64; x64) AppleWebKit/537.36 (KHTML, like Gecko) Chrome/90.0.4430.85 Safari/537.36"
37.60.228.196 - - [12/Feb/2026:07:03:08 +0530] "GET /wp-includes/sitemaps/ HTTP/1.1" 200 2048 "binance.com" "Mozilla/5.0 (Windows NT 10.0; Win64; x64) AppleWebKit/537.36 (KHTML, like Gecko) Chrome/90.0.4430.85 Safari/537.36"
37.60.228.196 - - [12/Feb/2026:07:03:14 +0530] "GET /wp-includes/sitemaps/providers/ HTTP/1.1" 200 1305 "binance.com" "Mozilla/5.0 (Windows NT 10.0; Win64; x64) AppleWebKit/537.36 (KHTML, like Gecko) Chrome/90.0.4430.85 Safari/537.36"
37.60.228.196 - - [12/Feb/2026:07:03:20 +0530] "GET /wp-includes/sitemaps/providers/ HTTP/1.1" 200 1305 "binance.com" "Mozilla/5.0 (Windows NT 10.0; Win64; x64) AppleWebKit/537.36 (KHTML, like Gecko) Chrome/90.0.4430.85 Safari/537.36"
37.60.228.196 - - [12/Feb/2026:07:03:26 +0530] "GET /wp-includes/widgets/ HTTP/1.1" 200 4656 "binance.com" "Mozilla/5.0 (Windows NT 10.0; Win64; x64) AppleWebKit/537.36 (KHTML, like Gecko) Chrome/90.0.4430.85 Safari/537.36"
37.60.228.196 - - [12/Feb/2026:07:03:31 +0530] "GET /wp-includes/widgets/ HTTP/1.1" 200 4656 "binance.com" "Mozilla/5.0 (Windows NT 10.0; Win64; x64) AppleWebKit/537.36 (KHTML, like Gecko) Chrome/90.0.4430.85 Safari/537.36"
37.60.228.196 - - [12/Feb/2026:07:03:40 +0530] "GET /wp-includes/widgets/class-wp-widget-block.php HTTP/1.1" 500 - "binance.com" "Mozilla/5.0 (Windows NT 10.0; Win64; x64) AppleWebKit/537.36 (KHTML, like Gecko) Chrome/90.0.4430.85 Safari/537.36"
37.60.228.196 - - [12/Feb/2026:07:03:46 +0530] "GET /wp-includes/css/ HTTP/1.1" 200 8770 "binance.com" "Mozilla/5.0 (Windows NT 10.0; Win64; x64) AppleWebKit/537.36 (KHTML, like Gecko) Chrome/90.0.4430.85 Safari/537.36"
37.60.228.196 - - [12/Feb/2026:07:03:53 +0530] "GET /wp-includes/css/dist/ HTTP/1.1" 200 3743 "binance.com" "Mozilla/5.0 (Windows NT 10.0; Win64; x64) AppleWebKit/537.36 (KHTML, like Gecko) Chrome/90.0.4430.85 Safari/537.36"
37.60.228.196 - - [12/Feb/2026:07:03:59 +0530] "GET /wp-includes/fonts/ HTTP/1.1" 200 2557 "binance.com" "Mozilla/5.0 (Windows NT 10.0; Win64; x64) AppleWebKit/537.36 (KHTML, like Gecko) Chrome/90.0.4430.85 Safari/537.36"
37.60.228.196 - - [12/Feb/2026:07:04:06 +0530] "GET /wp-includes/fonts/ HTTP/1.1" 200 2557 "binance.com" "Mozilla/5.0 (Windows NT 10.0; Win64; x64) AppleWebKit/537.36 (KHTML, like Gecko) Chrome/90.0.4430.85 Safari/537.36"
37.60.228.196 - - [12/Feb/2026:07:04:13 +0530] "GET /wp-includes/fonts/class-wp-font-collection.php HTTP/1.1" 200 - "binance.com" "Mozilla/5.0 (Windows NT 10.0; Win64; x64) AppleWebKit/537.36 (KHTML, like Gecko) Chrome/90.0.4430.85 Safari/537.36"
37.60.228.196 - - [12/Feb/2026:07:04:20 +0530] "GET /wp-includes/fonts/class-wp-font-face-resolver.php HTTP/1.1" 200 - "binance.com" "Mozilla/5.0 (Windows NT 10.0; Win64; x64) AppleWebKit/537.36 (KHTML, like Gecko) Chrome/90.0.4430.85 Safari/537.36"
37.60.228.196 - - [12/Feb/2026:07:04:27 +0530] "GET /wp-includes/fonts/class-wp-font-face.php HTTP/1.1" 200 - "binance.com" "Mozilla/5.0 (Windows NT 10.0; Win64; x64) AppleWebKit/537.36 (KHTML, like Gecko) Chrome/90.0.4430.85 Safari/537.36"
37.60.228.196 - - [12/Feb/2026:07:04:34 +0530] "GET /wp-includes/fonts/class-wp-font-library.php HTTP/1.1" 200 - "binance.com" "Mozilla/5.0 (Windows NT 10.0; Win64; x64) AppleWebKit/537.36 (KHTML, like Gecko) Chrome/90.0.4430.85 Safari/537.36"
37.60.228.196 - - [12/Feb/2026:07:04:41 +0530] "GET /wp-includes/fonts/class-wp-font-utils.php HTTP/1.1" 200 - "binance.com" "Mozilla/5.0 (Windows NT 10.0; Win64; x64) AppleWebKit/537.36 (KHTML, like Gecko) Chrome/90.0.4430.85 Safari/537.36"
37.60.228.196 - - [12/Feb/2026:07:04:47 +0530] "GET /wp-includes/images/ HTTP/1.1" 200 5803 "binance.com" "Mozilla/5.0 (Windows NT 10.0; Win64; x64) AppleWebKit/537.36 (KHTML, like Gecko) Chrome/90.0.4430.85 Safari/537.36"
37.60.228.196 - - [12/Feb/2026:07:04:53 +0530] "GET /wp-includes/images/crystal/ HTTP/1.1" 200 2485 "binance.com" "Mozilla/5.0 (Windows NT 10.0; Win64; x64) AppleWebKit/537.36 (KHTML, like Gecko) Chrome/90.0.4430.85 Safari/537.36"
37.60.228.196 - - [12/Feb/2026:07:04:59 +0530] "GET /wp-includes/images/media/ HTTP/1.1" 200 3912 "binance.com" "Mozilla/5.0 (Windows NT 10.0; Win64; x64) AppleWebKit/537.36 (KHTML, like Gecko) Chrome/90.0.4430.85 Safari/537.36"
37.60.228.196 - - [12/Feb/2026:07:05:06 +0530] "GET /wp-includes/images/smilies/ HTTP/1.1" 200 5432 "binance.com" "Mozilla/5.0 (Windows NT 10.0; Win64; x64) AppleWebKit/537.36 (KHTML, like Gecko) Chrome/90.0.4430.85 Safari/537.36"
147.93.20.57 - - [12/Feb/2026:07:05:15 +0530] "POST /wp-cron.php?doing_wp_cron=1770860115.4043850898742675781250 HTTP/1.1" 200 - "-" "WordPress/6.8; https://rialindia.com"
37.60.228.196 - - [12/Feb/2026:07:05:12 +0530] "GET /wp-includes/images/wlw/ HTTP/1.1" 404 310547 "binance.com" "Mozilla/5.0 (Windows NT 10.0; Win64; x64) AppleWebKit/537.36 (KHTML, like Gecko) Chrome/90.0.4430.85 Safari/537.36"
37.60.228.196 - - [12/Feb/2026:07:05:27 +0530] "GET /wp-includes/js/%20 HTTP/1.1" 301 - "binance.com" "Mozilla/5.0 (Windows NT 10.0; Win64; x64) AppleWebKit/537.36 (KHTML, like Gecko) Chrome/90.0.4430.85 Safari/537.36"
37.60.228.196 - - [12/Feb/2026:07:05:33 +0530] "GET /wp-includes/js/ HTTP/1.1" 200 21121 "binance.com" "Mozilla/5.0 (Windows NT 10.0; Win64; x64) AppleWebKit/537.36 (KHTML, like Gecko) Chrome/90.0.4430.85 Safari/537.36"
37.60.228.196 - - [12/Feb/2026:07:05:39 +0530] "GET /wp-includes/js/codemirror/ HTTP/1.1" 200 2140 "binance.com" "Mozilla/5.0 (Windows NT 10.0; Win64; x64) AppleWebKit/537.36 (KHTML, like Gecko) Chrome/90.0.4430.85 Safari/537.36"
37.60.228.196 - - [12/Feb/2026:07:05:46 +0530] "GET /wp-includes/js/plupload/ HTTP/1.1" 200 2313 "binance.com" "Mozilla/5.0 (Windows NT 10.0; Win64; x64) AppleWebKit/537.36 (KHTML, like Gecko) Chrome/90.0.4430.85 Safari/537.36"
37.60.228.196 - - [12/Feb/2026:07:05:52 +0530] "GET /.well-known/ HTTP/1.1" 200 830 "binance.com" "Mozilla/5.0 (Windows NT 10.0; Win64; x64) AppleWebKit/537.36 (KHTML, like Gecko) Chrome/90.0.4430.85 Safari/537.36"
147.93.20.57 - - [12/Feb/2026:07:46:05 +0530] "POST /wp-cron.php?doing_wp_cron=1770862565.0516049861907958984375 HTTP/1.1" 200 - "-" "WordPress/6.8; https://rialindia.com"
20.111.32.128 - - [12/Feb/2026:07:46:03 +0530] "GET /wp-content/plugins/hellopress/wp_filemanager.php HTTP/1.1" 404 310556 "-" "-"
20.111.32.128 - - [12/Feb/2026:07:46:08 +0530] "GET /aa.php HTTP/1.1" 404 304650 "-" "-"
20.111.32.128 - - [12/Feb/2026:07:46:11 +0530] "GET /.info.php HTTP/1.1" 404 304668 "-" "-"
20.111.32.128 - - [12/Feb/2026:07:46:13 +0530] "GET /info.php HTTP/1.1" 404 304662 "-" "-"
147.93.20.57 - - [12/Feb/2026:08:59:48 +0530] "POST /wp-cron.php?doing_wp_cron=1770866988.3972969055175781250000 HTTP/1.1" 200 - "-" "WordPress/6.8; https://rialindia.com"
167.172.249.199 - - [12/Feb/2026:08:59:46 +0530] "GET /.git/config HTTP/1.1" 404 304680 "-" "Mozilla/5.0 (X11; Linux x86_64) AppleWebKit/537.36 (KHTML, like Gecko) Chrome/81.0.4044.129 Safari/537.36"
110.249.201.223 - - [12/Feb/2026:09:19:08 +0530] "GET /robots.txt HTTP/1.1" 200 307 "-" "Mozilla/5.0 (Linux; Android 5.0) AppleWebKit/537.36 (KHTML, like Gecko) Mobile Safari/537.36 (compatible; Bytespider; https://zhanzhang.toutiao.com/)"
147.93.20.57 - - [12/Feb/2026:09:21:10 +0530] "POST /wp-cron.php?doing_wp_cron=1770868270.1551089286804199218750 HTTP/1.1" 200 - "-" "WordPress/6.8; https://rialindia.com"
47.82.11.69 - - [12/Feb/2026:09:21:07 +0530] "GET /blog-cctv-camera-dealers-in-kharar HTTP/1.1" 404 233128 "http://rialindia.com/" "Mozilla/5.0 (Macintosh; Intel Mac OS X 10_15_7) AppleWebKit/605.1.15 (KHTML, like Gecko) Version/18.4 Safari/605.1.15"
147.93.20.57 - - [12/Feb/2026:09:54:09 +0530] "POST /wp-cron.php?doing_wp_cron=1770870249.8620140552520751953125 HTTP/1.1" 200 - "-" "WordPress/6.8; https://rialindia.com"
43.173.177.128 - - [12/Feb/2026:09:54:08 +0530] "GET / HTTP/1.1" 301 - "-" "Mozilla/5.0 (Windows NT 10.0; Win64; x64) AppleWebKit/537.36 (KHTML, like Gecko) Chrome/108.0.0.0 Safari/537.36"
111.119.237.155 - - [12/Feb/2026:10:08:33 +0530] "GET /robots.txt HTTP/1.1" 200 307 "http://rialindia.com/robots.txt" "Mozilla/5.0 (Macintosh; Intel Mac OS X 10_15_7) AppleWebKit/537.36 (KHTML, like Gecko) Chrome/123.0.0.0 Safari/537.36"
13.222.188.212 - - [12/Feb/2026:10:10:34 +0530] "GET / HTTP/1.1" 301 - "-" "Mozilla/5.0 (Windows NT 10.0; Win64; x64) AppleWebKit/537.36 (KHTML, like Gecko) Chrome/86.0.4240.75 Safari/537.36"
199.244.88.224 - - [12/Feb/2026:10:11:33 +0530] "GET / HTTP/1.1" 301 - "-" "Mozilla/5.0 (X11; Linux x86_64) AppleWebKit/537.36 (KHTML, like Gecko) Chrome/105.0.0.0 Safari/537.36"
167.172.249.199 - - [12/Feb/2026:10:29:23 +0530] "GET /.git/config HTTP/1.1" 404 304680 "-" "Mozilla/5.0 (X11; Linux x86_64) AppleWebKit/537.36 (KHTML, like Gecko) Chrome/81.0.4044.129 Safari/537.36"
147.93.20.57 - - [12/Feb/2026:10:29:58 +0530] "POST /wp-cron.php?doing_wp_cron=1770872398.2440481185913085937500 HTTP/1.1" 200 - "-" "WordPress/6.8; https://rialindia.com"
104.198.214.202 - - [12/Feb/2026:10:29:57 +0530] "POST /old/wp-admin/setup-config.php?step=2 HTTP/1.1" 500 2647 "-" "Mozilla/5.0 (Linux; Android 5.1.1; SM-J111F) AppleWebKit/537.36 (KHTML, like Gecko) Chrome/73.0.3683.90 Mobile Safari/537.36"
104.198.214.202 - - [12/Feb/2026:10:29:58 +0530] "POST /old/wp-admin/install.php?step=2 HTTP/1.1" 302 - "-" "Mozilla/5.0 (Linux; Android 5.1.1; SM-J111F) AppleWebKit/537.36 (KHTML, like Gecko) Chrome/73.0.3683.90 Mobile Safari/537.36"
104.198.214.202 - - [12/Feb/2026:10:29:59 +0530] "GET /old/wp-admin/setup-config.php HTTP/1.1" 500 2647 "-" "Mozilla/5.0 (Linux; Android 5.1.1; SM-J111F) AppleWebKit/537.36 (KHTML, like Gecko) Chrome/73.0.3683.90 Mobile Safari/537.36"
104.198.214.202 - - [12/Feb/2026:10:30:00 +0530] "GET /old HTTP/1.1" 301 278 "-" "Mozilla/5.0 (Linux; Android 5.1.1; SM-J111F) AppleWebKit/537.36 (KHTML, like Gecko) Chrome/73.0.3683.90 Mobile Safari/537.36"
167.172.249.199 - - [12/Feb/2026:10:29:55 +0530] "GET /.git/config HTTP/1.1" 404 304884 "-" "Mozilla/5.0 (X11; Linux x86_64) AppleWebKit/537.36 (KHTML, like Gecko) Chrome/81.0.4044.129 Safari/537.36"
104.198.214.202 - - [12/Feb/2026:10:30:00 +0530] "GET /old/ HTTP/1.1" 302 - "-" "Mozilla/5.0 (Linux; Android 5.1.1; SM-J111F) AppleWebKit/537.36 (KHTML, like Gecko) Chrome/73.0.3683.90 Mobile Safari/537.36"
104.198.214.202 - - [12/Feb/2026:10:30:00 +0530] "GET /old/wp-admin/setup-config.php HTTP/1.1" 500 2647 "-" "Mozilla/5.0 (Linux; Android 5.1.1; SM-J111F) AppleWebKit/537.36 (KHTML, like Gecko) Chrome/73.0.3683.90 Mobile Safari/537.36"
104.198.214.202 - - [12/Feb/2026:10:30:01 +0530] "GET /old/wp-login.php HTTP/1.1" 302 - "-" "Mozilla/5.0 (Linux; Android 5.1.1; SM-J111F) AppleWebKit/537.36 (KHTML, like Gecko) Chrome/73.0.3683.90 Mobile Safari/537.36"
104.198.214.202 - - [12/Feb/2026:10:30:01 +0530] "GET /old/wp-admin/setup-config.php HTTP/1.1" 500 2647 "-" "Mozilla/5.0 (Linux; Android 5.1.1; SM-J111F) AppleWebKit/537.36 (KHTML, like Gecko) Chrome/73.0.3683.90 Mobile Safari/537.36"
104.198.214.202 - - [12/Feb/2026:10:34:23 +0530] "POST /old/wp-admin/setup-config.php?step=2 HTTP/1.1" 500 2647 "-" "Mozilla/5.0 (Linux; Android 5.1.1; SM-J111F) AppleWebKit/537.36 (KHTML, like Gecko) Chrome/73.0.3683.90 Mobile Safari/537.36"
104.198.214.202 - - [12/Feb/2026:10:34:25 +0530] "POST /old/wp-admin/install.php?step=2 HTTP/1.1" 302 - "-" "Mozilla/5.0 (Linux; Android 5.1.1; SM-J111F) AppleWebKit/537.36 (KHTML, like Gecko) Chrome/73.0.3683.90 Mobile Safari/537.36"
104.198.214.202 - - [12/Feb/2026:10:34:25 +0530] "GET /old/wp-admin/setup-config.php HTTP/1.1" 500 2647 "-" "Mozilla/5.0 (Linux; Android 5.1.1; SM-J111F) AppleWebKit/537.36 (KHTML, like Gecko) Chrome/73.0.3683.90 Mobile Safari/537.36"
104.198.214.202 - - [12/Feb/2026:10:34:26 +0530] "GET /old HTTP/1.1" 301 273 "-" "Mozilla/5.0 (Linux; Android 5.1.1; SM-J111F) AppleWebKit/537.36 (KHTML, like Gecko) Chrome/73.0.3683.90 Mobile Safari/537.36"
104.198.214.202 - - [12/Feb/2026:10:34:26 +0530] "GET /old/ HTTP/1.1" 302 - "-" "Mozilla/5.0 (Linux; Android 5.1.1; SM-J111F) AppleWebKit/537.36 (KHTML, like Gecko) Chrome/73.0.3683.90 Mobile Safari/537.36"
104.198.214.202 - - [12/Feb/2026:10:34:26 +0530] "GET /old/wp-admin/setup-config.php HTTP/1.1" 500 2647 "-" "Mozilla/5.0 (Linux; Android 5.1.1; SM-J111F) AppleWebKit/537.36 (KHTML, like Gecko) Chrome/73.0.3683.90 Mobile Safari/537.36"
104.198.214.202 - - [12/Feb/2026:10:34:27 +0530] "GET /old/wp-login.php HTTP/1.1" 302 - "-" "Mozilla/5.0 (Linux; Android 5.1.1; SM-J111F) AppleWebKit/537.36 (KHTML, like Gecko) Chrome/73.0.3683.90 Mobile Safari/537.36"
104.198.214.202 - - [12/Feb/2026:10:34:27 +0530] "GET /old/wp-admin/setup-config.php HTTP/1.1" 500 2647 "-" "Mozilla/5.0 (Linux; Android 5.1.1; SM-J111F) AppleWebKit/537.36 (KHTML, like Gecko) Chrome/73.0.3683.90 Mobile Safari/537.36"
66.249.64.65 - - [12/Feb/2026:10:53:09 +0530] "GET /robots.txt HTTP/1.1" 200 307 "-" "Mozilla/5.0 (compatible; Googlebot/2.1; +http://www.google.com/bot.html)"
147.93.20.57 - - [12/Feb/2026:10:53:49 +0530] "POST /wp-cron.php?doing_wp_cron=1770873829.3457241058349609375000 HTTP/1.1" 200 - "-" "WordPress/6.8; https://rialindia.com"
66.249.64.65 - - [12/Feb/2026:10:53:47 +0530] "GET / HTTP/1.1" 301 - "-" "Mozilla/5.0 (Linux; Android 6.0.1; Nexus 5X Build/MMB29P) AppleWebKit/537.36 (KHTML, like Gecko) Chrome/144.0.7559.132 Mobile Safari/537.36 (compatible; Googlebot/2.1; +http://www.google.com/bot.html)"
103.131.71.27 - - [12/Feb/2026:10:59:39 +0530] "GET /robots.txt HTTP/1.1" 200 307 "-" "Mozilla/5.0 (compatible; coccocbot-image/1.0; +http://help.coccoc.com/searchengine)"
152.59.83.182 - - [12/Feb/2026:11:05:12 +0530] "GET / HTTP/1.1" 301 - "-" "Mozilla/5.0 (Windows NT 10.0; Win64; x64) AppleWebKit/537.36 (KHTML, like Gecko) Chrome/144.0.0.0 Safari/537.36"
69.171.230.116 - - [12/Feb/2026:13:07:17 +0530] "GET /robots.txt HTTP/1.1" 206 307 "-" "facebookexternalhit/1.1 (+http://www.facebook.com/externalhit_uatext.php)"
34.148.191.249 - - [12/Feb/2026:13:19:01 +0530] "HEAD /old/ HTTP/1.1" 302 - "-" "Mozilla/5.0 (Macintosh; Intel Mac OS X 14_5) AppleWebKit/605.1.15 (KHTML, like Gecko) Version/17.5 Safari/605.1.15"
34.148.191.249 - - [12/Feb/2026:13:19:01 +0530] "HEAD /old/wp-admin/setup-config.php HTTP/1.1" 500 - "http://mail.rialindia.com/old/" "Mozilla/5.0 (Macintosh; Intel Mac OS X 14_5) AppleWebKit/605.1.15 (KHTML, like Gecko) Version/17.5 Safari/605.1.15"
147.93.20.57 - - [12/Feb/2026:13:22:04 +0530] "POST /wp-cron.php?doing_wp_cron=1770882724.1604449748992919921875 HTTP/1.1" 200 - "-" "WordPress/6.8; https://rialindia.com"
104.28.153.125 - - [12/Feb/2026:13:22:01 +0530] "GET /style.php HTTP/1.1" 404 147440 "-" "Go-http-client/1.1"
20.203.180.35 - - [12/Feb/2026:13:54:42 +0530] "GET /wp-content/plugins/hellopress/wp_filemanager.php HTTP/1.1" 404 333039 "-" "-"
147.93.20.57 - - [12/Feb/2026:13:54:48 +0530] "POST /wp-cron.php?doing_wp_cron=1770884688.6127860546112060546875 HTTP/1.1" 200 - "-" "WordPress/6.8; https://rialindia.com"
20.203.180.35 - - [12/Feb/2026:13:54:47 +0530] "GET /fff.php HTTP/1.1" 404 327139 "-" "-"
147.93.20.57 - - [12/Feb/2026:14:50:47 +0530] "POST /wp-cron.php?doing_wp_cron=1770888047.0432870388031005859375 HTTP/1.1" 200 - "-" "WordPress/6.8; https://rialindia.com"
47.82.11.136 - - [12/Feb/2026:14:50:44 +0530] "GET /8-core-security-system HTTP/1.1" 404 233128 "http://rialindia.com/" "Mozilla/5.0 (Macintosh; Intel Mac OS X 10_15_7) AppleWebKit/605.1.15 (KHTML, like Gecko) Version/17.11 Safari/605.1.15"
23.101.133.169 - - [12/Feb/2026:15:00:37 +0530] "GET //wp-content/plugins/fix/up.php HTTP/1.1" 301 - "-" "Mozilla/5.0 (Windows NT 10.0; Win64; x64) AppleWebKit/537.36 (KHTML, like Gecko) Chrome/85.0.4183.102 Safari/537.36"
23.101.133.169 - - [12/Feb/2026:15:00:39 +0530] "GET /wp-content/plugins/fix/up.php HTTP/1.1" 404 332925 "-" "Mozilla/5.0 (Windows NT 10.0; Win64; x64) AppleWebKit/537.36 (KHTML, like Gecko) Chrome/85.0.4183.102 Safari/537.36"
147.93.20.57 - - [12/Feb/2026:16:01:55 +0530] "POST /wp-cron.php?doing_wp_cron=1770892315.6496419906616210937500 HTTP/1.1" 200 - "-" "WordPress/6.8; https://rialindia.com"
43.173.182.105 - - [12/Feb/2026:16:01:53 +0530] "GET / HTTP/1.1" 301 - "-" "Mozilla/5.0 (Windows NT 10.0; Win64; x64) AppleWebKit/537.36 (KHTML, like Gecko) Chrome/108.0.0.0 Safari/537.36"
43.173.173.93 - - [12/Feb/2026:16:02:16 +0530] "GET / HTTP/1.1" 301 - "-" "Mozilla/5.0 (Windows NT 10.0; Win64; x64) AppleWebKit/537.36 (KHTML, like Gecko) Chrome/110.0.0.0 Safari/537.36"
216.244.66.232 - - [12/Feb/2026:16:53:09 +0530] "GET /robots.txt HTTP/1.1" 200 307 "-" "Mozilla/5.0 (compatible; DotBot/1.2; +https://opensiteexplorer.org/dotbot; help@moz.com)"
114.119.139.167 - - [12/Feb/2026:17:21:56 +0530] "GET /author/anand_user HTTP/1.1" 404 327414 "http://rialindia.com/author/anand_user" "Mozilla/5.0 (Linux; Android 7.0;) AppleWebKit/537.36 (KHTML, like Gecko) Mobile Safari/537.36 (compatible; PetalBot;+https://webmaster.petalsearch.com/site/petalbot)"
194.15.111.34 - - [12/Feb/2026:17:54:14 +0530] "POST /xmlrpc.php HTTP/1.1" 200 4111 "-" "Python-xmlrpc/3.13"
194.15.111.34 - - [12/Feb/2026:17:54:18 +0530] "POST /xmlrpc.php HTTP/1.1" 200 1054091 "-" "Python-xmlrpc/3.13"
194.15.111.34 - - [12/Feb/2026:17:54:23 +0530] "POST /xmlrpc.php HTTP/1.1" 200 178 "-" "Python-xmlrpc/3.13"
194.15.111.34 - - [12/Feb/2026:17:54:43 +0530] "POST /xmlrpc.php HTTP/1.1" 200 4111 "-" "Python-xmlrpc/3.13"
194.15.111.34 - - [12/Feb/2026:17:54:45 +0530] "POST /xmlrpc.php HTTP/1.1" 200 1053823 "-" "Python-xmlrpc/3.13"
194.15.111.34 - - [12/Feb/2026:17:54:49 +0530] "POST /xmlrpc.php HTTP/1.1" 200 178 "-" "Python-xmlrpc/3.13"
194.15.111.34 - - [12/Feb/2026:17:57:31 +0530] "POST /xmlrpc.php HTTP/1.1" 200 4111 "-" "Python-xmlrpc/3.13"
194.15.111.34 - - [12/Feb/2026:17:57:32 +0530] "POST /xmlrpc.php HTTP/1.1" 200 1053955 "-" "Python-xmlrpc/3.13"
194.15.111.34 - - [12/Feb/2026:17:57:36 +0530] "POST /xmlrpc.php HTTP/1.1" 200 178 "-" "Python-xmlrpc/3.13"
147.93.20.57 - - [12/Feb/2026:18:10:01 +0530] "POST /wp-cron.php?doing_wp_cron=1770900001.7665660381317138671875 HTTP/1.1" 200 - "-" "WordPress/6.8; https://rialindia.com"
20.191.45.212 - - [12/Feb/2026:18:09:59 +0530] "GET / HTTP/1.1" 301 - "-" "DuckDuckBot/1.1; (+http://duckduckgo.com/duckduckbot.html)"
216.244.66.232 - - [12/Feb/2026:19:05:29 +0530] "GET /robots.txt HTTP/1.1" 200 307 "-" "Mozilla/5.0 (compatible; DotBot/1.2; +https://opensiteexplorer.org/dotbot; help@moz.com)"
192.36.109.116 - - [12/Feb/2026:20:51:06 +0530] "GET / HTTP/1.1" 301 - "-" "Mozilla/5.0 (iPhone; CPU iPhone OS 17_1_2 like Mac OS X) AppleWebKit/605.1.15 (KHTML, like Gecko) Version/17.1.2 Mobile/15E148 Safari/604"
91.84.99.6 - - [12/Feb/2026:20:52:20 +0530] "GET / HTTP/1.1" 301 - "-" "Mozilla/5.0 (Windows NT 10.0; Win64; x64) AppleWebKit/537.36 (KHTML, like Gecko) Chrome/120.0.0.0 Safari/537.36"
147.93.20.57 - - [12/Feb/2026:21:08:13 +0530] "POST /wp-cron.php?doing_wp_cron=1770910693.4282269477844238281250 HTTP/1.1" 200 - "-" "WordPress/6.8; https://rialindia.com"
155.94.236.67 - - [12/Feb/2026:21:08:09 +0530] "GET /wp-content/plugins/profile-builder/readme.txt HTTP/1.1" 404 333021 "-" "Mozilla/5.0 (Macintosh; Intel Mac OS X 10_15_7) AppleWebKit/605.1.15 (KHTML, like Gecko) Version/18.0 Safari/605.1.15"
147.93.20.57 - - [12/Feb/2026:21:51:21 +0530] "POST /wp-cron.php?doing_wp_cron=1770913281.6204869747161865234375 HTTP/1.1" 200 - "-" "WordPress/6.8; https://rialindia.com"
43.173.181.61 - - [12/Feb/2026:21:51:20 +0530] "GET / HTTP/1.1" 301 - "-" "Mozilla/5.0 (Windows NT 10.0; Win64; x64) AppleWebKit/537.36 (KHTML, like Gecko) Chrome/111.0.0.0 Safari/537.36"
147.93.20.57 - - [12/Feb/2026:21:51:48 +0530] "POST /wp-cron.php?doing_wp_cron=1770913308.2733409404754638671875 HTTP/1.1" 200 - "-" "WordPress/6.8; https://rialindia.com"
93.158.90.53 - - [12/Feb/2026:21:51:47 +0530] "GET / HTTP/1.1" 301 - "-" "Mozilla/5.0 (Linux; Android 14; SM-S901B) AppleWebKit/537.36 (KHTML, like Gecko) Chrome/120.0.6099.280 Mobile Safari/537.36 OPR/80.4.4244.7786"
147.93.20.57 - - [12/Feb/2026:22:03:54 +0530] "POST /wp-cron.php?doing_wp_cron=1770914034.0250220298767089843750 HTTP/1.1" 200 - "-" "WordPress/6.8; https://rialindia.com"
178.62.215.40 - - [12/Feb/2026:22:03:52 +0530] "GET / HTTP/1.1" 301 - "-" "Mozilla/5.0 (X11; Linux x86_64) AppleWebKit/537.36 (KHTML, like Gecko) Chrome/142.0.0.0 Safari/537.36"
178.62.215.40 - - [12/Feb/2026:22:03:54 +0530] "GET /favicon.ico HTTP/1.1" 302 - "http://mail.rialindia.com/" "Mozilla/5.0 (X11; Linux x86_64) AppleWebKit/537.36 (KHTML, like Gecko) Chrome/142.0.0.0 Safari/537.36"
147.93.20.57 - - [12/Feb/2026:23:25:10 +0530] "POST /wp-cron.php?doing_wp_cron=1770918910.3517630100250244140625 HTTP/1.1" 200 - "-" "WordPress/6.8; https://rialindia.com"
66.249.64.65 - - [12/Feb/2026:23:25:06 +0530] "GET / HTTP/1.1" 301 - "-" "Mozilla/5.0 (Linux; Android 6.0.1; Nexus 5X Build/MMB29P) AppleWebKit/537.36 (KHTML, like Gecko) Chrome/99.0.4844.84 Mobile Safari/537.36 (compatible; Googlebot/2.1; +http://www.google.com/bot.html)"
66.249.64.65 - - [12/Feb/2026:23:25:10 +0530] "GET / HTTP/1.1" 301 - "-" "Mozilla/5.0 (compatible; Googlebot/2.1; +http://www.google.com/bot.html)"
147.93.20.57 - - [13/Feb/2026:00:28:58 +0530] "POST /wp-cron.php?doing_wp_cron=1770922738.2943160533905029296875 HTTP/1.1" 200 - "-" "WordPress/6.8; https://rialindia.com"
136.118.26.185 - - [13/Feb/2026:00:28:55 +0530] "HEAD /new/ HTTP/1.1" 301 - "-" "Mozilla/5.0 (Linux; Android 10; vivo 1904) AppleWebKit/537.36 (KHTML, like Gecko) Chrome/117.0.5938.60 Mobile Safari/537.36"
136.118.26.185 - - [13/Feb/2026:00:28:58 +0530] "HEAD /new/ HTTP/1.1" 200 - "http://www.rialindia.com/new/" "Mozilla/5.0 (Linux; Android 10; vivo 1904) AppleWebKit/537.36 (KHTML, like Gecko) Chrome/117.0.5938.60 Mobile Safari/537.36"
136.118.26.185 - - [13/Feb/2026:00:29:00 +0530] "HEAD / HTTP/1.1" 301 - "-" "Mozilla/5.0 (Macintosh; Intel Mac OS X 15_0) AppleWebKit/537.36 (KHTML, like Gecko) Chrome/125.0.6422.141 Safari/537.36"
136.118.26.185 - - [13/Feb/2026:00:29:02 +0530] "HEAD /backup/ HTTP/1.1" 301 - "-" "Mozilla/5.0 (iPhone; CPU iPhone OS 16_7 like Mac OS X) AppleWebKit/605.1.15 (KHTML, like Gecko) Version/16.7 Mobile/15E148 Safari/604.1"
136.118.26.185 - - [13/Feb/2026:00:29:04 +0530] "HEAD /backup/ HTTP/1.1" 404 - "http://www.rialindia.com/backup/" "Mozilla/5.0 (iPhone; CPU iPhone OS 16_7 like Mac OS X) AppleWebKit/605.1.15 (KHTML, like Gecko) Version/16.7 Mobile/15E148 Safari/604.1"
136.118.26.185 - - [13/Feb/2026:00:29:05 +0530] "HEAD /wp/ HTTP/1.1" 301 - "-" "Mozilla/5.0 (Linux; Android 13; Infinix X688B) AppleWebKit/537.36 (KHTML, like Gecko) Chrome/124.0.6367.48 Mobile Safari/537.36"
136.118.26.185 - - [13/Feb/2026:00:29:07 +0530] "HEAD /wp/ HTTP/1.1" 404 - "http://www.rialindia.com/wp/" "Mozilla/5.0 (Linux; Android 13; Infinix X688B) AppleWebKit/537.36 (KHTML, like Gecko) Chrome/124.0.6367.48 Mobile Safari/537.36"
136.118.26.185 - - [13/Feb/2026:00:29:10 +0530] "HEAD /wordpress/ HTTP/1.1" 200 - "-" "Mozilla/5.0 (iPad; CPU OS 17_4 like Mac OS X) AppleWebKit/605.1.15 (KHTML, like Gecko) Version/17.4 Mobile/15E148 Safari/604.1"
136.118.26.185 - - [13/Feb/2026:00:29:10 +0530] "HEAD /old/ HTTP/1.1" 302 - "-" "Mozilla/5.0 (Windows NT 10.0; Win64; x64) AppleWebKit/537.36 (KHTML, like Gecko) Chrome/125.0.6422.112 Safari/537.36 Brave/1.63.120"
136.118.26.185 - - [13/Feb/2026:00:29:10 +0530] "HEAD /old/wp-admin/setup-config.php HTTP/1.1" 500 - "http://www.rialindia.com/old/" "Mozilla/5.0 (Windows NT 10.0; Win64; x64) AppleWebKit/537.36 (KHTML, like Gecko) Chrome/125.0.6422.112 Safari/537.36 Brave/1.63.120"
114.119.151.209 - - [13/Feb/2026:00:49:55 +0530] "GET /robots.txt HTTP/1.1" 200 307 "-" "Mozilla/5.0 (compatible;PetalBot;+https://webmaster.petalsearch.com/site/petalbot)"
114.119.144.55 - - [13/Feb/2026:00:50:09 +0530] "GET /robots.txt HTTP/1.1" 200 307 "-" "Mozilla/5.0 (compatible;PetalBot;+https://webmaster.petalsearch.com/site/petalbot)"
74.248.32.177 - - [13/Feb/2026:02:00:45 +0530] "GET /wp-content/plugins/hellopress/wp_filemanager.php HTTP/1.1" 404 333243 "-" "-"
147.93.20.57 - - [13/Feb/2026:02:00:49 +0530] "POST /wp-cron.php?doing_wp_cron=1770928249.6607899665832519531250 HTTP/1.1" 200 - "-" "WordPress/6.8; https://rialindia.com"
74.248.32.177 - - [13/Feb/2026:02:00:48 +0530] "GET /fff.php HTTP/1.1" 404 327343 "-" "-"
103.131.71.19 - - [13/Feb/2026:02:04:37 +0530] "GET /robots.txt HTTP/1.1" 200 307 "-" "Mozilla/5.0 (compatible; coccocbot-image/1.0; +http://help.coccoc.com/searchengine)"
34.73.32.169 - - [13/Feb/2026:02:18:48 +0530] "HEAD /old/ HTTP/1.1" 302 - "-" "Mozilla/5.0 (Linux; Android 14; SM-A146P) AppleWebKit/537.36 (KHTML, like Gecko) SamsungBrowser/25.0 Chrome/123.0.6312.120 Mobile Safari/537.36"
34.73.32.169 - - [13/Feb/2026:02:18:48 +0530] "HEAD /old/wp-admin/setup-config.php HTTP/1.1" 500 - "http://mail.rialindia.com/old/" "Mozilla/5.0 (Linux; Android 14; SM-A146P) AppleWebKit/537.36 (KHTML, like Gecko) SamsungBrowser/25.0 Chrome/123.0.6312.120 Mobile Safari/537.36"
34.94.130.62 - - [13/Feb/2026:02:25:12 +0530] "HEAD / HTTP/1.1" 301 - "-" "Mozilla/5.0 (Linux; Android 13; Nokia G42 5G) AppleWebKit/537.36 (KHTML, like Gecko) Chrome/126.0.6478.41 Mobile Safari/537.36"
34.94.130.62 - - [13/Feb/2026:02:25:14 +0530] "HEAD /backup/ HTTP/1.1" 404 - "-" "Mozilla/5.0 (Linux; U; Android 10; en-US; CPH2015) AppleWebKit/537.36 (KHTML, like Gecko) UCBrowser/13.5.8.1311 Mobile Safari/537.36"
34.94.130.62 - - [13/Feb/2026:02:25:15 +0530] "HEAD /wp/ HTTP/1.1" 404 - "-" "Mozilla/5.0 (Linux; Android 13; Pixel 7a) AppleWebKit/537.36 (KHTML, like Gecko) Chrome/124.0.6367.82 Mobile Safari/537.36"
34.94.130.62 - - [13/Feb/2026:02:25:17 +0530] "HEAD /blog/ HTTP/1.1" 301 - "-" "Mozilla/5.0 (iPhone; CPU iPhone OS 17_5 like Mac OS X) AppleWebKit/605.1.15 (KHTML, like Gecko) Version/17.5 Mobile/15E148 Safari/604.1"
