HEX
Server: Apache
System: Linux srv674466.hstgr.cloud 5.14.0-503.19.1.el9_5.x86_64 #1 SMP PREEMPT_DYNAMIC Tue Jan 7 17:08:27 EST 2025 x86_64
User: rialindia (1055)
PHP: 8.2.30
Disabled: exec,passthru,shell_exec,system
Upload Files
File: /home/rialindia/access-logs/rialindia.com
216.244.66.232 - - [04/Feb/2026:09:39:52 +0530] "GET /robots.txt HTTP/1.1" 200 307 "-" "Mozilla/5.0 (compatible; DotBot/1.2; +https://opensiteexplorer.org/dotbot; help@moz.com)"
205.169.39.16 - - [04/Feb/2026:09:44:19 +0530] "GET / HTTP/1.1" 301 - "-" "Mozilla/5.0 (Windows NT 10.0; Win64; x64) AppleWebKit/537.36 (KHTML, like Gecko) Chrome/117.0.5938.132 Safari/537.36"
43.173.173.27 - - [04/Feb/2026:09:55:40 +0530] "GET / HTTP/1.1" 301 - "-" "Mozilla/5.0 (Windows NT 10.0; Win64; x64) AppleWebKit/537.36 (KHTML, like Gecko) Chrome/133.0.0.0 Safari/537.36"
93.158.90.162 - - [04/Feb/2026:10:10:09 +0530] "GET / HTTP/1.1" 301 - "-" "Mozilla/5.0 (Linux; Android 14; SM-S901B) AppleWebKit/537.36 (KHTML, like Gecko) Chrome/120.0.6099.280 Mobile Safari/537.36 OPR/80.4.4244.7786"
147.93.20.57 - - [04/Feb/2026:10:17:22 +0530] "GET /.well-known/acme-challenge/GGVGJATQ0URL2K1B13VTNY26FVHVW_EF HTTP/1.1" 200 64 "-" "Cpanel-HTTP-Client/1.0"
147.93.20.57 - - [04/Feb/2026:10:17:22 +0530] "GET /.well-known/acme-challenge/T4L_-TFWQSP0DMRCGRQE7GUPKZ6KD504 HTTP/1.1" 200 64 "-" "Cpanel-HTTP-Client/1.0"
147.93.20.57 - - [04/Feb/2026:10:17:22 +0530] "GET /.well-known/acme-challenge/U-QSGFW111F_E0J6UK2JLGCMG5G72MQ7 HTTP/1.1" 200 64 "-" "Cpanel-HTTP-Client/1.0"
147.93.20.57 - - [04/Feb/2026:10:17:22 +0530] "GET /.well-known/acme-challenge/U0LZZBOKOWJNKE96CE5CW5IZ6HASWKUJ HTTP/1.1" 200 64 "-" "Cpanel-HTTP-Client/1.0"
216.244.66.232 - - [04/Feb/2026:10:25:27 +0530] "GET /robots.txt HTTP/1.1" 200 307 "-" "Mozilla/5.0 (compatible; DotBot/1.2; +https://opensiteexplorer.org/dotbot; help@moz.com)"
44.251.95.73 - - [04/Feb/2026:10:31:40 +0530] "HEAD /readme.html HTTP/1.1" 200 - "-" "Mozilla/5.0 (Macintosh; Intel Mac OS X 10_15_7)"
103.131.71.32 - - [04/Feb/2026:10:33:39 +0530] "GET /robots.txt HTTP/1.1" 200 307 "-" "Mozilla/5.0 (compatible; coccocbot-image/1.0; +http://help.coccoc.com/searchengine)"
34.42.35.20 - - [04/Feb/2026:11:00:06 +0530] "POST /old/wp-admin/setup-config.php?step=2 HTTP/1.1" 500 2647 "-" "Mozilla/5.0 (Linux; Android 5.1.1; SM-J111F) AppleWebKit/537.36 (KHTML, like Gecko) Chrome/73.0.3683.90 Mobile Safari/537.36"
34.42.35.20 - - [04/Feb/2026:11:00:07 +0530] "POST /old/wp-admin/install.php?step=2 HTTP/1.1" 302 - "-" "Mozilla/5.0 (Linux; Android 5.1.1; SM-J111F) AppleWebKit/537.36 (KHTML, like Gecko) Chrome/73.0.3683.90 Mobile Safari/537.36"
34.42.35.20 - - [04/Feb/2026:11:00:08 +0530] "GET /old/wp-admin/setup-config.php HTTP/1.1" 500 2647 "-" "Mozilla/5.0 (Linux; Android 5.1.1; SM-J111F) AppleWebKit/537.36 (KHTML, like Gecko) Chrome/73.0.3683.90 Mobile Safari/537.36"
34.42.35.20 - - [04/Feb/2026:11:00:08 +0530] "GET /old HTTP/1.1" 301 277 "-" "Mozilla/5.0 (Linux; Android 5.1.1; SM-J111F) AppleWebKit/537.36 (KHTML, like Gecko) Chrome/73.0.3683.90 Mobile Safari/537.36"
34.42.35.20 - - [04/Feb/2026:11:00:09 +0530] "GET /old/ HTTP/1.1" 302 - "-" "Mozilla/5.0 (Linux; Android 5.1.1; SM-J111F) AppleWebKit/537.36 (KHTML, like Gecko) Chrome/73.0.3683.90 Mobile Safari/537.36"
34.42.35.20 - - [04/Feb/2026:11:00:09 +0530] "GET /old/wp-admin/setup-config.php HTTP/1.1" 500 2647 "-" "Mozilla/5.0 (Linux; Android 5.1.1; SM-J111F) AppleWebKit/537.36 (KHTML, like Gecko) Chrome/73.0.3683.90 Mobile Safari/537.36"
34.42.35.20 - - [04/Feb/2026:11:00:10 +0530] "GET /old/wp-login.php HTTP/1.1" 302 - "-" "Mozilla/5.0 (Linux; Android 5.1.1; SM-J111F) AppleWebKit/537.36 (KHTML, like Gecko) Chrome/73.0.3683.90 Mobile Safari/537.36"
34.42.35.20 - - [04/Feb/2026:11:00:10 +0530] "GET /old/wp-admin/setup-config.php HTTP/1.1" 500 2647 "-" "Mozilla/5.0 (Linux; Android 5.1.1; SM-J111F) AppleWebKit/537.36 (KHTML, like Gecko) Chrome/73.0.3683.90 Mobile Safari/537.36"
34.42.35.20 - - [04/Feb/2026:11:01:00 +0530] "POST /old/wp-admin/setup-config.php?step=2 HTTP/1.1" 500 2647 "-" "Mozilla/5.0 (Linux; Android 5.1.1; SM-J111F) AppleWebKit/537.36 (KHTML, like Gecko) Chrome/73.0.3683.90 Mobile Safari/537.36"
34.42.35.20 - - [04/Feb/2026:11:01:01 +0530] "POST /old/wp-admin/install.php?step=2 HTTP/1.1" 302 - "-" "Mozilla/5.0 (Linux; Android 5.1.1; SM-J111F) AppleWebKit/537.36 (KHTML, like Gecko) Chrome/73.0.3683.90 Mobile Safari/537.36"
34.42.35.20 - - [04/Feb/2026:11:01:01 +0530] "GET /old/wp-admin/setup-config.php HTTP/1.1" 500 2647 "-" "Mozilla/5.0 (Linux; Android 5.1.1; SM-J111F) AppleWebKit/537.36 (KHTML, like Gecko) Chrome/73.0.3683.90 Mobile Safari/537.36"
34.42.35.20 - - [04/Feb/2026:11:01:02 +0530] "GET /old HTTP/1.1" 301 273 "-" "Mozilla/5.0 (Linux; Android 5.1.1; SM-J111F) AppleWebKit/537.36 (KHTML, like Gecko) Chrome/73.0.3683.90 Mobile Safari/537.36"
34.42.35.20 - - [04/Feb/2026:11:01:02 +0530] "GET /old/ HTTP/1.1" 302 - "-" "Mozilla/5.0 (Linux; Android 5.1.1; SM-J111F) AppleWebKit/537.36 (KHTML, like Gecko) Chrome/73.0.3683.90 Mobile Safari/537.36"
34.42.35.20 - - [04/Feb/2026:11:01:03 +0530] "GET /old/wp-admin/setup-config.php HTTP/1.1" 500 2647 "-" "Mozilla/5.0 (Linux; Android 5.1.1; SM-J111F) AppleWebKit/537.36 (KHTML, like Gecko) Chrome/73.0.3683.90 Mobile Safari/537.36"
34.42.35.20 - - [04/Feb/2026:11:01:03 +0530] "GET /old/wp-login.php HTTP/1.1" 302 - "-" "Mozilla/5.0 (Linux; Android 5.1.1; SM-J111F) AppleWebKit/537.36 (KHTML, like Gecko) Chrome/73.0.3683.90 Mobile Safari/537.36"
34.42.35.20 - - [04/Feb/2026:11:01:04 +0530] "GET /old/wp-admin/setup-config.php HTTP/1.1" 500 2647 "-" "Mozilla/5.0 (Linux; Android 5.1.1; SM-J111F) AppleWebKit/537.36 (KHTML, like Gecko) Chrome/73.0.3683.90 Mobile Safari/537.36"
34.42.35.20 - - [04/Feb/2026:11:08:28 +0530] "POST /old/wp-admin/setup-config.php?step=2 HTTP/1.1" 500 2647 "-" "Mozilla/5.0 (Linux; Android 5.1.1; SM-J111F) AppleWebKit/537.36 (KHTML, like Gecko) Chrome/73.0.3683.90 Mobile Safari/537.36"
34.42.35.20 - - [04/Feb/2026:11:08:28 +0530] "POST /old/wp-admin/install.php?step=2 HTTP/1.1" 302 - "-" "Mozilla/5.0 (Linux; Android 5.1.1; SM-J111F) AppleWebKit/537.36 (KHTML, like Gecko) Chrome/73.0.3683.90 Mobile Safari/537.36"
34.42.35.20 - - [04/Feb/2026:11:08:28 +0530] "GET /old/wp-admin/setup-config.php HTTP/1.1" 500 2647 "-" "Mozilla/5.0 (Linux; Android 5.1.1; SM-J111F) AppleWebKit/537.36 (KHTML, like Gecko) Chrome/73.0.3683.90 Mobile Safari/537.36"
34.42.35.20 - - [04/Feb/2026:11:08:29 +0530] "GET /old HTTP/1.1" 301 278 "-" "Mozilla/5.0 (Linux; Android 5.1.1; SM-J111F) AppleWebKit/537.36 (KHTML, like Gecko) Chrome/73.0.3683.90 Mobile Safari/537.36"
34.42.35.20 - - [04/Feb/2026:11:08:29 +0530] "GET /old/ HTTP/1.1" 302 - "-" "Mozilla/5.0 (Linux; Android 5.1.1; SM-J111F) AppleWebKit/537.36 (KHTML, like Gecko) Chrome/73.0.3683.90 Mobile Safari/537.36"
34.42.35.20 - - [04/Feb/2026:11:08:30 +0530] "GET /old/wp-admin/setup-config.php HTTP/1.1" 500 2647 "-" "Mozilla/5.0 (Linux; Android 5.1.1; SM-J111F) AppleWebKit/537.36 (KHTML, like Gecko) Chrome/73.0.3683.90 Mobile Safari/537.36"
34.42.35.20 - - [04/Feb/2026:11:08:30 +0530] "GET /old/wp-login.php HTTP/1.1" 302 - "-" "Mozilla/5.0 (Linux; Android 5.1.1; SM-J111F) AppleWebKit/537.36 (KHTML, like Gecko) Chrome/73.0.3683.90 Mobile Safari/537.36"
34.42.35.20 - - [04/Feb/2026:11:08:31 +0530] "GET /old/wp-admin/setup-config.php HTTP/1.1" 500 2647 "-" "Mozilla/5.0 (Linux; Android 5.1.1; SM-J111F) AppleWebKit/537.36 (KHTML, like Gecko) Chrome/73.0.3683.90 Mobile Safari/537.36"
216.244.66.232 - - [04/Feb/2026:11:12:05 +0530] "GET /robots.txt HTTP/1.1" 200 307 "-" "Mozilla/5.0 (compatible; DotBot/1.2; +https://opensiteexplorer.org/dotbot; help@moz.com)"
191.115.17.225 - - [04/Feb/2026:11:12:33 +0530] "GET http://rialindia.com/blog-hd-cctv-cameras-in-chandigarh HTTP/1.1" 301 - "http://rialindia.com/" "Mozilla/5.0 (Macintosh; Intel Mac OS X 10_15_7) AppleWebKit/605.1.15 (KHTML, like Gecko) Version/18.3.1 Safari/605.1.15"
34.42.35.20 - - [04/Feb/2026:11:46:49 +0530] "POST /old/wp-admin/setup-config.php?step=2 HTTP/1.1" 500 2647 "-" "Mozilla/5.0 (Linux; Android 5.1.1; SM-J111F) AppleWebKit/537.36 (KHTML, like Gecko) Chrome/73.0.3683.90 Mobile Safari/537.36"
34.42.35.20 - - [04/Feb/2026:11:46:49 +0530] "POST /old/wp-admin/install.php?step=2 HTTP/1.1" 302 - "-" "Mozilla/5.0 (Linux; Android 5.1.1; SM-J111F) AppleWebKit/537.36 (KHTML, like Gecko) Chrome/73.0.3683.90 Mobile Safari/537.36"
34.42.35.20 - - [04/Feb/2026:11:46:49 +0530] "GET /old/wp-admin/setup-config.php HTTP/1.1" 500 2647 "-" "Mozilla/5.0 (Linux; Android 5.1.1; SM-J111F) AppleWebKit/537.36 (KHTML, like Gecko) Chrome/73.0.3683.90 Mobile Safari/537.36"
34.42.35.20 - - [04/Feb/2026:11:46:50 +0530] "GET /old HTTP/1.1" 301 273 "-" "Mozilla/5.0 (Linux; Android 5.1.1; SM-J111F) AppleWebKit/537.36 (KHTML, like Gecko) Chrome/73.0.3683.90 Mobile Safari/537.36"
34.42.35.20 - - [04/Feb/2026:11:46:50 +0530] "GET /old/ HTTP/1.1" 302 - "-" "Mozilla/5.0 (Linux; Android 5.1.1; SM-J111F) AppleWebKit/537.36 (KHTML, like Gecko) Chrome/73.0.3683.90 Mobile Safari/537.36"
34.42.35.20 - - [04/Feb/2026:11:46:51 +0530] "GET /old/wp-admin/setup-config.php HTTP/1.1" 500 2647 "-" "Mozilla/5.0 (Linux; Android 5.1.1; SM-J111F) AppleWebKit/537.36 (KHTML, like Gecko) Chrome/73.0.3683.90 Mobile Safari/537.36"
34.42.35.20 - - [04/Feb/2026:11:46:51 +0530] "GET /old/wp-login.php HTTP/1.1" 302 - "-" "Mozilla/5.0 (Linux; Android 5.1.1; SM-J111F) AppleWebKit/537.36 (KHTML, like Gecko) Chrome/73.0.3683.90 Mobile Safari/537.36"
34.42.35.20 - - [04/Feb/2026:11:46:52 +0530] "GET /old/wp-admin/setup-config.php HTTP/1.1" 500 2647 "-" "Mozilla/5.0 (Linux; Android 5.1.1; SM-J111F) AppleWebKit/537.36 (KHTML, like Gecko) Chrome/73.0.3683.90 Mobile Safari/537.36"
34.42.35.20 - - [04/Feb/2026:12:01:05 +0530] "POST /old/wp-admin/setup-config.php?step=2 HTTP/1.1" 500 2647 "-" "Mozilla/5.0 (Linux; Android 5.1.1; SM-J111F) AppleWebKit/537.36 (KHTML, like Gecko) Chrome/73.0.3683.90 Mobile Safari/537.36"
34.42.35.20 - - [04/Feb/2026:12:01:06 +0530] "POST /old/wp-admin/install.php?step=2 HTTP/1.1" 302 - "-" "Mozilla/5.0 (Linux; Android 5.1.1; SM-J111F) AppleWebKit/537.36 (KHTML, like Gecko) Chrome/73.0.3683.90 Mobile Safari/537.36"
34.42.35.20 - - [04/Feb/2026:12:01:06 +0530] "GET /old/wp-admin/setup-config.php HTTP/1.1" 500 2647 "-" "Mozilla/5.0 (Linux; Android 5.1.1; SM-J111F) AppleWebKit/537.36 (KHTML, like Gecko) Chrome/73.0.3683.90 Mobile Safari/537.36"
34.42.35.20 - - [04/Feb/2026:12:01:07 +0530] "GET /old HTTP/1.1" 301 277 "-" "Mozilla/5.0 (Linux; Android 5.1.1; SM-J111F) AppleWebKit/537.36 (KHTML, like Gecko) Chrome/73.0.3683.90 Mobile Safari/537.36"
34.42.35.20 - - [04/Feb/2026:12:01:07 +0530] "GET /old/ HTTP/1.1" 302 - "-" "Mozilla/5.0 (Linux; Android 5.1.1; SM-J111F) AppleWebKit/537.36 (KHTML, like Gecko) Chrome/73.0.3683.90 Mobile Safari/537.36"
34.42.35.20 - - [04/Feb/2026:12:01:07 +0530] "GET /old/wp-admin/setup-config.php HTTP/1.1" 500 2647 "-" "Mozilla/5.0 (Linux; Android 5.1.1; SM-J111F) AppleWebKit/537.36 (KHTML, like Gecko) Chrome/73.0.3683.90 Mobile Safari/537.36"
34.42.35.20 - - [04/Feb/2026:12:01:08 +0530] "GET /old/wp-login.php HTTP/1.1" 302 - "-" "Mozilla/5.0 (Linux; Android 5.1.1; SM-J111F) AppleWebKit/537.36 (KHTML, like Gecko) Chrome/73.0.3683.90 Mobile Safari/537.36"
34.42.35.20 - - [04/Feb/2026:12:01:08 +0530] "GET /old/wp-admin/setup-config.php HTTP/1.1" 500 2647 "-" "Mozilla/5.0 (Linux; Android 5.1.1; SM-J111F) AppleWebKit/537.36 (KHTML, like Gecko) Chrome/73.0.3683.90 Mobile Safari/537.36"
192.36.109.127 - - [04/Feb/2026:12:07:39 +0530] "GET / HTTP/1.1" 301 - "-" "Mozilla/5.0 (iPhone; CPU iPhone OS 17_1_2 like Mac OS X) AppleWebKit/605.1.15 (KHTML, like Gecko) Version/17.1.2 Mobile/15E148 Safari/604"
216.244.66.232 - - [04/Feb/2026:12:46:15 +0530] "GET /robots.txt HTTP/1.1" 200 307 "-" "Mozilla/5.0 (compatible; DotBot/1.2; +https://opensiteexplorer.org/dotbot; help@moz.com)"
147.93.20.57 - - [04/Feb/2026:13:17:24 +0530] "GET /.well-known/acme-challenge/9D6L_F37NSMDAGW333YSTNTWL22250ZG HTTP/1.1" 200 64 "-" "Cpanel-HTTP-Client/1.0"
147.93.20.57 - - [04/Feb/2026:13:17:24 +0530] "GET /.well-known/acme-challenge/IX7JBPOWW2LI06T12A7GB2-7CFERY7-E HTTP/1.1" 200 64 "-" "Cpanel-HTTP-Client/1.0"
147.93.20.57 - - [04/Feb/2026:13:17:24 +0530] "GET /.well-known/acme-challenge/T1WCTV5PBGLLOUZ7HDM-BAY3T5ILILBW HTTP/1.1" 200 64 "-" "Cpanel-HTTP-Client/1.0"
147.93.20.57 - - [04/Feb/2026:13:17:24 +0530] "GET /.well-known/acme-challenge/H9N-_O649H81113AG2G9-4X9801NHD2P HTTP/1.1" 200 64 "-" "Cpanel-HTTP-Client/1.0"
216.244.66.232 - - [04/Feb/2026:13:33:40 +0530] "GET /robots.txt HTTP/1.1" 200 307 "-" "Mozilla/5.0 (compatible; DotBot/1.2; +https://opensiteexplorer.org/dotbot; help@moz.com)"
110.249.201.246 - - [04/Feb/2026:13:39:54 +0530] "GET /robots.txt HTTP/1.1" 200 307 "-" "Mozilla/5.0 (Linux; Android 5.0) AppleWebKit/537.36 (KHTML, like Gecko) Mobile Safari/537.36 (compatible; Bytespider; https://zhanzhang.toutiao.com/)"
216.244.66.232 - - [04/Feb/2026:15:19:58 +0530] "GET /robots.txt HTTP/1.1" 200 307 "-" "Mozilla/5.0 (compatible; DotBot/1.2; +https://opensiteexplorer.org/dotbot; help@moz.com)"
190.191.77.87 - - [04/Feb/2026:15:31:54 +0530] "GET http://rialindia.com/biometric-accessories HTTP/1.1" 301 - "http://rialindia.com/" "Mozilla/5.0 (Macintosh; Intel Mac OS X 10_15_7) AppleWebKit/537.36 (KHTML, like Gecko) Chrome/135.0.0.0 Safari/537.36"
47.82.11.86 - - [04/Feb/2026:15:34:00 +0530] "GET /blog-hd-cctv-cameras-in-chandigarh HTTP/1.1" 404 132608 "http://rialindia.com/" "Mozilla/5.0 (Windows NT 10.0; Win64; x64) AppleWebKit/537.36 (KHTML, like Gecko) Chrome/135.0.0.0 Safari/537.36"
188.239.37.241 - - [04/Feb/2026:15:35:41 +0530] "GET /robots.txt HTTP/1.1" 200 307 "http://rialindia.com/robots.txt" "Mozilla/5.0 (Windows NT 10.0; Win64; x64) AppleWebKit/537.36 (KHTML, like Gecko) Chrome/116.0.0.0 Safari/537.36"
43.173.174.177 - - [04/Feb/2026:15:49:18 +0530] "GET / HTTP/1.1" 301 - "-" "Mozilla/5.0 (Windows NT 10.0; Win64; x64) AppleWebKit/537.36 (KHTML, like Gecko) Chrome/116.0.0.0 Safari/537.36"
216.244.66.232 - - [04/Feb/2026:16:06:36 +0530] "GET /robots.txt HTTP/1.1" 200 307 "-" "Mozilla/5.0 (compatible; DotBot/1.2; +https://opensiteexplorer.org/dotbot; help@moz.com)"
110.249.202.136 - - [04/Feb/2026:16:10:57 +0530] "GET /robots.txt HTTP/1.1" 200 307 "-" "Mozilla/5.0 (Linux; Android 5.0) AppleWebKit/537.36 (KHTML, like Gecko) Mobile Safari/537.36 (compatible; Bytespider; https://zhanzhang.toutiao.com/)"
147.93.20.57 - - [04/Feb/2026:16:17:20 +0530] "GET /.well-known/acme-challenge/8I-UDPCY-OFAR46BO33ROSIK8V0TEXDI HTTP/1.1" 200 64 "-" "Cpanel-HTTP-Client/1.0"
147.93.20.57 - - [04/Feb/2026:16:17:20 +0530] "GET /.well-known/acme-challenge/ZJ3AR0U56R_ANP6JIMJF_NQ2YCY2GQQ6 HTTP/1.1" 200 64 "-" "Cpanel-HTTP-Client/1.0"
147.93.20.57 - - [04/Feb/2026:16:17:20 +0530] "GET /.well-known/acme-challenge/7S2I57QBNEMQW16PGD5QPKLXEC03BO3U HTTP/1.1" 200 64 "-" "Cpanel-HTTP-Client/1.0"
147.93.20.57 - - [04/Feb/2026:16:17:20 +0530] "GET /.well-known/acme-challenge/-ZEYTIVNRXLR7HWDS_MBZABAXY_A_-WW HTTP/1.1" 200 64 "-" "Cpanel-HTTP-Client/1.0"
40.77.167.235 - - [04/Feb/2026:16:17:59 +0530] "GET /sitemap_index.xml HTTP/1.1" 301 - "-" "Mozilla/5.0 AppleWebKit/537.36 (KHTML, like Gecko; compatible; bingbot/2.0; +http://www.bing.com/bingbot.htm) Chrome/116.0.1938.76 Safari/537.36"
207.46.13.229 - - [04/Feb/2026:16:18:04 +0530] "GET /robots.txt HTTP/1.1" 200 307 "-" "Mozilla/5.0 AppleWebKit/537.36 (KHTML, like Gecko; compatible; bingbot/2.0; +http://www.bing.com/bingbot.htm) Chrome/116.0.1938.76 Safari/537.36"
52.167.144.204 - - [04/Feb/2026:16:18:09 +0530] "GET /sitemap_index.xml HTTP/1.1" 404 132608 "-" "Mozilla/5.0 AppleWebKit/537.36 (KHTML, like Gecko; compatible; bingbot/2.0; +http://www.bing.com/bingbot.htm) Chrome/116.0.1938.76 Safari/537.36"
216.244.66.232 - - [04/Feb/2026:16:54:28 +0530] "GET /robots.txt HTTP/1.1" 200 307 "-" "Mozilla/5.0 (compatible; DotBot/1.2; +https://opensiteexplorer.org/dotbot; help@moz.com)"
216.244.66.232 - - [04/Feb/2026:17:40:57 +0530] "GET /robots.txt HTTP/1.1" 200 307 "-" "Mozilla/5.0 (compatible; DotBot/1.2; +https://opensiteexplorer.org/dotbot; help@moz.com)"
216.244.66.232 - - [04/Feb/2026:18:29:34 +0530] "GET /robots.txt HTTP/1.1" 200 307 "-" "Mozilla/5.0 (compatible; DotBot/1.2; +https://opensiteexplorer.org/dotbot; help@moz.com)"
113.163.38.158 - - [04/Feb/2026:18:44:43 +0530] "GET /product/projactore/ HTTP/1.1" 404 132608 "-" "Mozilla/5.0 (Macintosh; U; Intel Mac OS X 10_6_4; en-US) AppleWebKit/534.1 (KHTML, like Gecko) Chrome/6.0.414.0 Safari/534.1"
69.171.231.2 - - [04/Feb/2026:18:59:00 +0530] "GET /robots.txt HTTP/1.1" 206 307 "-" "facebookexternalhit/1.1 (+http://www.facebook.com/externalhit_uatext.php)"
120.26.127.158 - - [04/Feb/2026:19:14:57 +0530] "GET / HTTP/1.1" 301 - "-" "Mozilla/5.0 (Windows NT 6.1; Win64; x64) AppleWebKit/537.36 (KHTML, like Gecko) Chrome/89.0.4389.90 Safari/537.36 Upgrade-Insecure-Requests: 1"
47.245.56.195 - - [04/Feb/2026:19:15:27 +0530] "GET / HTTP/1.1" 301 - "-" "Mozilla/5.0 (Windows NT 6.1; WOW64) AppleWebKit/537.36 (KHTML, like Gecko) Chrome/49.0.2623.112 Safari/537.36"
47.245.56.195 - - [04/Feb/2026:19:15:38 +0530] "GET /contact-us/ HTTP/1.1" 301 - "-" "Mozilla/5.0 (Windows NT 6.1; WOW64) AppleWebKit/537.36 (KHTML, like Gecko) Chrome/49.0.2623.112 Safari/537.36"
47.245.56.195 - - [04/Feb/2026:19:15:39 +0530] "GET /contact-us/ HTTP/1.1" 200 137225 "-" "Mozilla/5.0 (Windows NT 6.1; WOW64) AppleWebKit/537.36 (KHTML, like Gecko) Chrome/49.0.2623.112 Safari/537.36"
147.93.20.57 - - [04/Feb/2026:19:17:34 +0530] "GET /.well-known/acme-challenge/ZFNT5--_LBNPGL3L2P2CMLY_ZB6VG5PO HTTP/1.1" 200 64 "-" "Cpanel-HTTP-Client/1.0"
147.93.20.57 - - [04/Feb/2026:19:17:34 +0530] "GET /.well-known/acme-challenge/DQP2FJ28MOBMLGI73NDJVIIF9J5BZFOK HTTP/1.1" 200 64 "-" "Cpanel-HTTP-Client/1.0"
147.93.20.57 - - [04/Feb/2026:19:17:34 +0530] "GET /.well-known/acme-challenge/WV0MI9QCPDFZ3NDVV8HJNJ2M54J7GJNL HTTP/1.1" 200 64 "-" "Cpanel-HTTP-Client/1.0"
147.93.20.57 - - [04/Feb/2026:19:17:34 +0530] "GET /.well-known/acme-challenge/0WEXRFEGL-CV-RBOWB5KW9YTY_MT_53X HTTP/1.1" 200 64 "-" "Cpanel-HTTP-Client/1.0"
216.244.66.232 - - [04/Feb/2026:19:19:40 +0530] "GET /robots.txt HTTP/1.1" 200 307 "-" "Mozilla/5.0 (compatible; DotBot/1.2; +https://opensiteexplorer.org/dotbot; help@moz.com)"
201.141.100.133 - - [04/Feb/2026:19:22:37 +0530] "GET http://rialindia.com/private-gps HTTP/1.1" 301 - "http://rialindia.com/" "Mozilla/5.0 (Windows NT 10.0; Win64; x64) AppleWebKit/537.36 (KHTML, like Gecko) Chrome/135.0.0.0 Safari/537.36"
47.82.11.84 - - [04/Feb/2026:19:44:42 +0530] "GET /autogate-accessories HTTP/1.1" 404 132608 "http://rialindia.com/" "Mozilla/5.0 (Macintosh; Intel Mac OS X 10_15_7) AppleWebKit/537.36 (KHTML, like Gecko) Chrome/133.0.0.0 Safari/537.36"
216.244.66.232 - - [04/Feb/2026:20:09:15 +0530] "GET /robots.txt HTTP/1.1" 200 307 "-" "Mozilla/5.0 (compatible; DotBot/1.2; +https://opensiteexplorer.org/dotbot; help@moz.com)"
123.6.49.47 - - [04/Feb/2026:20:15:24 +0530] "GET / HTTP/1.1" 301 - "-" "Mozilla/5.0 (Linux; Android 11; V2055A) AppleWebKit/537.36 (KHTML, like Gecko) Chrome/91.0.4472.101 Mobile Safari/537.36"
216.244.66.232 - - [04/Feb/2026:20:56:51 +0530] "GET /robots.txt HTTP/1.1" 200 307 "-" "Mozilla/5.0 (compatible; DotBot/1.2; +https://opensiteexplorer.org/dotbot; help@moz.com)"
143.137.165.39 - - [04/Feb/2026:21:40:58 +0530] "GET / HTTP/1.1" 301 - "http://rialindia.com" "Mozilla/5.0 (Windows NT 10.0; Win64; x64) AppleWebKit/537.36 (KHTML, like Gecko) Chrome/140.0.0.0 Safari/537.36"
216.244.66.232 - - [04/Feb/2026:21:44:12 +0530] "GET /robots.txt HTTP/1.1" 200 307 "-" "Mozilla/5.0 (compatible; DotBot/1.2; +https://opensiteexplorer.org/dotbot; help@moz.com)"
43.173.180.117 - - [04/Feb/2026:21:57:34 +0530] "GET / HTTP/1.1" 301 - "-" "Mozilla/5.0 (Windows NT 10.0; Win64; x64) AppleWebKit/537.36 (KHTML, like Gecko) Chrome/104.0.5112.81 Safari/537.36"
85.203.45.2 - - [04/Feb/2026:22:12:23 +0530] "POST /xmlrpc.php HTTP/1.1" 200 403 "-" "Mozilla/5.0 (Windows NT 10.0; Win64; x64) AppleWebKit/537.36 (KHTML, like Gecko) Chrome/114.0.0.0 Safari/537.36 Edg/114.0.1264.71"
216.244.66.232 - - [04/Feb/2026:22:34:43 +0530] "GET /robots.txt HTTP/1.1" 200 307 "-" "Mozilla/5.0 (compatible; DotBot/1.2; +https://opensiteexplorer.org/dotbot; help@moz.com)"
216.244.66.232 - - [04/Feb/2026:23:22:49 +0530] "GET /robots.txt HTTP/1.1" 200 307 "-" "Mozilla/5.0 (compatible; DotBot/1.2; +https://opensiteexplorer.org/dotbot; help@moz.com)"
45.133.4.37 - - [05/Feb/2026:00:05:06 +0530] "GET /wp-includes/css/dist/ HTTP/1.1" 200 3743 "-" "Mozilla/5.0 (Windows NT 10.0; Win64; x64) AppleWebKit/537.36 (KHTML, like Gecko) Chrome/75.0.3770.100 Safari/537.36"
45.133.4.37 - - [05/Feb/2026:00:05:06 +0530] "GET /wp-includes/js/dist/ HTTP/1.1" 200 22862 "-" "Mozilla/5.0 (Windows NT 10.0; WOW64; x64) AppleWebKit/537.36 (KHTML, like Gecko) Chrome/84.0.4147.105 Safari/537.36 OPR/70.0.3728.95"
45.133.4.37 - - [05/Feb/2026:00:05:07 +0530] "GET /wp-includes/assets/ HTTP/1.1" 200 2315 "-" "Mozilla/5.0 (Linux x86_64; rv:79.0) Gecko/20100101 Firefox/79.0"
45.133.4.37 - - [05/Feb/2026:00:05:07 +0530] "GET /wp-includes/assets/script-loader-packages.min.php HTTP/1.1" 200 - "-" "Mozilla/5.0 (Windows NT 10.0; Win64; x64) AppleWebKit/537.36 (KHTML, like Gecko) Chrome/75.0.3770.100 Safari/537.36"
45.133.4.37 - - [05/Feb/2026:00:05:07 +0530] "GET /wp-includes/assets/script-loader-packages.php HTTP/1.1" 200 - "-" "Mozilla/5.0 (Windows NT 10.0; Win64; x64) AppleWebKit/537.36 (KHTML, like Gecko) Chrome/74.0.3729.169 Safari/537.36"
45.133.4.37 - - [05/Feb/2026:00:05:08 +0530] "GET /wp-includes/assets/script-loader-react-refresh-entry.min.php HTTP/1.1" 200 - "-" "Mozilla/5.0 (Windows NT 10.0; Win64; x64; rv:66.0) Gecko/20100101 Firefox/66.0"
45.133.4.37 - - [05/Feb/2026:00:05:08 +0530] "GET /wp-includes/assets/script-loader-react-refresh-entry.php HTTP/1.1" 200 - "-" "Mozilla/5.0 (Windows NT 10.0; Win64; x64) AppleWebKit/537.36 (KHTML, like Gecko) Chrome/75.0.3770.100 Safari/537.36"
45.133.4.37 - - [05/Feb/2026:00:05:08 +0530] "GET /wp-includes/assets/script-loader-react-refresh-runtime.min.php HTTP/1.1" 200 - "-" "Mozilla/5.0 (Windows NT 10.0; Win64; x64) AppleWebKit/537.36 (KHTML, like Gecko) Chrome/70.0.3538.77 Safari/537.36"
45.133.4.37 - - [05/Feb/2026:00:05:08 +0530] "GET /wp-includes/assets/script-loader-react-refresh-runtime.php HTTP/1.1" 200 - "-" "Mozilla/5.0 (Macintosh; Intel Mac OS X 10_15_6) AppleWebKit/537.36 (KHTML, like Gecko) Chrome/84.0.4147.105 Safari/537.36 OPR/70.0.3728.95"
45.133.4.37 - - [05/Feb/2026:00:05:09 +0530] "GET /wp-includes/assets/script-modules-packages.min.php HTTP/1.1" 200 - "-" "Mozilla/5.0 (Windows NT 10.0; Win64; x64; rv:79.0) Gecko/20100101 Firefox/79.0"
45.133.4.37 - - [05/Feb/2026:00:05:09 +0530] "GET /wp-includes/assets/script-modules-packages.php HTTP/1.1" 200 - "-" "Mozilla/5.0 (Windows NT 6.1; Win64; x64) AppleWebKit/537.36 (KHTML, like Gecko) Chrome/74.0.3729.169 Safari/537.36"
45.133.4.37 - - [05/Feb/2026:00:05:09 +0530] "GET /wp-includes/sitemaps/ HTTP/1.1" 200 2048 "-" "Mozilla/5.0 (Windows NT 10.0; Win64; x64) AppleWebKit/537.36 (KHTML, like Gecko) Chrome/77.0.3865.90 Safari/537.36"
45.133.4.37 - - [05/Feb/2026:00:05:10 +0530] "GET /wp-includes/sitemaps/class-wp-sitemaps-index.php HTTP/1.1" 200 - "-" "Mozilla/5.0 (Windows NT 10.0; Win64; x64) AppleWebKit/537.36 (KHTML, like Gecko) Chrome/83.0.4103.61 Safari/537.36"
45.133.4.37 - - [05/Feb/2026:00:05:10 +0530] "GET /wp-includes/sitemaps/class-wp-sitemaps-provider.php HTTP/1.1" 200 - "-" "Mozilla/5.0 (Windows NT 10.0; Win64; x64) AppleWebKit/537.36 (KHTML, like Gecko) Chrome/83.0.4103.61 Safari/537.36"
45.133.4.37 - - [05/Feb/2026:00:05:10 +0530] "GET /wp-includes/sitemaps/class-wp-sitemaps-registry.php HTTP/1.1" 200 - "-" "Mozilla/5.0 (Windows NT 6.1; Win64; x64) AppleWebKit/537.36 (KHTML, like Gecko) Chrome/80.0.3987.149 Safari/537.36"
45.133.4.37 - - [05/Feb/2026:00:05:10 +0530] "GET /wp-includes/sitemaps/class-wp-sitemaps-renderer.php HTTP/1.1" 200 - "-" "Mozilla/5.0 (Windows NT 10.0; Win64; x64; rv:67.0) Gecko/20100101 Firefox/67.0"
45.133.4.37 - - [05/Feb/2026:00:05:11 +0530] "GET /wp-includes/sitemaps/class-wp-sitemaps-stylesheet.php HTTP/1.1" 200 - "-" "Mozilla/5.0 (Windows NT 10.0; WOW64) AppleWebKit/537.36 (KHTML, like Gecko) Chrome/72.0.3626.121 Safari/537.36"
45.133.4.37 - - [05/Feb/2026:00:05:11 +0530] "GET /wp-includes/sitemaps/class-wp-sitemaps.php HTTP/1.1" 200 - "-" "Mozilla/5.0 (Windows NT 10.0; Win64; x64) AppleWebKit/537.36 (KHTML, like Gecko) Chrome/81.0.4044.129 Safari/537.36"
45.133.4.37 - - [05/Feb/2026:00:05:11 +0530] "GET /wp-content/plugins/erinyani/ HTTP/1.1" 404 135319 "-" "Mozilla/5.0 (Windows NT 10.0; Win64; x64) AppleWebKit/537.36 (KHTML, like Gecko) Chrome/69.0.3497.100 Safari/537.36"
45.133.4.37 - - [05/Feb/2026:00:05:14 +0530] "GET /wp-includes/l10n/ HTTP/1.1" 200 1678 "-" "Mozilla/5.0 (X11; Linux x86_64) AppleWebKit/537.36 (KHTML, like Gecko) Chrome/84.0.4147.105 Safari/537.36"
45.133.4.37 - - [05/Feb/2026:00:05:14 +0530] "GET /wp-includes/l10n/class-wp-translation-controller.php HTTP/1.1" 200 - "-" "Mozilla/5.0 (compatible; MSIE 10.0; Windows NT 6.1; Trident/6.0)"
45.133.4.37 - - [05/Feb/2026:00:05:15 +0530] "GET /wp-includes/l10n/class-wp-translation-file-mo.php HTTP/1.1" 500 - "-" "Mozilla/5.0 (X11; Linux x86_64) AppleWebKit/537.36 (KHTML, like Gecko) Chrome/84.0.4147.105 Safari/537.36"
45.133.4.43 - - [05/Feb/2026:00:05:15 +0530] "GET /wp-includes/l10n/class-wp-translation-file-php.php HTTP/1.1" 500 - "-" "Mozilla/5.0 (Macintosh; Intel Mac OS X 10_15_6) AppleWebKit/537.36 (KHTML, like Gecko) Chrome/84.0.4147.105 Safari/537.36"
34.106.36.131 - - [05/Feb/2026:00:15:18 +0530] "HEAD /blog/ HTTP/1.1" 301 - "-" "Mozilla/5.0 (Linux; Android 10; vivo 1904) AppleWebKit/537.36 (KHTML, like Gecko) Chrome/117.0.5938.60 Mobile Safari/537.36"
34.106.36.131 - - [05/Feb/2026:00:15:20 +0530] "HEAD / HTTP/1.1" 301 - "-" "Mozilla/5.0 (Linux; Android 12; TECNO CK6n) AppleWebKit/537.36 (KHTML, like Gecko) Chrome/125.0.6422.50 Mobile Safari/537.36"
34.106.36.131 - - [05/Feb/2026:00:15:21 +0530] "HEAD /new/ HTTP/1.1" 200 - "-" "Mozilla/5.0 (X11; Fedora; Linux x86_64; rv:125.0) Gecko/20100101 Firefox/125.0"
34.106.36.131 - - [05/Feb/2026:00:15:21 +0530] "HEAD /wp/ HTTP/1.1" 404 - "-" "Mozilla/5.0 (Linux; U; Android 10; en-US; CPH2015) AppleWebKit/537.36 (KHTML, like Gecko) UCBrowser/13.5.8.1311 Mobile Safari/537.36"
34.106.36.131 - - [05/Feb/2026:00:15:21 +0530] "HEAD /old/ HTTP/1.1" 302 - "-" "Mozilla/5.0 (Windows NT 10.0; Win64; x64) AppleWebKit/537.36 (KHTML, like Gecko) Chrome/126.0.6478.70 Safari/537.36 Vivaldi/6.7.3200.25"
34.106.36.131 - - [05/Feb/2026:00:15:22 +0530] "HEAD /old/wp-admin/setup-config.php HTTP/1.1" 500 - "http://rialindia.com/old/" "Mozilla/5.0 (Windows NT 10.0; Win64; x64) AppleWebKit/537.36 (KHTML, like Gecko) Chrome/126.0.6478.70 Safari/537.36 Vivaldi/6.7.3200.25"
115.45.40.223 - - [05/Feb/2026:00:19:04 +0530] "GET /robots.txt HTTP/1.1" 200 307 "-" "Mozilla/5.0 (Windows NT 10.0; Win64; x64) AppleWebKit/537.36 (KHTML, like Gecko) Chrome/75.0.2677.42 Safari/537.36"
103.131.71.20 - - [05/Feb/2026:00:24:48 +0530] "GET /robots.txt HTTP/1.1" 200 307 "-" "Mozilla/5.0 (compatible; coccocbot-image/1.0; +http://help.coccoc.com/searchengine)"
34.118.0.35 - - [05/Feb/2026:00:46:05 +0530] "GET / HTTP/1.1" 301 - "-" "Mozilla/5.0 (iPhone13,2; U; CPU iPhone OS 14_0 like Mac OS X) AppleWebKit/602.1.50 (KHTML, like Gecko) Version/10.0 Mobile/15E148 Safari/602.1"
167.99.180.165 - - [05/Feb/2026:01:34:27 +0530] "GET / HTTP/1.1" 301 - "-" "Mozilla/5.0 (X11; Linux x86_64; rv:142.0) Gecko/20100101 Firefox/142.0"
167.99.180.165 - - [05/Feb/2026:01:34:28 +0530] "GET /favicon.ico HTTP/1.1" 302 - "http://rialindia.com/" "Mozilla/5.0 (X11; Linux x86_64; rv:142.0) Gecko/20100101 Firefox/142.0"
216.244.66.232 - - [05/Feb/2026:01:43:50 +0530] "GET /robots.txt HTTP/1.1" 200 307 "-" "Mozilla/5.0 (compatible; DotBot/1.2; +https://opensiteexplorer.org/dotbot; help@moz.com)"
45.86.203.83 - - [05/Feb/2026:02:03:48 +0530] "POST /xmlrpc.php HTTP/1.1" 200 403 "-" "Mozilla/5.0 (Windows NT 10.0; Win64; x64) AppleWebKit/537.36 (KHTML, like Gecko) Chrome/122.0.0.0 Safari/537.36"
34.148.167.204 - - [05/Feb/2026:02:15:15 +0530] "HEAD /new/ HTTP/1.1" 200 - "-" "Mozilla/5.0 (Windows NT 11.0; Win64; x64) AppleWebKit/537.36 (KHTML, like Gecko) Edg/128.0.2790.25 Chrome/128.0.6540.22 Safari/537.36"
34.148.167.204 - - [05/Feb/2026:02:15:15 +0530] "HEAD /backup/ HTTP/1.1" 404 - "-" "Mozilla/5.0 (Linux; Android 13; Infinix X688B) AppleWebKit/537.36 (KHTML, like Gecko) Chrome/124.0.6367.48 Mobile Safari/537.36"
34.148.167.204 - - [05/Feb/2026:02:15:16 +0530] "HEAD /wp/ HTTP/1.1" 404 - "-" "Mozilla/5.0 (Linux; Android 10; vivo 1904) AppleWebKit/537.36 (KHTML, like Gecko) Chrome/117.0.5938.60 Mobile Safari/537.36"
34.148.167.204 - - [05/Feb/2026:02:15:16 +0530] "HEAD /old/ HTTP/1.1" 302 - "-" "Mozilla/5.0 (Linux; Android 12; TECNO CK6n) AppleWebKit/537.36 (KHTML, like Gecko) Chrome/125.0.6422.50 Mobile Safari/537.36"
34.148.167.204 - - [05/Feb/2026:02:15:16 +0530] "HEAD /old/wp-admin/setup-config.php HTTP/1.1" 500 - "http://mail.rialindia.com/old/" "Mozilla/5.0 (Linux; Android 12; TECNO CK6n) AppleWebKit/537.36 (KHTML, like Gecko) Chrome/125.0.6422.50 Mobile Safari/537.36"
216.244.66.232 - - [05/Feb/2026:02:29:47 +0530] "GET /robots.txt HTTP/1.1" 200 307 "-" "Mozilla/5.0 (compatible; DotBot/1.2; +https://opensiteexplorer.org/dotbot; help@moz.com)"
47.82.11.25 - - [05/Feb/2026:02:32:54 +0530] "GET /refund_returns HTTP/1.1" 301 - "http://rialindia.com/" "Mozilla/5.0 (Windows NT 10.0; Win64; x64) AppleWebKit/537.36 (KHTML, like Gecko) Chrome/135.0.0.0 Safari/537.36 Edg/135.0.0.0"
47.82.11.25 - - [05/Feb/2026:02:32:54 +0530] "GET /refund_returns/ HTTP/1.1" 200 137911 "http://rialindia.com/" "Mozilla/5.0 (Windows NT 10.0; Win64; x64) AppleWebKit/537.36 (KHTML, like Gecko) Chrome/135.0.0.0 Safari/537.36 Edg/135.0.0.0"
35.194.65.121 - - [05/Feb/2026:02:49:19 +0530] "GET / HTTP/1.1" 301 - "-" "Mozilla/5.0 (Macintosh; Intel Mac OS X 10_15_7) AppleWebKit/605.1.15 (KHTML, like Gecko) Version/15.0 Safari/605.1.15"
190.92.108.195 - - [05/Feb/2026:02:55:03 +0530] "GET http://rialindia.com/blog-cctv-camera-dealers-in-kharar HTTP/1.1" 301 - "http://rialindia.com/" "Mozilla/5.0 (Windows NT 10.0; Win64; x64) AppleWebKit/537.36 (KHTML, like Gecko) Chrome/135.0.0.0 Safari/537.36"
191.116.105.12 - - [05/Feb/2026:03:04:11 +0530] "GET http://rialindia.com/cctv-camera-dealers-in-chandigarh HTTP/1.1" 301 - "http://rialindia.com/" "Mozilla/5.0 (Macintosh; Intel Mac OS X 10_15_7) AppleWebKit/605.1.15 (KHTML, like Gecko) Version/18.3.1 Safari/605.1.15"
43.173.177.195 - - [05/Feb/2026:03:49:44 +0530] "GET / HTTP/1.1" 301 - "-" "Mozilla/5.0 (Windows NT 10.0; Win64; x64) AppleWebKit/537.36 (KHTML, like Gecko) Chrome/117.0.0.0 Safari/537.36"
40.88.21.235 - - [05/Feb/2026:04:49:17 +0530] "GET / HTTP/1.1" 301 - "-" "DuckDuckBot/1.1; (+http://duckduckgo.com/duckduckbot.html)"
216.244.66.232 - - [05/Feb/2026:07:19:16 +0530] "GET /robots.txt HTTP/1.1" 200 307 "-" "Mozilla/5.0 (compatible; DotBot/1.2; +https://opensiteexplorer.org/dotbot; help@moz.com)"
17.246.23.207 - - [05/Feb/2026:07:33:25 +0530] "GET /robots.txt HTTP/1.1" 200 307 "-" "Mozilla/5.0 (Macintosh; Intel Mac OS X 10_15_7) AppleWebKit/605.1.15 (KHTML, like Gecko) Version/17.4 Safari/605.1.15 (Applebot/0.1; +http://www.apple.com/go/applebot)"
17.246.23.207 - - [05/Feb/2026:07:33:25 +0530] "GET /office-equipment/ HTTP/1.1" 404 132608 "-" "Mozilla/5.0 (Macintosh; Intel Mac OS X 10_15_7) AppleWebKit/605.1.15 (KHTML, like Gecko) Version/17.4 Safari/605.1.15 (Applebot/0.1; +http://www.apple.com/go/applebot)"
17.246.23.76 - - [05/Feb/2026:07:37:57 +0530] "GET /wp-content/themes/astra/assets/css/minified/main.min.css?ver=4.4.0 HTTP/1.1" 200 41525 "http://rialindia.com/office-equipment/" "Mozilla/5.0 (Macintosh; Intel Mac OS X 10_15_7) AppleWebKit/605.1.15 (KHTML, like Gecko) Version/17.4 Safari/605.1.15 (Applebot/0.1; +http://www.apple.com/go/applebot)"
17.246.19.10 - - [05/Feb/2026:07:37:59 +0530] "GET /wp-content/themes/astra/style.css?ver=6.8 HTTP/1.1" 200 4562 "http://rialindia.com/office-equipment/" "Mozilla/5.0 (Macintosh; Intel Mac OS X 10_15_7) AppleWebKit/605.1.15 (KHTML, like Gecko) Version/17.4 Safari/605.1.15 (Applebot/0.1; +http://www.apple.com/go/applebot)"
17.246.19.146 - - [05/Feb/2026:07:38:00 +0530] "GET /wp-includes/css/dist/block-library/style.min.css?ver=6.8 HTTP/1.1" 200 116363 "http://rialindia.com/office-equipment/" "Mozilla/5.0 (Macintosh; Intel Mac OS X 10_15_7) AppleWebKit/605.1.15 (KHTML, like Gecko) Version/17.4 Safari/605.1.15 (Applebot/0.1; +http://www.apple.com/go/applebot)"
17.246.23.58 - - [05/Feb/2026:07:38:02 +0530] "GET /wp-content/themes/astra-child-theme/style.css?ver=6.8 HTTP/1.1" 200 310 "http://rialindia.com/office-equipment/" "Mozilla/5.0 (Macintosh; Intel Mac OS X 10_15_7) AppleWebKit/605.1.15 (KHTML, like Gecko) Version/17.4 Safari/605.1.15 (Applebot/0.1; +http://www.apple.com/go/applebot)"
17.246.15.24 - - [05/Feb/2026:07:38:03 +0530] "GET /wp-content/themes/astra/assets/js/minified/frontend.min.js?ver=4.4.0 HTTP/1.1" 200 21115 "http://rialindia.com/office-equipment/" "Mozilla/5.0 (Macintosh; Intel Mac OS X 10_15_7) AppleWebKit/605.1.15 (KHTML, like Gecko) Version/17.4 Safari/605.1.15 (Applebot/0.1; +http://www.apple.com/go/applebot)"
17.246.15.24 - - [05/Feb/2026:07:38:04 +0530] "GET /wp-includes/js/wp-emoji-release.min.js?ver=6.8 HTTP/1.1" 200 19264 "http://rialindia.com/office-equipment/" "Mozilla/5.0 (Macintosh; Intel Mac OS X 10_15_7) AppleWebKit/605.1.15 (KHTML, like Gecko) Version/17.4 Safari/605.1.15 (Applebot/0.1; +http://www.apple.com/go/applebot)"
216.244.66.232 - - [05/Feb/2026:08:03:35 +0530] "GET /robots.txt HTTP/1.1" 200 307 "-" "Mozilla/5.0 (compatible; DotBot/1.2; +https://opensiteexplorer.org/dotbot; help@moz.com)"
216.244.66.232 - - [05/Feb/2026:08:47:45 +0530] "GET /robots.txt HTTP/1.1" 200 307 "-" "Mozilla/5.0 (compatible; DotBot/1.2; +https://opensiteexplorer.org/dotbot; help@moz.com)"
207.46.13.229 - - [05/Feb/2026:09:35:38 +0530] "GET /robots.txt HTTP/1.1" 200 307 "-" "Mozilla/5.0 AppleWebKit/537.36 (KHTML, like Gecko; compatible; bingbot/2.0; +http://www.bing.com/bingbot.htm) Chrome/116.0.1938.76 Safari/537.36"
157.55.39.204 - - [05/Feb/2026:09:35:45 +0530] "GET / HTTP/1.1" 301 - "-" "Mozilla/5.0 AppleWebKit/537.36 (KHTML, like Gecko; compatible; bingbot/2.0; +http://www.bing.com/bingbot.htm) Chrome/116.0.1938.76 Safari/537.36"
103.245.97.220 - - [05/Feb/2026:09:35:50 +0530] "GET http://rialindia.com/blog-cctv-camera-dealers-in-panchkula HTTP/1.1" 301 - "http://rialindia.com/" "Mozilla/5.0 (Windows NT 10.0; Win64; x64) AppleWebKit/537.36 (KHTML, like Gecko) Chrome/135.0.0.0 Safari/537.36 Edg/135.0.0.0"
192.141.244.134 - - [05/Feb/2026:09:38:41 +0530] "GET http://rialindia.com/8-core-security-system HTTP/1.1" 301 - "http://rialindia.com/" "Mozilla/5.0 (Windows NT 10.0; Win64; x64) AppleWebKit/537.36 (KHTML, like Gecko) Chrome/135.0.0.0 Safari/537.36"
114.119.137.211 - - [05/Feb/2026:09:39:15 +0530] "GET /robots.txt HTTP/1.1" 200 307 "-" "Mozilla/5.0 (compatible;PetalBot;+https://webmaster.petalsearch.com/site/petalbot)"
43.173.178.197 - - [05/Feb/2026:09:45:36 +0530] "GET / HTTP/1.1" 301 - "-" "Mozilla/5.0 (Windows NT 10.0; Win64; x64) AppleWebKit/537.36 (KHTML, like Gecko) Chrome/112.0.0.0 Safari/537.36"
216.244.66.232 - - [05/Feb/2026:10:18:37 +0530] "GET /robots.txt HTTP/1.1" 200 307 "-" "Mozilla/5.0 (compatible; DotBot/1.2; +https://opensiteexplorer.org/dotbot; help@moz.com)"
34.70.94.110 - - [05/Feb/2026:10:42:35 +0530] "POST /old/wp-admin/setup-config.php?step=2 HTTP/1.1" 500 2647 "-" "Mozilla/5.0 (Linux; Android 5.1.1; SM-J111F) AppleWebKit/537.36 (KHTML, like Gecko) Chrome/73.0.3683.90 Mobile Safari/537.36"
34.70.94.110 - - [05/Feb/2026:10:42:36 +0530] "POST /old/wp-admin/install.php?step=2 HTTP/1.1" 302 - "-" "Mozilla/5.0 (Linux; Android 5.1.1; SM-J111F) AppleWebKit/537.36 (KHTML, like Gecko) Chrome/73.0.3683.90 Mobile Safari/537.36"
34.70.94.110 - - [05/Feb/2026:10:42:36 +0530] "GET /old/wp-admin/setup-config.php HTTP/1.1" 500 2647 "-" "Mozilla/5.0 (Linux; Android 5.1.1; SM-J111F) AppleWebKit/537.36 (KHTML, like Gecko) Chrome/73.0.3683.90 Mobile Safari/537.36"
34.70.94.110 - - [05/Feb/2026:10:42:37 +0530] "GET /old HTTP/1.1" 301 277 "-" "Mozilla/5.0 (Linux; Android 5.1.1; SM-J111F) AppleWebKit/537.36 (KHTML, like Gecko) Chrome/73.0.3683.90 Mobile Safari/537.36"
34.70.94.110 - - [05/Feb/2026:10:42:37 +0530] "GET /old/ HTTP/1.1" 302 - "-" "Mozilla/5.0 (Linux; Android 5.1.1; SM-J111F) AppleWebKit/537.36 (KHTML, like Gecko) Chrome/73.0.3683.90 Mobile Safari/537.36"
34.70.94.110 - - [05/Feb/2026:10:42:37 +0530] "GET /old/wp-admin/setup-config.php HTTP/1.1" 500 2647 "-" "Mozilla/5.0 (Linux; Android 5.1.1; SM-J111F) AppleWebKit/537.36 (KHTML, like Gecko) Chrome/73.0.3683.90 Mobile Safari/537.36"
34.70.94.110 - - [05/Feb/2026:10:42:38 +0530] "GET /old/wp-login.php HTTP/1.1" 302 - "-" "Mozilla/5.0 (Linux; Android 5.1.1; SM-J111F) AppleWebKit/537.36 (KHTML, like Gecko) Chrome/73.0.3683.90 Mobile Safari/537.36"
34.70.94.110 - - [05/Feb/2026:10:42:38 +0530] "GET /old/wp-admin/setup-config.php HTTP/1.1" 500 2647 "-" "Mozilla/5.0 (Linux; Android 5.1.1; SM-J111F) AppleWebKit/537.36 (KHTML, like Gecko) Chrome/73.0.3683.90 Mobile Safari/537.36"
34.70.94.110 - - [05/Feb/2026:10:44:30 +0530] "POST /old/wp-admin/setup-config.php?step=2 HTTP/1.1" 500 2647 "-" "Mozilla/5.0 (Linux; Android 5.1.1; SM-J111F) AppleWebKit/537.36 (KHTML, like Gecko) Chrome/73.0.3683.90 Mobile Safari/537.36"
34.70.94.110 - - [05/Feb/2026:10:44:31 +0530] "POST /old/wp-admin/install.php?step=2 HTTP/1.1" 302 - "-" "Mozilla/5.0 (Linux; Android 5.1.1; SM-J111F) AppleWebKit/537.36 (KHTML, like Gecko) Chrome/73.0.3683.90 Mobile Safari/537.36"
34.70.94.110 - - [05/Feb/2026:10:44:31 +0530] "GET /old/wp-admin/setup-config.php HTTP/1.1" 500 2647 "-" "Mozilla/5.0 (Linux; Android 5.1.1; SM-J111F) AppleWebKit/537.36 (KHTML, like Gecko) Chrome/73.0.3683.90 Mobile Safari/537.36"
34.70.94.110 - - [05/Feb/2026:10:44:32 +0530] "GET /old HTTP/1.1" 301 273 "-" "Mozilla/5.0 (Linux; Android 5.1.1; SM-J111F) AppleWebKit/537.36 (KHTML, like Gecko) Chrome/73.0.3683.90 Mobile Safari/537.36"
34.70.94.110 - - [05/Feb/2026:10:44:32 +0530] "GET /old/ HTTP/1.1" 302 - "-" "Mozilla/5.0 (Linux; Android 5.1.1; SM-J111F) AppleWebKit/537.36 (KHTML, like Gecko) Chrome/73.0.3683.90 Mobile Safari/537.36"
34.70.94.110 - - [05/Feb/2026:10:44:32 +0530] "GET /old/wp-admin/setup-config.php HTTP/1.1" 500 2647 "-" "Mozilla/5.0 (Linux; Android 5.1.1; SM-J111F) AppleWebKit/537.36 (KHTML, like Gecko) Chrome/73.0.3683.90 Mobile Safari/537.36"
34.70.94.110 - - [05/Feb/2026:10:44:33 +0530] "GET /old/wp-login.php HTTP/1.1" 302 - "-" "Mozilla/5.0 (Linux; Android 5.1.1; SM-J111F) AppleWebKit/537.36 (KHTML, like Gecko) Chrome/73.0.3683.90 Mobile Safari/537.36"
34.70.94.110 - - [05/Feb/2026:10:44:33 +0530] "GET /old/wp-admin/setup-config.php HTTP/1.1" 500 2647 "-" "Mozilla/5.0 (Linux; Android 5.1.1; SM-J111F) AppleWebKit/537.36 (KHTML, like Gecko) Chrome/73.0.3683.90 Mobile Safari/537.36"
34.70.94.110 - - [05/Feb/2026:10:46:22 +0530] "POST /old/wp-admin/setup-config.php?step=2 HTTP/1.1" 500 2647 "-" "Mozilla/5.0 (Linux; Android 5.1.1; SM-J111F) AppleWebKit/537.36 (KHTML, like Gecko) Chrome/73.0.3683.90 Mobile Safari/537.36"
34.70.94.110 - - [05/Feb/2026:10:46:24 +0530] "POST /old/wp-admin/install.php?step=2 HTTP/1.1" 302 - "-" "Mozilla/5.0 (Linux; Android 5.1.1; SM-J111F) AppleWebKit/537.36 (KHTML, like Gecko) Chrome/73.0.3683.90 Mobile Safari/537.36"
34.70.94.110 - - [05/Feb/2026:10:46:24 +0530] "GET /old/wp-admin/setup-config.php HTTP/1.1" 500 2647 "-" "Mozilla/5.0 (Linux; Android 5.1.1; SM-J111F) AppleWebKit/537.36 (KHTML, like Gecko) Chrome/73.0.3683.90 Mobile Safari/537.36"
34.70.94.110 - - [05/Feb/2026:10:46:25 +0530] "GET /old HTTP/1.1" 301 278 "-" "Mozilla/5.0 (Linux; Android 5.1.1; SM-J111F) AppleWebKit/537.36 (KHTML, like Gecko) Chrome/73.0.3683.90 Mobile Safari/537.36"
34.70.94.110 - - [05/Feb/2026:10:46:25 +0530] "GET /old/ HTTP/1.1" 302 - "-" "Mozilla/5.0 (Linux; Android 5.1.1; SM-J111F) AppleWebKit/537.36 (KHTML, like Gecko) Chrome/73.0.3683.90 Mobile Safari/537.36"
34.70.94.110 - - [05/Feb/2026:10:46:25 +0530] "GET /old/wp-admin/setup-config.php HTTP/1.1" 500 2647 "-" "Mozilla/5.0 (Linux; Android 5.1.1; SM-J111F) AppleWebKit/537.36 (KHTML, like Gecko) Chrome/73.0.3683.90 Mobile Safari/537.36"
34.70.94.110 - - [05/Feb/2026:10:46:26 +0530] "GET /old/wp-login.php HTTP/1.1" 302 - "-" "Mozilla/5.0 (Linux; Android 5.1.1; SM-J111F) AppleWebKit/537.36 (KHTML, like Gecko) Chrome/73.0.3683.90 Mobile Safari/537.36"
34.70.94.110 - - [05/Feb/2026:10:46:26 +0530] "GET /old/wp-admin/setup-config.php HTTP/1.1" 500 2647 "-" "Mozilla/5.0 (Linux; Android 5.1.1; SM-J111F) AppleWebKit/537.36 (KHTML, like Gecko) Chrome/73.0.3683.90 Mobile Safari/537.36"
34.70.94.110 - - [05/Feb/2026:10:59:09 +0530] "POST /old/wp-admin/setup-config.php?step=2 HTTP/1.1" 500 2647 "-" "Mozilla/5.0 (Linux; Android 5.1.1; SM-J111F) AppleWebKit/537.36 (KHTML, like Gecko) Chrome/73.0.3683.90 Mobile Safari/537.36"
34.70.94.110 - - [05/Feb/2026:10:59:09 +0530] "POST /old/wp-admin/install.php?step=2 HTTP/1.1" 302 - "-" "Mozilla/5.0 (Linux; Android 5.1.1; SM-J111F) AppleWebKit/537.36 (KHTML, like Gecko) Chrome/73.0.3683.90 Mobile Safari/537.36"
34.70.94.110 - - [05/Feb/2026:10:59:10 +0530] "GET /old/wp-admin/setup-config.php HTTP/1.1" 500 2647 "-" "Mozilla/5.0 (Linux; Android 5.1.1; SM-J111F) AppleWebKit/537.36 (KHTML, like Gecko) Chrome/73.0.3683.90 Mobile Safari/537.36"
34.70.94.110 - - [05/Feb/2026:10:59:10 +0530] "GET /old HTTP/1.1" 301 273 "-" "Mozilla/5.0 (Linux; Android 5.1.1; SM-J111F) AppleWebKit/537.36 (KHTML, like Gecko) Chrome/73.0.3683.90 Mobile Safari/537.36"
34.70.94.110 - - [05/Feb/2026:10:59:11 +0530] "GET /old/ HTTP/1.1" 302 - "-" "Mozilla/5.0 (Linux; Android 5.1.1; SM-J111F) AppleWebKit/537.36 (KHTML, like Gecko) Chrome/73.0.3683.90 Mobile Safari/537.36"
34.70.94.110 - - [05/Feb/2026:10:59:11 +0530] "GET /old/wp-admin/setup-config.php HTTP/1.1" 500 2647 "-" "Mozilla/5.0 (Linux; Android 5.1.1; SM-J111F) AppleWebKit/537.36 (KHTML, like Gecko) Chrome/73.0.3683.90 Mobile Safari/537.36"
34.70.94.110 - - [05/Feb/2026:10:59:11 +0530] "GET /old/wp-login.php HTTP/1.1" 302 - "-" "Mozilla/5.0 (Linux; Android 5.1.1; SM-J111F) AppleWebKit/537.36 (KHTML, like Gecko) Chrome/73.0.3683.90 Mobile Safari/537.36"
34.70.94.110 - - [05/Feb/2026:10:59:12 +0530] "GET /old/wp-admin/setup-config.php HTTP/1.1" 500 2647 "-" "Mozilla/5.0 (Linux; Android 5.1.1; SM-J111F) AppleWebKit/537.36 (KHTML, like Gecko) Chrome/73.0.3683.90 Mobile Safari/537.36"
34.70.94.110 - - [05/Feb/2026:11:11:01 +0530] "POST /old/wp-admin/setup-config.php?step=2 HTTP/1.1" 500 2647 "-" "Mozilla/5.0 (Linux; Android 5.1.1; SM-J111F) AppleWebKit/537.36 (KHTML, like Gecko) Chrome/73.0.3683.90 Mobile Safari/537.36"
34.70.94.110 - - [05/Feb/2026:11:11:02 +0530] "POST /old/wp-admin/install.php?step=2 HTTP/1.1" 302 - "-" "Mozilla/5.0 (Linux; Android 5.1.1; SM-J111F) AppleWebKit/537.36 (KHTML, like Gecko) Chrome/73.0.3683.90 Mobile Safari/537.36"
34.70.94.110 - - [05/Feb/2026:11:11:02 +0530] "GET /old/wp-admin/setup-config.php HTTP/1.1" 500 2647 "-" "Mozilla/5.0 (Linux; Android 5.1.1; SM-J111F) AppleWebKit/537.36 (KHTML, like Gecko) Chrome/73.0.3683.90 Mobile Safari/537.36"
34.70.94.110 - - [05/Feb/2026:11:11:03 +0530] "GET /old HTTP/1.1" 301 278 "-" "Mozilla/5.0 (Linux; Android 5.1.1; SM-J111F) AppleWebKit/537.36 (KHTML, like Gecko) Chrome/73.0.3683.90 Mobile Safari/537.36"
34.70.94.110 - - [05/Feb/2026:11:11:03 +0530] "GET /old/ HTTP/1.1" 302 - "-" "Mozilla/5.0 (Linux; Android 5.1.1; SM-J111F) AppleWebKit/537.36 (KHTML, like Gecko) Chrome/73.0.3683.90 Mobile Safari/537.36"
34.70.94.110 - - [05/Feb/2026:11:11:04 +0530] "GET /old/wp-admin/setup-config.php HTTP/1.1" 500 2647 "-" "Mozilla/5.0 (Linux; Android 5.1.1; SM-J111F) AppleWebKit/537.36 (KHTML, like Gecko) Chrome/73.0.3683.90 Mobile Safari/537.36"
34.70.94.110 - - [05/Feb/2026:11:11:04 +0530] "GET /old/wp-login.php HTTP/1.1" 302 - "-" "Mozilla/5.0 (Linux; Android 5.1.1; SM-J111F) AppleWebKit/537.36 (KHTML, like Gecko) Chrome/73.0.3683.90 Mobile Safari/537.36"
34.70.94.110 - - [05/Feb/2026:11:11:05 +0530] "GET /old/wp-admin/setup-config.php HTTP/1.1" 500 2647 "-" "Mozilla/5.0 (Linux; Android 5.1.1; SM-J111F) AppleWebKit/537.36 (KHTML, like Gecko) Chrome/73.0.3683.90 Mobile Safari/537.36"
34.70.94.110 - - [05/Feb/2026:11:36:00 +0530] "POST /old/wp-admin/setup-config.php?step=2 HTTP/1.1" 500 2647 "-" "Mozilla/5.0 (Linux; Android 5.1.1; SM-J111F) AppleWebKit/537.36 (KHTML, like Gecko) Chrome/73.0.3683.90 Mobile Safari/537.36"
34.70.94.110 - - [05/Feb/2026:11:36:01 +0530] "POST /old/wp-admin/install.php?step=2 HTTP/1.1" 302 - "-" "Mozilla/5.0 (Linux; Android 5.1.1; SM-J111F) AppleWebKit/537.36 (KHTML, like Gecko) Chrome/73.0.3683.90 Mobile Safari/537.36"
34.70.94.110 - - [05/Feb/2026:11:36:02 +0530] "GET /old/wp-admin/setup-config.php HTTP/1.1" 500 2647 "-" "Mozilla/5.0 (Linux; Android 5.1.1; SM-J111F) AppleWebKit/537.36 (KHTML, like Gecko) Chrome/73.0.3683.90 Mobile Safari/537.36"
34.70.94.110 - - [05/Feb/2026:11:36:03 +0530] "GET /old HTTP/1.1" 301 277 "-" "Mozilla/5.0 (Linux; Android 5.1.1; SM-J111F) AppleWebKit/537.36 (KHTML, like Gecko) Chrome/73.0.3683.90 Mobile Safari/537.36"
34.70.94.110 - - [05/Feb/2026:11:36:03 +0530] "GET /old/ HTTP/1.1" 302 - "-" "Mozilla/5.0 (Linux; Android 5.1.1; SM-J111F) AppleWebKit/537.36 (KHTML, like Gecko) Chrome/73.0.3683.90 Mobile Safari/537.36"
34.70.94.110 - - [05/Feb/2026:11:36:03 +0530] "GET /old/wp-admin/setup-config.php HTTP/1.1" 500 2647 "-" "Mozilla/5.0 (Linux; Android 5.1.1; SM-J111F) AppleWebKit/537.36 (KHTML, like Gecko) Chrome/73.0.3683.90 Mobile Safari/537.36"
34.70.94.110 - - [05/Feb/2026:11:36:04 +0530] "GET /old/wp-login.php HTTP/1.1" 302 - "-" "Mozilla/5.0 (Linux; Android 5.1.1; SM-J111F) AppleWebKit/537.36 (KHTML, like Gecko) Chrome/73.0.3683.90 Mobile Safari/537.36"
34.70.94.110 - - [05/Feb/2026:11:36:04 +0530] "GET /old/wp-admin/setup-config.php HTTP/1.1" 500 2647 "-" "Mozilla/5.0 (Linux; Android 5.1.1; SM-J111F) AppleWebKit/537.36 (KHTML, like Gecko) Chrome/73.0.3683.90 Mobile Safari/537.36"
34.70.94.110 - - [05/Feb/2026:11:44:08 +0530] "POST /old/wp-admin/setup-config.php?step=2 HTTP/1.1" 500 2647 "-" "Mozilla/5.0 (Linux; Android 5.1.1; SM-J111F) AppleWebKit/537.36 (KHTML, like Gecko) Chrome/73.0.3683.90 Mobile Safari/537.36"
34.70.94.110 - - [05/Feb/2026:11:44:09 +0530] "POST /old/wp-admin/install.php?step=2 HTTP/1.1" 302 - "-" "Mozilla/5.0 (Linux; Android 5.1.1; SM-J111F) AppleWebKit/537.36 (KHTML, like Gecko) Chrome/73.0.3683.90 Mobile Safari/537.36"
34.70.94.110 - - [05/Feb/2026:11:44:09 +0530] "GET /old/wp-admin/setup-config.php HTTP/1.1" 500 2647 "-" "Mozilla/5.0 (Linux; Android 5.1.1; SM-J111F) AppleWebKit/537.36 (KHTML, like Gecko) Chrome/73.0.3683.90 Mobile Safari/537.36"
34.70.94.110 - - [05/Feb/2026:11:44:10 +0530] "GET /old HTTP/1.1" 301 273 "-" "Mozilla/5.0 (Linux; Android 5.1.1; SM-J111F) AppleWebKit/537.36 (KHTML, like Gecko) Chrome/73.0.3683.90 Mobile Safari/537.36"
34.70.94.110 - - [05/Feb/2026:11:44:10 +0530] "GET /old/ HTTP/1.1" 302 - "-" "Mozilla/5.0 (Linux; Android 5.1.1; SM-J111F) AppleWebKit/537.36 (KHTML, like Gecko) Chrome/73.0.3683.90 Mobile Safari/537.36"
34.70.94.110 - - [05/Feb/2026:11:44:11 +0530] "GET /old/wp-admin/setup-config.php HTTP/1.1" 500 2647 "-" "Mozilla/5.0 (Linux; Android 5.1.1; SM-J111F) AppleWebKit/537.36 (KHTML, like Gecko) Chrome/73.0.3683.90 Mobile Safari/537.36"
34.70.94.110 - - [05/Feb/2026:11:44:11 +0530] "GET /old/wp-login.php HTTP/1.1" 302 - "-" "Mozilla/5.0 (Linux; Android 5.1.1; SM-J111F) AppleWebKit/537.36 (KHTML, like Gecko) Chrome/73.0.3683.90 Mobile Safari/537.36"
34.70.94.110 - - [05/Feb/2026:11:44:12 +0530] "GET /old/wp-admin/setup-config.php HTTP/1.1" 500 2647 "-" "Mozilla/5.0 (Linux; Android 5.1.1; SM-J111F) AppleWebKit/537.36 (KHTML, like Gecko) Chrome/73.0.3683.90 Mobile Safari/537.36"
216.244.66.232 - - [05/Feb/2026:11:48:03 +0530] "GET /robots.txt HTTP/1.1" 200 307 "-" "Mozilla/5.0 (compatible; DotBot/1.2; +https://opensiteexplorer.org/dotbot; help@moz.com)"
158.23.176.96 - - [05/Feb/2026:11:48:22 +0530] "GET //wp-content/plugins/fix/up.php HTTP/1.1" 301 - "-" "Mozilla/5.0 (Windows NT 10.0; Win64; x64) AppleWebKit/537.36 (KHTML, like Gecko) Chrome/85.0.4183.102 Safari/537.36"
158.23.176.96 - - [05/Feb/2026:11:48:23 +0530] "GET /wp-content/plugins/fix/up.php HTTP/1.1" 404 135319 "-" "Mozilla/5.0 (Windows NT 10.0; Win64; x64) AppleWebKit/537.36 (KHTML, like Gecko) Chrome/85.0.4183.102 Safari/537.36"
34.70.94.110 - - [05/Feb/2026:11:59:07 +0530] "POST /old/wp-admin/setup-config.php?step=2 HTTP/1.1" 500 2647 "-" "Mozilla/5.0 (Linux; Android 5.1.1; SM-J111F) AppleWebKit/537.36 (KHTML, like Gecko) Chrome/73.0.3683.90 Mobile Safari/537.36"
34.70.94.110 - - [05/Feb/2026:11:59:08 +0530] "POST /old/wp-admin/install.php?step=2 HTTP/1.1" 302 - "-" "Mozilla/5.0 (Linux; Android 5.1.1; SM-J111F) AppleWebKit/537.36 (KHTML, like Gecko) Chrome/73.0.3683.90 Mobile Safari/537.36"
34.70.94.110 - - [05/Feb/2026:11:59:08 +0530] "GET /old/wp-admin/setup-config.php HTTP/1.1" 500 2647 "-" "Mozilla/5.0 (Linux; Android 5.1.1; SM-J111F) AppleWebKit/537.36 (KHTML, like Gecko) Chrome/73.0.3683.90 Mobile Safari/537.36"
34.70.94.110 - - [05/Feb/2026:11:59:09 +0530] "GET /old HTTP/1.1" 301 277 "-" "Mozilla/5.0 (Linux; Android 5.1.1; SM-J111F) AppleWebKit/537.36 (KHTML, like Gecko) Chrome/73.0.3683.90 Mobile Safari/537.36"
